{"id":971,"date":"2025-06-26T14:16:06","date_gmt":"2025-06-26T12:16:06","guid":{"rendered":"https:\/\/hoyre.no\/troms\/?page_id=971"},"modified":"2025-08-25T12:40:17","modified_gmt":"2025-08-25T10:40:17","slug":"vare-stortingskandidater","status":"publish","type":"page","link":"https:\/\/hoyre.no\/troms\/vare-stortingskandidater\/","title":{"rendered":"V\u00e5re stortingskandidater"},"content":{"rendered":"\n<div class=\"wp-block-hoyre-hero with-image-gradient text-color-light  has-media alignfull has-background\"><div class=\"hoyre-hero has-image\"><h1 class=\"title\">V\u00e5re folk<\/h1><p class=\"preamble\">Bli kjent med Troms H\u00f8yres stortingskandidater <\/p>\t\t\t<div class=\"post-meta wp-block teft-byline-wrapper\">\n\t\t\t\t<div class=\"top\">\n\t\t\t\t\t<div class=\"signature\">\n\t\t\t\t\t\t<div class=\"teft-byline\">\n\t\t\t\t\t\t\t\t\t\t\t\t\t\t<div>\n\t\t\t\t\t\t\t\t<h3>H\u00f8yres redaksjon<\/h3>\t\t\t\t\t\t\t\t\n\t\t\t\t\t\t\t\t\t\t\t\t\t\t\t\t\t<span class=\"date\">Sist oppdatert: 25. august 2025<\/span>\n\t\t\t\t\t\t\t\t\t\t\t\t\t\t\t\t\t\t\t\t\t\t\t\t\t<span class=\"reading-time\" itemprop=\"timeRequired\" content=\"PT3M\"><em>Ca. 3 minutter lesetid<\/em><\/span>\n\t\t\t\t\t\t\t\t\t\t\t\t\t\t\t<\/div>\n\t\t\t\t\t\t<\/div>\n\t\t\t\t\t<\/div>\n\t\t\t\t\t\t<div class=\"sharing\">\n\t\t<a class=\"share-button share-link copy-link\" data-copy=\"https:\/\/hoyre.no\/troms\/vare-stortingskandidater\/\" target=\"_blank\"><span class=\"screen-reader-text\">Del link<\/span><\/a>\n\t\t<a class=\"share-button share-twitter\" href=\"http:\/\/twitter.com\/share?text=V\u00e5re stortingskandidater&#038;url=https:\/\/hoyre.no\/troms\/vare-stortingskandidater\/&#038;hashtags=Hoyre\" target=\"_blank\"><span class=\"screen-reader-text\">Del p\u00e5 twitter<\/span><\/a>\n\t\t<a class=\"share-button share-facebook\" href=\"https:\/\/www.facebook.com\/sharer\/sharer.php?u=https:\/\/hoyre.no\/troms\/vare-stortingskandidater\/\" target=\"_blank\"><span class=\"screen-reader-text\">Del p\u00e5 facebook<\/span><\/a>\n\t<\/div>\n\t\t\t\t\t<\/div>\n\t\t\t<\/div>\n\n\t\t\t<figure class=\"hoyre-image-wrapper\"><div class=\"hoyre-image\"><img loading=\"lazy\" decoding=\"async\" width=\"840\" height=\"450\" src=\"https:\/\/hoyre.no\/content\/uploads\/sites\/430\/2024\/09\/stortingsbygningen_sommer_840x450_foto_stortinget.jpg\" class=\"attachment-scaled size-scaled\" alt=\"\" style=\"object-position: 50% 50%\" srcset=\"https:\/\/hoyre.no\/content\/uploads\/sites\/430\/2024\/09\/stortingsbygningen_sommer_840x450_foto_stortinget.jpg 840w, https:\/\/hoyre.no\/content\/uploads\/sites\/430\/2024\/09\/stortingsbygningen_sommer_840x450_foto_stortinget-300x161.jpg 300w, https:\/\/hoyre.no\/content\/uploads\/sites\/430\/2024\/09\/stortingsbygningen_sommer_840x450_foto_stortinget-768x411.jpg 768w\" sizes=\"auto, (max-width: 840px) 100vw, 840px\" \/><\/div><\/figure><\/div><\/div>\n\n\n\n\n<p><\/p>\n\n\n\n\n<div class=\"wp-block-hoyre-banner alignwide undefined  is-style-blue\"><div class=\"banner-inner\"><figure class=\"hoyre-image-wrapper\"><div class=\"hoyre-image\"><img loading=\"lazy\" decoding=\"async\" width=\"1170\" height=\"720\" src=\"https:\/\/hoyre.no\/content\/uploads\/sites\/430\/2024\/09\/Erlend-pa-tur-e1750939558990.jpeg\" class=\"attachment-scaled size-scaled\" alt=\"\" style=\"object-position: 50% 50%\" srcset=\"https:\/\/hoyre.no\/content\/uploads\/sites\/430\/2024\/09\/Erlend-pa-tur-e1750939558990.jpeg 1170w, https:\/\/hoyre.no\/content\/uploads\/sites\/430\/2024\/09\/Erlend-pa-tur-e1750939558990-300x185.jpeg 300w, https:\/\/hoyre.no\/content\/uploads\/sites\/430\/2024\/09\/Erlend-pa-tur-e1750939558990-1024x630.jpeg 1024w, https:\/\/hoyre.no\/content\/uploads\/sites\/430\/2024\/09\/Erlend-pa-tur-e1750939558990-768x473.jpeg 768w\" sizes=\"auto, (max-width: 1170px) 100vw, 1170px\" \/><\/div><\/figure><div class=\"banner-content\"><div class=\"entry-content\">\n<h4 class=\"wp-block-heading\">1.-KANDIDAT<\/h4>\n\n\n\n<h2 class=\"wp-block-heading\">Erlend Svardal B\u00f8e<\/h2>\n\n\n\n<p>Er reiseglad, har masse energi og et stort hjerte for hele Troms. <\/p>\n\n\n\n<p><a href=\"https:\/\/hoyre.no\/troms\/aktuelt\/1-erlend-svardal-boe\/\">Les mer om Erlend her<\/a><\/p>\n\n\n\n<div class=\"wp-block-buttons is-layout-flex wp-block-buttons-is-layout-flex\"><\/div>\n<\/div><\/div><\/div><\/div>\n\n\n\n<div class=\"wp-block-hoyre-banner alignwide undefined  is-style-blue\"><div class=\"banner-inner\"><figure class=\"hoyre-image-wrapper\"><div class=\"hoyre-image\"><img loading=\"lazy\" decoding=\"async\" width=\"1650\" height=\"1620\" src=\"https:\/\/hoyre.no\/content\/uploads\/sites\/430\/2025\/06\/Nina-bla-tskjorte-scaled-e1750940115859.jpg\" class=\"attachment-scaled size-scaled\" alt=\"\" style=\"object-position: 50% 50%\" srcset=\"https:\/\/hoyre.no\/content\/uploads\/sites\/430\/2025\/06\/Nina-bla-tskjorte-scaled-e1750940115859.jpg 1650w, https:\/\/hoyre.no\/content\/uploads\/sites\/430\/2025\/06\/Nina-bla-tskjorte-scaled-e1750940115859-300x295.jpg 300w, https:\/\/hoyre.no\/content\/uploads\/sites\/430\/2025\/06\/Nina-bla-tskjorte-scaled-e1750940115859-768x754.jpg 768w, https:\/\/hoyre.no\/content\/uploads\/sites\/430\/2025\/06\/Nina-bla-tskjorte-scaled-e1750940115859-1024x1005.jpg 1024w, https:\/\/hoyre.no\/content\/uploads\/sites\/430\/2025\/06\/Nina-bla-tskjorte-scaled-e1750940115859-1536x1508.jpg 1536w\" sizes=\"auto, (max-width: 1650px) 100vw, 1650px\" \/><\/div><\/figure><div class=\"banner-content\"><div class=\"entry-content\">\n<h4 class=\"wp-block-heading\">2.-KANDIDAT<\/h4>\n\n\n\n<h2 class=\"wp-block-heading\">Nina Dons-Hansen<\/h2>\n\n\n\n<p>Politikk og samfunnsutvikling er en lidenskap for henne.<\/p>\n\n\n\n<p><a href=\"https:\/\/hoyre.no\/troms\/aktuelt\/2-kandidat-nina-dons-hansen\/\">Les mer om Nina her<\/a><\/p>\n<\/div><\/div><\/div><\/div>\n\n\n\n<div class=\"wp-block-hoyre-banner alignwide undefined  is-style-blue\"><div class=\"banner-inner\"><figure class=\"hoyre-image-wrapper\"><div class=\"hoyre-image\"><img loading=\"lazy\" decoding=\"async\" width=\"1580\" height=\"1380\" src=\"https:\/\/hoyre.no\/content\/uploads\/sites\/430\/2025\/06\/Martin-IMG_1434-1-scaled-e1750941685177.jpeg\" class=\"attachment-scaled size-scaled\" alt=\"\" style=\"object-position: 50% 50%\" srcset=\"https:\/\/hoyre.no\/content\/uploads\/sites\/430\/2025\/06\/Martin-IMG_1434-1-scaled-e1750941685177.jpeg 1580w, https:\/\/hoyre.no\/content\/uploads\/sites\/430\/2025\/06\/Martin-IMG_1434-1-scaled-e1750941685177-300x262.jpeg 300w, https:\/\/hoyre.no\/content\/uploads\/sites\/430\/2025\/06\/Martin-IMG_1434-1-scaled-e1750941685177-1024x894.jpeg 1024w, https:\/\/hoyre.no\/content\/uploads\/sites\/430\/2025\/06\/Martin-IMG_1434-1-scaled-e1750941685177-768x671.jpeg 768w, https:\/\/hoyre.no\/content\/uploads\/sites\/430\/2025\/06\/Martin-IMG_1434-1-scaled-e1750941685177-1536x1342.jpeg 1536w\" sizes=\"auto, (max-width: 1580px) 100vw, 1580px\" \/><\/div><\/figure><div class=\"banner-content\"><div class=\"entry-content\">\n<h4 class=\"wp-block-heading\">3.-KANDIDAT<\/h4>\n\n\n\n<h2 class=\"wp-block-heading\">Martin Nymo<\/h2>\n\n\n\n<p>\u00d8nsker \u00e5 v\u00e6re et positivt ja- menneske og samtidig minimere byr\u00e5kratiet<\/p>\n\n\n\n<p><a href=\"https:\/\/hoyre.no\/troms\/aktuelt\/3-kandidat-martin-nymo\/\">Les mer om Martin her<\/a><\/p>\n<\/div><\/div><\/div><\/div>\n\n\n\n<div class=\"wp-block-hoyre-banner alignwide undefined  is-style-blue\"><div class=\"banner-inner\"><figure class=\"hoyre-image-wrapper\"><div class=\"hoyre-image\"><img loading=\"lazy\" decoding=\"async\" width=\"1595\" height=\"1293\" src=\"https:\/\/hoyre.no\/content\/uploads\/sites\/430\/2025\/03\/Cecilie.jpg\" class=\"attachment-scaled size-scaled\" alt=\"\" style=\"object-position: 50% 50%\" srcset=\"https:\/\/hoyre.no\/content\/uploads\/sites\/430\/2025\/03\/Cecilie.jpg 1595w, https:\/\/hoyre.no\/content\/uploads\/sites\/430\/2025\/03\/Cecilie-300x243.jpg 300w, https:\/\/hoyre.no\/content\/uploads\/sites\/430\/2025\/03\/Cecilie-1024x830.jpg 1024w, https:\/\/hoyre.no\/content\/uploads\/sites\/430\/2025\/03\/Cecilie-768x623.jpg 768w, https:\/\/hoyre.no\/content\/uploads\/sites\/430\/2025\/03\/Cecilie-1536x1245.jpg 1536w\" sizes=\"auto, (max-width: 1595px) 100vw, 1595px\" \/><\/div><\/figure><div class=\"banner-content\"><div class=\"entry-content\">\n<h2 class=\"wp-block-heading\">4. kandidat Cecilie Mathisen<\/h2>\n\n\n\n<p>Har et brennende engasjement for kompetanse- og n\u00e6ringsutvikling<\/p>\n\n\n\n<p><a href=\"https:\/\/hoyre.no\/troms\/aktuelt\/4-kandidat-cecilie-mathisen\/\">Les mer om Cecilie her<\/a><\/p>\n<\/div><\/div><\/div><\/div>\n\n\n\n<div class=\"wp-block-hoyre-banner alignwide undefined  is-style-blue\"><div class=\"banner-inner\"><figure class=\"hoyre-image-wrapper\"><div class=\"hoyre-image\"><img loading=\"lazy\" decoding=\"async\" width=\"2016\" height=\"1512\" src=\"https:\/\/hoyre.no\/content\/uploads\/sites\/430\/2024\/03\/Hakon.jpg\" class=\"attachment-scaled size-scaled\" alt=\"\" style=\"object-position: 50% 50%\" srcset=\"https:\/\/hoyre.no\/content\/uploads\/sites\/430\/2024\/03\/Hakon.jpg 2016w, https:\/\/hoyre.no\/content\/uploads\/sites\/430\/2024\/03\/Hakon-300x225.jpg 300w, https:\/\/hoyre.no\/content\/uploads\/sites\/430\/2024\/03\/Hakon-1024x768.jpg 1024w, https:\/\/hoyre.no\/content\/uploads\/sites\/430\/2024\/03\/Hakon-768x576.jpg 768w, https:\/\/hoyre.no\/content\/uploads\/sites\/430\/2024\/03\/Hakon-1536x1152.jpg 1536w\" sizes=\"auto, (max-width: 2016px) 100vw, 2016px\" \/><\/div><\/figure><div class=\"banner-content\"><div class=\"entry-content\">\n<h2 class=\"wp-block-heading\">5. kandidat H\u00e5kon Vahl<\/h2>\n\n\n\n<p>Det er i nord verdiene skapes fremover. <\/p>\n\n\n\n<p><a href=\"https:\/\/hoyre.no\/troms\/aktuelt\/5-kandidat-hakon-vahl\/\">Les mer om H\u00e5kon her<\/a><\/p>\n<\/div><\/div><\/div><\/div>\n\n\n\n<div class=\"wp-block-hoyre-banner alignwide undefined  is-style-blue\"><div class=\"banner-inner\"><figure class=\"hoyre-image-wrapper\"><div class=\"hoyre-image\"><img loading=\"lazy\" decoding=\"async\" width=\"2050\" height=\"1733\" src=\"https:\/\/hoyre.no\/content\/uploads\/sites\/430\/2025\/06\/Charlotte-_DSF1629-1-scaled-e1750943629216.jpg\" class=\"attachment-scaled size-scaled\" alt=\"\" style=\"object-position: 50% 50%\" srcset=\"https:\/\/hoyre.no\/content\/uploads\/sites\/430\/2025\/06\/Charlotte-_DSF1629-1-scaled-e1750943629216.jpg 2050w, https:\/\/hoyre.no\/content\/uploads\/sites\/430\/2025\/06\/Charlotte-_DSF1629-1-scaled-e1750943629216-300x254.jpg 300w, https:\/\/hoyre.no\/content\/uploads\/sites\/430\/2025\/06\/Charlotte-_DSF1629-1-scaled-e1750943629216-1024x866.jpg 1024w, https:\/\/hoyre.no\/content\/uploads\/sites\/430\/2025\/06\/Charlotte-_DSF1629-1-scaled-e1750943629216-768x649.jpg 768w, https:\/\/hoyre.no\/content\/uploads\/sites\/430\/2025\/06\/Charlotte-_DSF1629-1-scaled-e1750943629216-1536x1298.jpg 1536w, https:\/\/hoyre.no\/content\/uploads\/sites\/430\/2025\/06\/Charlotte-_DSF1629-1-scaled-e1750943629216-2048x1731.jpg 2048w\" sizes=\"auto, (max-width: 2050px) 100vw, 2050px\" \/><\/div><\/figure><div class=\"banner-content\"><div class=\"entry-content\">\n<h2 class=\"wp-block-heading\">6. kandidat Charlotte Christensen<\/h2>\n\n\n\n<p>Knytte fylket tettere sammen gjennom samferdsel og spredte attraktive arbeidsplasser. <\/p>\n\n\n\n<p><a href=\"https:\/\/hoyre.no\/troms\/aktuelt\/6-kandidat-charlotte-christensen\/\">Les mer om Charlotte her<\/a><\/p>\n<\/div><\/div><\/div><\/div>\n\n\n\n<div class=\"wp-block-hoyre-banner alignwide undefined  is-style-blue\"><div class=\"banner-inner\"><figure class=\"hoyre-image-wrapper\"><div class=\"hoyre-image\"><img loading=\"lazy\" decoding=\"async\" width=\"1343\" height=\"1064\" src=\"https:\/\/hoyre.no\/content\/uploads\/sites\/430\/2025\/06\/Geir-Inge-fotograf-Bilde1-3-e1750757409734.png\" class=\"attachment-scaled size-scaled\" alt=\"\" style=\"object-position: 50% 50%\" srcset=\"https:\/\/hoyre.no\/content\/uploads\/sites\/430\/2025\/06\/Geir-Inge-fotograf-Bilde1-3-e1750757409734.png 1343w, https:\/\/hoyre.no\/content\/uploads\/sites\/430\/2025\/06\/Geir-Inge-fotograf-Bilde1-3-e1750757409734-300x238.png 300w, https:\/\/hoyre.no\/content\/uploads\/sites\/430\/2025\/06\/Geir-Inge-fotograf-Bilde1-3-e1750757409734-1024x811.png 1024w, https:\/\/hoyre.no\/content\/uploads\/sites\/430\/2025\/06\/Geir-Inge-fotograf-Bilde1-3-e1750757409734-768x608.png 768w\" sizes=\"auto, (max-width: 1343px) 100vw, 1343px\" \/><\/div><\/figure><div class=\"banner-content\"><div class=\"entry-content\">\n<h2 class=\"wp-block-heading\">7. kandidat Geir-Inge Sivertsen<\/h2>\n\n\n\n<p>Opptatt av n\u00e6ringsutvikling, verdiskaping, vekst og etablering av nye bedrifter.&nbsp;<\/p>\n\n\n\n<p><a href=\"https:\/\/hoyre.no\/troms\/aktuelt\/7-kandidat-geir-inge-sivertsen\/\">Les mer om Geir-Inge her<\/a><\/p>\n<\/div><\/div><\/div><\/div>\n\n\n\n<div class=\"wp-block-hoyre-banner alignwide undefined  is-style-blue\"><div class=\"banner-inner\"><figure class=\"hoyre-image-wrapper\"><div class=\"hoyre-image\"><img loading=\"lazy\" decoding=\"async\" width=\"1187\" height=\"1043\" src=\"https:\/\/hoyre.no\/content\/uploads\/sites\/430\/2025\/06\/Rebekka_DSF1452-e1750943969260.jpg\" class=\"attachment-scaled size-scaled\" alt=\"\" style=\"object-position: 50% 50%\" srcset=\"https:\/\/hoyre.no\/content\/uploads\/sites\/430\/2025\/06\/Rebekka_DSF1452-e1750943969260.jpg 1187w, https:\/\/hoyre.no\/content\/uploads\/sites\/430\/2025\/06\/Rebekka_DSF1452-e1750943969260-300x264.jpg 300w, https:\/\/hoyre.no\/content\/uploads\/sites\/430\/2025\/06\/Rebekka_DSF1452-e1750943969260-1024x900.jpg 1024w, https:\/\/hoyre.no\/content\/uploads\/sites\/430\/2025\/06\/Rebekka_DSF1452-e1750943969260-768x675.jpg 768w\" sizes=\"auto, (max-width: 1187px) 100vw, 1187px\" \/><\/div><\/figure><div class=\"banner-content\"><div class=\"entry-content\">\n<h2 class=\"wp-block-heading\">8. kandidat Rebekka Lind Knoph<\/h2>\n\n\n\n<p><\/p>\n<\/div><\/div><\/div><\/div>\n\n\n\n<div class=\"wp-block-hoyre-banner alignwide undefined  is-style-blue\"><div class=\"banner-inner\"><figure class=\"hoyre-image-wrapper\"><div class=\"hoyre-image\"><img loading=\"lazy\" decoding=\"async\" width=\"1573\" height=\"1080\" src=\"https:\/\/hoyre.no\/content\/uploads\/sites\/430\/2025\/06\/Rune-Stenstrom_DSF1417-e1750764099323.jpg\" class=\"attachment-scaled size-scaled\" alt=\"\" style=\"object-position: 50% 50%\" srcset=\"https:\/\/hoyre.no\/content\/uploads\/sites\/430\/2025\/06\/Rune-Stenstrom_DSF1417-e1750764099323.jpg 1573w, https:\/\/hoyre.no\/content\/uploads\/sites\/430\/2025\/06\/Rune-Stenstrom_DSF1417-e1750764099323-300x206.jpg 300w, https:\/\/hoyre.no\/content\/uploads\/sites\/430\/2025\/06\/Rune-Stenstrom_DSF1417-e1750764099323-1024x703.jpg 1024w, https:\/\/hoyre.no\/content\/uploads\/sites\/430\/2025\/06\/Rune-Stenstrom_DSF1417-e1750764099323-768x527.jpg 768w, https:\/\/hoyre.no\/content\/uploads\/sites\/430\/2025\/06\/Rune-Stenstrom_DSF1417-e1750764099323-1536x1055.jpg 1536w\" sizes=\"auto, (max-width: 1573px) 100vw, 1573px\" \/><\/div><\/figure><div class=\"banner-content\"><div class=\"entry-content\">\n<h2 class=\"wp-block-heading\">9. kandidat Rune Stenstr\u00f8m<\/h2>\n\n\n\n<p>Oppvekst, arbeidsliv, vilk\u00e5r for n\u00e6ringslivet, justis og forsvar.<\/p>\n\n\n\n<p><a href=\"https:\/\/hoyre.no\/troms\/aktuelt\/9-kandidat-rune-stenstrom\/\">Les mer om Rune her<\/a><\/p>\n<\/div><\/div><\/div><\/div>\n\n\n\n<div class=\"wp-block-hoyre-banner alignwide undefined  is-style-blue\"><div class=\"banner-inner\"><figure class=\"hoyre-image-wrapper\"><div class=\"hoyre-image\"><img loading=\"lazy\" decoding=\"async\" width=\"1467\" height=\"863\" src=\"https:\/\/hoyre.no\/content\/uploads\/sites\/430\/2025\/06\/Beate-_DSF1717-e1750760192565.jpg\" class=\"attachment-scaled size-scaled\" alt=\"\" style=\"object-position: 50% 50%\" srcset=\"https:\/\/hoyre.no\/content\/uploads\/sites\/430\/2025\/06\/Beate-_DSF1717-e1750760192565.jpg 1467w, https:\/\/hoyre.no\/content\/uploads\/sites\/430\/2025\/06\/Beate-_DSF1717-e1750760192565-300x176.jpg 300w, https:\/\/hoyre.no\/content\/uploads\/sites\/430\/2025\/06\/Beate-_DSF1717-e1750760192565-1024x602.jpg 1024w, https:\/\/hoyre.no\/content\/uploads\/sites\/430\/2025\/06\/Beate-_DSF1717-e1750760192565-768x452.jpg 768w\" sizes=\"auto, (max-width: 1467px) 100vw, 1467px\" \/><\/div><\/figure><div class=\"banner-content\"><div class=\"entry-content\">\n<h2 class=\"wp-block-heading\">10. kandidat Beate Seljenes<\/h2>\n\n\n\n<p>Engasjert og over gjennomsnittet glad i dugnad. <\/p>\n\n\n\n<p><a href=\"https:\/\/hoyre.no\/troms\/aktuelt\/7-kandidat-geir-inge-sivertsen\/\">Les mer om Beate her<\/a><\/p>\n<\/div><\/div><\/div><\/div>\n\n\n\n<div class=\"wp-block-hoyre-banner alignwide undefined  is-style-blue\"><div class=\"banner-inner\"><figure class=\"hoyre-image-wrapper\"><div class=\"hoyre-image\"><img loading=\"lazy\" decoding=\"async\" width=\"2500\" height=\"2302\" src=\"https:\/\/hoyre.no\/content\/uploads\/sites\/430\/2025\/06\/Benjamin-HLM1-002-scaled.jpg\" class=\"attachment-scaled size-scaled\" alt=\"\" style=\"object-position: 50% 50%\" srcset=\"https:\/\/hoyre.no\/content\/uploads\/sites\/430\/2025\/06\/Benjamin-HLM1-002-scaled.jpg 2500w, https:\/\/hoyre.no\/content\/uploads\/sites\/430\/2025\/06\/Benjamin-HLM1-002-300x276.jpg 300w, https:\/\/hoyre.no\/content\/uploads\/sites\/430\/2025\/06\/Benjamin-HLM1-002-1024x943.jpg 1024w, https:\/\/hoyre.no\/content\/uploads\/sites\/430\/2025\/06\/Benjamin-HLM1-002-768x707.jpg 768w, https:\/\/hoyre.no\/content\/uploads\/sites\/430\/2025\/06\/Benjamin-HLM1-002-1536x1415.jpg 1536w, https:\/\/hoyre.no\/content\/uploads\/sites\/430\/2025\/06\/Benjamin-HLM1-002-2048x1886.jpg 2048w\" sizes=\"auto, (max-width: 2500px) 100vw, 2500px\" \/><\/div><\/figure><div class=\"banner-content\"><div class=\"entry-content\">\n<h2 class=\"wp-block-heading\">11. kandidat Benjamin Furuly<\/h2>\n\n\n\n<p>Vi m\u00e5 sette folk framfor systemet.<\/p>\n\n\n\n<p><a href=\"https:\/\/hoyre.no\/troms\/aktuelt\/11-benjamin-furuly\/\">Les mer om Benjamin her<\/a><\/p>\n<\/div><\/div><\/div><\/div>\n\n\n\n<div class=\"wp-block-hoyre-banner alignwide undefined  is-style-blue\"><div class=\"banner-inner\"><figure class=\"hoyre-image-wrapper\"><div class=\"hoyre-image\"><img loading=\"lazy\" decoding=\"async\" width=\"1467\" height=\"973\" src=\"https:\/\/hoyre.no\/content\/uploads\/sites\/430\/2025\/06\/Miriam_DSF1593-e1750764359940.jpg\" class=\"attachment-scaled size-scaled\" alt=\"\" style=\"object-position: 50% 50%\" srcset=\"https:\/\/hoyre.no\/content\/uploads\/sites\/430\/2025\/06\/Miriam_DSF1593-e1750764359940.jpg 1467w, https:\/\/hoyre.no\/content\/uploads\/sites\/430\/2025\/06\/Miriam_DSF1593-e1750764359940-300x199.jpg 300w, https:\/\/hoyre.no\/content\/uploads\/sites\/430\/2025\/06\/Miriam_DSF1593-e1750764359940-1024x679.jpg 1024w, https:\/\/hoyre.no\/content\/uploads\/sites\/430\/2025\/06\/Miriam_DSF1593-e1750764359940-768x509.jpg 768w\" sizes=\"auto, (max-width: 1467px) 100vw, 1467px\" \/><\/div><\/figure><div class=\"banner-content\"><div class=\"entry-content\">\n<h2 class=\"wp-block-heading\">12. kandidat Miriam Kristiansen<\/h2>\n\n\n\n<p>Er positiv, engasjert og hardtarbeidende. <\/p>\n\n\n\n<p><a href=\"https:\/\/hoyre.no\/troms\/aktuelt\/12-kandidat-miriam-kristiansen\/\">Les mer om Miriam her<\/a><\/p>\n<\/div><\/div><\/div><\/div>\n","protected":false},"excerpt":{"rendered":"","protected":false},"author":442,"featured_media":0,"parent":0,"menu_order":0,"comment_status":"closed","ping_status":"closed","template":"","meta":{"teft_cards_image_url":"","teft_cards_custom_pretitle":"","teft_cards_image_id":0,"teft_cards_image_focal_point_x":0,"teft_cards_image_focal_point_y":0,"teft_cards_title":"","teft_cards_excerpt":"","teft_show_chapters":false,"footnotes":""},"class_list":["post-971","page","type-page","status-publish","hentry"],"yoast_head":"<!-- This site is optimized with the Yoast SEO plugin v26.6 - https:\/\/yoast.com\/wordpress\/plugins\/seo\/ -->\n<title>V\u00e5re stortingskandidater - Troms H\u00f8yre<\/title>\n<meta name=\"robots\" content=\"index, follow, max-snippet:-1, max-image-preview:large, max-video-preview:-1\" \/>\n<link rel=\"canonical\" href=\"https:\/\/hoyre.no\/troms\/vare-stortingskandidater\/\" \/>\n<meta property=\"og:locale\" content=\"nb_NO\" \/>\n<meta property=\"og:type\" content=\"article\" \/>\n<meta property=\"og:title\" content=\"V\u00e5re stortingskandidater - Troms H\u00f8yre\" \/>\n<meta property=\"og:url\" content=\"https:\/\/hoyre.no\/troms\/vare-stortingskandidater\/\" \/>\n<meta property=\"og:site_name\" content=\"Troms H\u00f8yre\" \/>\n<meta property=\"article:modified_time\" content=\"2025-08-25T10:40:17+00:00\" \/>\n<meta name=\"twitter:card\" content=\"summary_large_image\" \/>\n<meta name=\"twitter:label1\" content=\"Ansl. lesetid\" \/>\n\t<meta name=\"twitter:data1\" content=\"2 minutter\" \/>\n<script type=\"application\/ld+json\" class=\"yoast-schema-graph\">{\"@context\":\"https:\/\/schema.org\",\"@graph\":[{\"@type\":\"WebPage\",\"@id\":\"https:\/\/hoyre.no\/troms\/vare-stortingskandidater\/\",\"url\":\"https:\/\/hoyre.no\/troms\/vare-stortingskandidater\/\",\"name\":\"V\u00e5re stortingskandidater - Troms H\u00f8yre\",\"isPartOf\":{\"@id\":\"https:\/\/hoyre.no\/troms\/#website\"},\"datePublished\":\"2025-06-26T12:16:06+00:00\",\"dateModified\":\"2025-08-25T10:40:17+00:00\",\"breadcrumb\":{\"@id\":\"https:\/\/hoyre.no\/troms\/vare-stortingskandidater\/#breadcrumb\"},\"inLanguage\":\"nb-NO\",\"potentialAction\":[{\"@type\":\"ReadAction\",\"target\":[\"https:\/\/hoyre.no\/troms\/vare-stortingskandidater\/\"]}]},{\"@type\":\"BreadcrumbList\",\"@id\":\"https:\/\/hoyre.no\/troms\/vare-stortingskandidater\/#breadcrumb\",\"itemListElement\":[{\"@type\":\"ListItem\",\"position\":1,\"name\":\"Til hoyre.no\",\"item\":\"https:\/\/hoyre.no\"},{\"@type\":\"ListItem\",\"position\":2,\"name\":\"Hjem\",\"item\":\"https:\/\/hoyre.no\/troms\/\"},{\"@type\":\"ListItem\",\"position\":3,\"name\":\"V\u00e5re stortingskandidater\"}]},{\"@type\":\"WebSite\",\"@id\":\"https:\/\/hoyre.no\/troms\/#website\",\"url\":\"https:\/\/hoyre.no\/troms\/\",\"name\":\"Troms H\u00f8yre\",\"description\":\"Bare enda et H\u00f8yres nettsteder-nettsted\",\"inLanguage\":\"nb-NO\"}]}<\/script>\n<!-- \/ Yoast SEO plugin. -->","yoast_head_json":{"title":"V\u00e5re stortingskandidater - Troms H\u00f8yre","robots":{"index":"index","follow":"follow","max-snippet":"max-snippet:-1","max-image-preview":"max-image-preview:large","max-video-preview":"max-video-preview:-1"},"canonical":"https:\/\/hoyre.no\/troms\/vare-stortingskandidater\/","og_locale":"nb_NO","og_type":"article","og_title":"V\u00e5re stortingskandidater - Troms H\u00f8yre","og_url":"https:\/\/hoyre.no\/troms\/vare-stortingskandidater\/","og_site_name":"Troms H\u00f8yre","article_modified_time":"2025-08-25T10:40:17+00:00","twitter_card":"summary_large_image","twitter_misc":{"Ansl. lesetid":"2 minutter"},"schema":{"@context":"https:\/\/schema.org","@graph":[{"@type":"WebPage","@id":"https:\/\/hoyre.no\/troms\/vare-stortingskandidater\/","url":"https:\/\/hoyre.no\/troms\/vare-stortingskandidater\/","name":"V\u00e5re stortingskandidater - Troms H\u00f8yre","isPartOf":{"@id":"https:\/\/hoyre.no\/troms\/#website"},"datePublished":"2025-06-26T12:16:06+00:00","dateModified":"2025-08-25T10:40:17+00:00","breadcrumb":{"@id":"https:\/\/hoyre.no\/troms\/vare-stortingskandidater\/#breadcrumb"},"inLanguage":"nb-NO","potentialAction":[{"@type":"ReadAction","target":["https:\/\/hoyre.no\/troms\/vare-stortingskandidater\/"]}]},{"@type":"BreadcrumbList","@id":"https:\/\/hoyre.no\/troms\/vare-stortingskandidater\/#breadcrumb","itemListElement":[{"@type":"ListItem","position":1,"name":"Til hoyre.no","item":"https:\/\/hoyre.no"},{"@type":"ListItem","position":2,"name":"Hjem","item":"https:\/\/hoyre.no\/troms\/"},{"@type":"ListItem","position":3,"name":"V\u00e5re stortingskandidater"}]},{"@type":"WebSite","@id":"https:\/\/hoyre.no\/troms\/#website","url":"https:\/\/hoyre.no\/troms\/","name":"Troms H\u00f8yre","description":"Bare enda et H\u00f8yres nettsteder-nettsted","inLanguage":"nb-NO"}]}},"distributor_meta":false,"distributor_terms":false,"distributor_media":false,"distributor_original_site_name":"Troms H\u00f8yre","distributor_original_site_url":"https:\/\/hoyre.no\/troms","push-errors":false,"_links":{"self":[{"href":"https:\/\/hoyre.no\/troms\/wp-json\/wp\/v2\/pages\/971","targetHints":{"allow":["GET"]}}],"collection":[{"href":"https:\/\/hoyre.no\/troms\/wp-json\/wp\/v2\/pages"}],"about":[{"href":"https:\/\/hoyre.no\/troms\/wp-json\/wp\/v2\/types\/page"}],"author":[{"embeddable":true,"href":"https:\/\/hoyre.no\/troms\/wp-json\/wp\/v2\/users\/442"}],"replies":[{"embeddable":true,"href":"https:\/\/hoyre.no\/troms\/wp-json\/wp\/v2\/comments?post=971"}],"version-history":[{"count":11,"href":"https:\/\/hoyre.no\/troms\/wp-json\/wp\/v2\/pages\/971\/revisions"}],"predecessor-version":[{"id":1087,"href":"https:\/\/hoyre.no\/troms\/wp-json\/wp\/v2\/pages\/971\/revisions\/1087"}],"wp:attachment":[{"href":"https:\/\/hoyre.no\/troms\/wp-json\/wp\/v2\/media?parent=971"}],"curies":[{"name":"wp","href":"https:\/\/api.w.org\/{rel}","templated":true}]}}