{"id":909,"date":"2024-02-09T12:29:29","date_gmt":"2024-02-09T11:29:29","guid":{"rendered":"https:\/\/hoyre.no\/trondelag\/?post_type=opinion&#038;p=909"},"modified":"2024-02-09T12:39:57","modified_gmt":"2024-02-09T11:39:57","slug":"styrk-kommunenes-selvraderett-i-plansaker","status":"publish","type":"opinion","link":"https:\/\/hoyre.no\/trondelag\/opinion\/styrk-kommunenes-selvraderett-i-plansaker\/","title":{"rendered":"Styrk kommunenes selvr\u00e5derett i plansaker"},"content":{"rendered":"\n<div class=\"wp-block-teft-factbox is-style-blue\"><div class=\"factbox-inner\"><div class=\"entry-content\"><h4 class=\"toggle\">Debattnotat skrevet til fylkes\u00e5rsm\u00f8te i Tr\u00f8ndelag H\u00f8yre 2024, av programkomiteen Tr\u00f8ndelag H\u00f8yre ved Even Hendseth, Vegard Sem og Ingvill Dalseg<br><br>H\u00f8yre st\u00e5r den kommunale selvr\u00e5deretten og hensynet til lokaldemokratiet sterkt. Et samfunn bygges best nedenfra, og beslutninger b\u00f8r, i utgangspunktet, tas p\u00e5 lavest mulig forvaltningsmessig niv\u00e5. S\u00e6rlig viktig er dette i arealsaker. Det er lokale politikere som kjenner de lokale forholdene best, og i s\u00e5 m\u00e5te er best egnet til \u00e5 fatte beslutninger om arealdisponering i sin kommune.\u00a0<br><br>Kommunepolitikerne opplever i dag at deres beslutningsmyndighet til stadighet blir utfordret av nasjonale myndigheter. Statsforvalterens innsigelsesinstitutt har blitt en hemsko for lokal utvikling, og en stor utfordring for lokaldemokratiet. Statsforvalterens oppdragsdokumenter p\u00e5 landbruks- og milj\u00f8siden, gj\u00f8r at hensyn til n\u00e6ringsutvikling og boligbygging ikke kan tillegges s\u00e6rlig vekt. Dette er et skjevt syn p\u00e5 samfunnsutviklingen, og meget utfordrende i mange tr\u00f8nderske kommuner.\u00a0<br><br>Utover dette, ser man ogs\u00e5 at Statsforvalteren ikke greier \u00e5 se areal i et st\u00f8rre perspektiv. Arealsaker, og eventuell tilbakef\u00f8ring av natur, ses p\u00e5 som isolerte tilfeller innenfor kommunens grenser, fremfor som del av et st\u00f8rre regionalt perspektiv. Dette f\u00f8rer til urimelige innsigelser.\u00a0<br>Statsforvalterens har utspilt sin rolle som regional utviklingsmyndighet, og i praksis blitt et institutt for vern av natur og motstand mot utvikling.\u00a0<br><br>Til diskusjon:\u00a0<br>* H\u00f8yre vil fjerne Statsforvalterens innsigelsesmyndighet i kommunale plansaker, Statsforvalterens innsigelsesmuligheter skal heretter erstattes av andre sektormyndigheter p\u00e5 de respektive omr\u00e5dene.<br>* Sikre kommunenes selvr\u00e5derett i plansaker, og begrense innsigelsesmyndigheten til absolutte n\u00f8dvendigheter.\u00a0<br>* Kraftig begrense statlige f\u00f8ringer i arealpolitikken.<\/h4><\/div><\/div><\/div>\n","protected":false},"parent":0,"template":"","meta":{"teft_cards_image_url":"","teft_cards_custom_pretitle":"","teft_cards_image_id":0,"teft_cards_image_focal_point_x":0,"teft_cards_image_focal_point_y":0,"teft_cards_title":"","teft_cards_excerpt":"","teft_show_chapters":false,"footnotes":""},"opinion-category":[],"class_list":["post-909","opinion","type-opinion","status-publish","hentry"],"yoast_head":"<!-- This site is optimized with the Yoast SEO plugin v26.6 - https:\/\/yoast.com\/wordpress\/plugins\/seo\/ -->\n<title>Styrk kommunenes selvr\u00e5derett i plansaker - Tr\u00f8ndelag H\u00f8yre<\/title>\n<meta name=\"robots\" content=\"index, follow, max-snippet:-1, max-image-preview:large, max-video-preview:-1\" \/>\n<link rel=\"canonical\" href=\"https:\/\/hoyre.no\/trondelag\/opinion\/styrk-kommunenes-selvraderett-i-plansaker\/\" \/>\n<meta property=\"og:locale\" content=\"nb_NO\" \/>\n<meta property=\"og:type\" content=\"article\" \/>\n<meta property=\"og:title\" content=\"Styrk kommunenes selvr\u00e5derett i plansaker - Tr\u00f8ndelag H\u00f8yre\" \/>\n<meta property=\"og:url\" content=\"https:\/\/hoyre.no\/trondelag\/opinion\/styrk-kommunenes-selvraderett-i-plansaker\/\" \/>\n<meta property=\"og:site_name\" content=\"Tr\u00f8ndelag H\u00f8yre\" \/>\n<meta property=\"article:modified_time\" content=\"2024-02-09T11:39:57+00:00\" \/>\n<meta property=\"og:image\" content=\"https:\/\/hoyre.no\/content\/uploads\/sites\/13\/2022\/11\/Hoyres-logo.png\" \/>\n\t<meta property=\"og:image:width\" content=\"1000\" \/>\n\t<meta property=\"og:image:height\" content=\"1000\" \/>\n\t<meta property=\"og:image:type\" content=\"image\/png\" \/>\n<meta name=\"twitter:card\" content=\"summary_large_image\" \/>\n<meta name=\"twitter:label1\" content=\"Ansl. lesetid\" \/>\n\t<meta name=\"twitter:data1\" content=\"2 minutter\" \/>\n<script type=\"application\/ld+json\" class=\"yoast-schema-graph\">{\"@context\":\"https:\/\/schema.org\",\"@graph\":[{\"@type\":\"WebPage\",\"@id\":\"https:\/\/hoyre.no\/trondelag\/opinion\/styrk-kommunenes-selvraderett-i-plansaker\/\",\"url\":\"https:\/\/hoyre.no\/trondelag\/opinion\/styrk-kommunenes-selvraderett-i-plansaker\/\",\"name\":\"Styrk kommunenes selvr\u00e5derett i plansaker - Tr\u00f8ndelag H\u00f8yre\",\"isPartOf\":{\"@id\":\"https:\/\/hoyre.no\/trondelag\/#website\"},\"datePublished\":\"2024-02-09T11:29:29+00:00\",\"dateModified\":\"2024-02-09T11:39:57+00:00\",\"breadcrumb\":{\"@id\":\"https:\/\/hoyre.no\/trondelag\/opinion\/styrk-kommunenes-selvraderett-i-plansaker\/#breadcrumb\"},\"inLanguage\":\"nb-NO\",\"potentialAction\":[{\"@type\":\"ReadAction\",\"target\":[\"https:\/\/hoyre.no\/trondelag\/opinion\/styrk-kommunenes-selvraderett-i-plansaker\/\"]}]},{\"@type\":\"BreadcrumbList\",\"@id\":\"https:\/\/hoyre.no\/trondelag\/opinion\/styrk-kommunenes-selvraderett-i-plansaker\/#breadcrumb\",\"itemListElement\":[{\"@type\":\"ListItem\",\"position\":1,\"name\":\"Til hoyre.no\",\"item\":\"https:\/\/hoyre.no\"},{\"@type\":\"ListItem\",\"position\":2,\"name\":\"Hjem\",\"item\":\"https:\/\/hoyre.no\/trondelag\/\"},{\"@type\":\"ListItem\",\"position\":3,\"name\":\"Styrk kommunenes selvr\u00e5derett i plansaker\"}]},{\"@type\":\"WebSite\",\"@id\":\"https:\/\/hoyre.no\/trondelag\/#website\",\"url\":\"https:\/\/hoyre.no\/trondelag\/\",\"name\":\"Tr\u00f8ndelag H\u00f8yre\",\"description\":\"Bare enda et H\u00f8yres nettsteder-nettsted\",\"inLanguage\":\"nb-NO\"}]}<\/script>\n<!-- \/ Yoast SEO plugin. -->","yoast_head_json":{"title":"Styrk kommunenes selvr\u00e5derett i plansaker - Tr\u00f8ndelag H\u00f8yre","robots":{"index":"index","follow":"follow","max-snippet":"max-snippet:-1","max-image-preview":"max-image-preview:large","max-video-preview":"max-video-preview:-1"},"canonical":"https:\/\/hoyre.no\/trondelag\/opinion\/styrk-kommunenes-selvraderett-i-plansaker\/","og_locale":"nb_NO","og_type":"article","og_title":"Styrk kommunenes selvr\u00e5derett i plansaker - Tr\u00f8ndelag H\u00f8yre","og_url":"https:\/\/hoyre.no\/trondelag\/opinion\/styrk-kommunenes-selvraderett-i-plansaker\/","og_site_name":"Tr\u00f8ndelag H\u00f8yre","article_modified_time":"2024-02-09T11:39:57+00:00","og_image":[{"width":1000,"height":1000,"url":"https:\/\/hoyre.no\/content\/uploads\/sites\/13\/2022\/11\/Hoyres-logo.png","type":"image\/png"}],"twitter_card":"summary_large_image","twitter_misc":{"Ansl. lesetid":"2 minutter"},"schema":{"@context":"https:\/\/schema.org","@graph":[{"@type":"WebPage","@id":"https:\/\/hoyre.no\/trondelag\/opinion\/styrk-kommunenes-selvraderett-i-plansaker\/","url":"https:\/\/hoyre.no\/trondelag\/opinion\/styrk-kommunenes-selvraderett-i-plansaker\/","name":"Styrk kommunenes selvr\u00e5derett i plansaker - Tr\u00f8ndelag H\u00f8yre","isPartOf":{"@id":"https:\/\/hoyre.no\/trondelag\/#website"},"datePublished":"2024-02-09T11:29:29+00:00","dateModified":"2024-02-09T11:39:57+00:00","breadcrumb":{"@id":"https:\/\/hoyre.no\/trondelag\/opinion\/styrk-kommunenes-selvraderett-i-plansaker\/#breadcrumb"},"inLanguage":"nb-NO","potentialAction":[{"@type":"ReadAction","target":["https:\/\/hoyre.no\/trondelag\/opinion\/styrk-kommunenes-selvraderett-i-plansaker\/"]}]},{"@type":"BreadcrumbList","@id":"https:\/\/hoyre.no\/trondelag\/opinion\/styrk-kommunenes-selvraderett-i-plansaker\/#breadcrumb","itemListElement":[{"@type":"ListItem","position":1,"name":"Til hoyre.no","item":"https:\/\/hoyre.no"},{"@type":"ListItem","position":2,"name":"Hjem","item":"https:\/\/hoyre.no\/trondelag\/"},{"@type":"ListItem","position":3,"name":"Styrk kommunenes selvr\u00e5derett i plansaker"}]},{"@type":"WebSite","@id":"https:\/\/hoyre.no\/trondelag\/#website","url":"https:\/\/hoyre.no\/trondelag\/","name":"Tr\u00f8ndelag H\u00f8yre","description":"Bare enda et H\u00f8yres nettsteder-nettsted","inLanguage":"nb-NO"}]}},"distributor_meta":false,"distributor_terms":false,"distributor_media":false,"distributor_original_site_name":"Tr\u00f8ndelag H\u00f8yre","distributor_original_site_url":"https:\/\/hoyre.no\/trondelag","push-errors":false,"_links":{"self":[{"href":"https:\/\/hoyre.no\/trondelag\/wp-json\/wp\/v2\/opinion\/909","targetHints":{"allow":["GET"]}}],"collection":[{"href":"https:\/\/hoyre.no\/trondelag\/wp-json\/wp\/v2\/opinion"}],"about":[{"href":"https:\/\/hoyre.no\/trondelag\/wp-json\/wp\/v2\/types\/opinion"}],"version-history":[{"count":2,"href":"https:\/\/hoyre.no\/trondelag\/wp-json\/wp\/v2\/opinion\/909\/revisions"}],"predecessor-version":[{"id":913,"href":"https:\/\/hoyre.no\/trondelag\/wp-json\/wp\/v2\/opinion\/909\/revisions\/913"}],"wp:attachment":[{"href":"https:\/\/hoyre.no\/trondelag\/wp-json\/wp\/v2\/media?parent=909"}],"wp:term":[{"taxonomy":"opinion-category","embeddable":true,"href":"https:\/\/hoyre.no\/trondelag\/wp-json\/wp\/v2\/opinion-category?post=909"}],"curies":[{"name":"wp","href":"https:\/\/api.w.org\/{rel}","templated":true}]}}

Styrk kommunenes selvråderett i plansaker

<div class="wp-block-teft-factbox is-style-blue"><div class="factbox-inner"><div class="entry-content"><h4 class="toggle">Debattnotat skrevet til fylkesårsmøte i Trøndelag Høyre 2024, av programkomiteen Trøndelag Høyre ved Even Hendseth, Vegard Sem og Ingvill Dalseg<br><br>Høyre står den kommunale selvråderetten og hensynet til lokaldemokratiet sterkt. Et samfunn bygges best nedenfra, og beslutninger bør, i utgangspunktet, tas på lavest mulig forvaltningsmessig nivå. Særlig viktig er dette i arealsaker. Det er lokale politikere som kjenner de lokale forholdene best, og i så måte er best egnet til å fatte beslutninger om arealdisponering i sin kommune. <br><br>Kommunepolitikerne opplever i dag at deres beslutningsmyndighet til stadighet blir utfordret av nasjonale myndigheter. Statsforvalterens innsigelsesinstitutt har blitt en hemsko for lokal utvikling, og en stor utfordring for lokaldemokratiet. Statsforvalterens oppdragsdokumenter på landbruks- og miljøsiden, gjør at hensyn til næringsutvikling og boligbygging ikke kan tillegges særlig vekt. Dette er et skjevt syn på samfunnsutviklingen, og meget utfordrende i mange trønderske kommuner. <br><br>Utover dette, ser man også at Statsforvalteren ikke greier å se areal i et større perspektiv. Arealsaker, og eventuell tilbakeføring av natur, ses på som isolerte tilfeller innenfor kommunens grenser, fremfor som del av et større regionalt perspektiv. Dette fører til urimelige innsigelser. <br>Statsforvalterens har utspilt sin rolle som regional utviklingsmyndighet, og i praksis blitt et institutt for vern av natur og motstand mot utvikling. <br><br>Til diskusjon: <br>* Høyre vil fjerne Statsforvalterens innsigelsesmyndighet i kommunale plansaker, Statsforvalterens innsigelsesmuligheter skal heretter erstattes av andre sektormyndigheter på de respektive områdene.<br>* Sikre kommunenes selvråderett i plansaker, og begrense innsigelsesmyndigheten til absolutte nødvendigheter. <br>* Kraftig begrense statlige føringer i arealpolitikken.</h4></div></div></div>

<!-- This site is optimized with the Yoast SEO plugin v26.6 - https://yoast.com/wordpress/plugins/seo/ -->
<title>Styrk kommunenes selvråderett i plansaker - Trøndelag Høyre</title>
<meta name="robots" content="index, follow, max-snippet:-1, max-image-preview:large, max-video-preview:-1" />
<link rel="canonical" href="https://hoyre.no/trondelag/opinion/styrk-kommunenes-selvraderett-i-plansaker/" />
<meta property="og:locale" content="nb_NO" />
<meta property="og:type" content="article" />
<meta property="og:title" content="Styrk kommunenes selvråderett i plansaker - Trøndelag Høyre" />
<meta property="og:url" content="https://hoyre.no/trondelag/opinion/styrk-kommunenes-selvraderett-i-plansaker/" />
<meta property="og:site_name" content="Trøndelag Høyre" />
<meta property="article:modified_time" content="2024-02-09T11:39:57+00:00" />
<meta property="og:image" content="https://hoyre.no/content/uploads/sites/13/2022/11/Hoyres-logo.png" />
	<meta property="og:image:width" content="1000" />
	<meta property="og:image:height" content="1000" />
	<meta property="og:image:type" content="image/png" />
<meta name="twitter:card" content="summary_large_image" />
<meta name="twitter:label1" content="Ansl. lesetid" />
	<meta name="twitter:data1" content="2 minutter" />
<script type="application/ld+json" class="yoast-schema-graph">{"@context":"https://schema.org","@graph":[{"@type":"WebPage","@id":"https://hoyre.no/trondelag/opinion/styrk-kommunenes-selvraderett-i-plansaker/","url":"https://hoyre.no/trondelag/opinion/styrk-kommunenes-selvraderett-i-plansaker/","name":"Styrk kommunenes selvråderett i plansaker - Trøndelag Høyre","isPartOf":{"@id":"https://hoyre.no/trondelag/#website"},"datePublished":"2024-02-09T11:29:29+00:00","dateModified":"2024-02-09T11:39:57+00:00","breadcrumb":{"@id":"https://hoyre.no/trondelag/opinion/styrk-kommunenes-selvraderett-i-plansaker/#breadcrumb"},"inLanguage":"nb-NO","potentialAction":[{"@type":"ReadAction","target":["https://hoyre.no/trondelag/opinion/styrk-kommunenes-selvraderett-i-plansaker/"]}]},{"@type":"BreadcrumbList","@id":"https://hoyre.no/trondelag/opinion/styrk-kommunenes-selvraderett-i-plansaker/#breadcrumb","itemListElement":[{"@type":"ListItem","position":1,"name":"Til hoyre.no","item":"https://hoyre.no"},{"@type":"ListItem","position":2,"name":"Hjem","item":"https://hoyre.no/trondelag/"},{"@type":"ListItem","position":3,"name":"Styrk kommunenes selvråderett i plansaker"}]},{"@type":"WebSite","@id":"https://hoyre.no/trondelag/#website","url":"https://hoyre.no/trondelag/","name":"Trøndelag Høyre","description":"Bare enda et Høyres nettsteder-nettsted","inLanguage":"nb-NO"}]}</script>
<!-- / Yoast SEO plugin. -->

Styrk kommunenes selvråderett i plansaker - Trøndelag Høyre

Trøndelag Høyre

Bare enda et Høyres nettsteder-nettsted
