{"id":917,"date":"2024-02-09T13:20:31","date_gmt":"2024-02-09T12:20:31","guid":{"rendered":"https:\/\/hoyre.no\/trondelag\/?post_type=opinion&#038;p=917"},"modified":"2024-02-09T13:20:32","modified_gmt":"2024-02-09T12:20:32","slug":"forsvar-og-beredskap","status":"publish","type":"opinion","link":"https:\/\/hoyre.no\/trondelag\/opinion\/forsvar-og-beredskap\/","title":{"rendered":"Forsvar og beredskap"},"content":{"rendered":"\n<div class=\"wp-block-teft-factbox is-style-blue\"><div class=\"factbox-inner\"><div class=\"entry-content\"><h4 class=\"toggle\">Debattnotat skrevet til fylkes\u00e5rsm\u00f8te i Tr\u00f8ndelag H\u00f8yre 2024, av programkomiteen Tr\u00f8ndelag H\u00f8yre ved<br>Geir Jostein \u00d8rsj\u00f8dal, Knut Snorre Sandnes og Henrik Devik<br><br>Siden Russland gikk til krig mot Ukraina er synet p\u00e5 forsvar og beredskap i ferd med \u00e5 endre seg radikalt, men om endringer skjer raskt nok er et \u00e5pent sp\u00f8rsm\u00e5l. Skulle krigen i Ukraina vedvare over tid og Russland vinne mener mange at Putin ikke vil stoppe der. <br>Russland har bevist at de \u00f8nsker krig, og s\u00e5 lenge de tror de kan vinne vil de fortsette. Om det ikke er fakta er det iallfall et reelt scenario. Siden andre verdenskrig har den vestlige kulturen og demokratier sett p\u00e5 krig og konflikter som mer eller mindre irrasjonelle tanker, noe som har f\u00f8rt til at bevilgninger til forsvar i mange land er sterkt redusert. Tyskland har etter WW2 tatt et oppgj\u00f8r med sitt totalit\u00e6re styre under Hitler, men Russland har aldri gjort den \u00f8velsen og heller beveger seg i motsatt retning under Putin.<br><br><strong>Tema til diskusjon<\/strong><br>Verneplikt, skal vi \u00f8ke andelen som gjennomf\u00f8rer f\u00f8rstegangstjeneste fra dagens 15% til minimum 50% eller kanskje 80%?<br><br>Skal jenter inn p\u00e5 lik linje med gutta?<br><br>Skal vi ha som m\u00e5l innen 4 \u00e5r \u00e5 v\u00e6re p\u00e5 samme niv\u00e5 med Finland n\u00e5r det kommer til personell i aktiv milit\u00e6rtjeneste? Finland har 24000 i aktiv tjeneste, Norge har 20 000 aktivt personell). Finland har 280000 aktiv personell i mobiliserbar kapasitet og 900000 i reserve.<br><br>Betydelig \u00f8kning av produksjon av ammunisjon og granater. Basert p\u00e5 \u00e5pne kilder ansl\u00e5r Nammo at NATO vil trenge 430 000 granater daglig dersom vi f\u00e5r en fullskala krig i Europa, eller 13 millioner granater p\u00e5 30 dager. Nammo har en betydelig kapasitet for produksjon av ammunisjon, men er ikke i n\u00e6rheten av \u00e5 kunne fylle behovet. Regjeringen har v\u00e6rt tilbakeholden med \u00e5 gi NAMMO de ressursene de trenger, her forventes en betydelig endring og mer ressurser.<br><br>En dobling av forsvarsbudsjettet vil medf\u00f8re t\u00f8ffe prioriteringer, men mulig n\u00f8dvendig. Sammen med v\u00e5re venner i Sverige og Finland burde det v\u00e6re mulig \u00e5 f\u00e5 opp et forsvar som st\u00e5r seg i konflikt.<br>Sp\u00f8rsm\u00e5let er hvor vi kan hente pengene fra, hvilke velferdsgoder vi kan gi avkall p\u00e5 for \u00e5 prioritere forsvaret mer.<br><br><strong>Beredskap til diskusjon<\/strong><br>Samferdselsprosjekter som er grenseoverskridende, m\u00e5 prioriteres. De viktigste ferdsels\u00e5rene over grensa til Sverige m\u00e5 snarest utbedres, ikke bare Stj\u00f8rdal-Sundsval men ogs\u00e5 RV72 til E14 og FV 755 ut til hovedkampflybasen.<br><br>Flaskehalser ved samtlige grenseveier utbedres.<br><br>Stopp eller begrense elektrifisering av oljeplattformer og andre kostbare klimatiltak en periode, ressursene m\u00e5 g\u00e5 til forsvar og beredskap.<br>Matproduksjon i egen regi og matlager er plutselig blitt mer aktuelt, hvem har ansvaret?<br>Hva med sivilforsvaret. Status i dag er at det ikke er penger til \u00f8ving og innkj\u00f8p av n\u00f8dvendig materiell. I en tid med b\u00e5de flere naturkatastrofer og uroligheter, forventes det innsats?<br><\/h4><\/div><\/div><\/div>\n","protected":false},"parent":0,"template":"","meta":{"teft_cards_image_url":"","teft_cards_custom_pretitle":"","teft_cards_image_id":0,"teft_cards_image_focal_point_x":0,"teft_cards_image_focal_point_y":0,"teft_cards_title":"","teft_cards_excerpt":"","teft_show_chapters":false,"footnotes":""},"opinion-category":[],"class_list":["post-917","opinion","type-opinion","status-publish","hentry"],"yoast_head":"<!-- This site is optimized with the Yoast SEO plugin v26.6 - https:\/\/yoast.com\/wordpress\/plugins\/seo\/ -->\n<title>Forsvar og beredskap - Tr\u00f8ndelag H\u00f8yre<\/title>\n<meta name=\"robots\" content=\"index, follow, max-snippet:-1, max-image-preview:large, max-video-preview:-1\" \/>\n<link rel=\"canonical\" href=\"https:\/\/hoyre.no\/trondelag\/opinion\/forsvar-og-beredskap\/\" \/>\n<meta property=\"og:locale\" content=\"nb_NO\" \/>\n<meta property=\"og:type\" content=\"article\" \/>\n<meta property=\"og:title\" content=\"Forsvar og beredskap - Tr\u00f8ndelag H\u00f8yre\" \/>\n<meta property=\"og:url\" content=\"https:\/\/hoyre.no\/trondelag\/opinion\/forsvar-og-beredskap\/\" \/>\n<meta property=\"og:site_name\" content=\"Tr\u00f8ndelag H\u00f8yre\" \/>\n<meta property=\"article:modified_time\" content=\"2024-02-09T12:20:32+00:00\" \/>\n<meta property=\"og:image\" content=\"https:\/\/hoyre.no\/content\/uploads\/sites\/13\/2022\/11\/Hoyres-logo.png\" \/>\n\t<meta property=\"og:image:width\" content=\"1000\" \/>\n\t<meta property=\"og:image:height\" content=\"1000\" \/>\n\t<meta property=\"og:image:type\" content=\"image\/png\" \/>\n<meta name=\"twitter:card\" content=\"summary_large_image\" \/>\n<meta name=\"twitter:label1\" content=\"Ansl. lesetid\" \/>\n\t<meta name=\"twitter:data1\" content=\"3 minutter\" \/>\n<script type=\"application\/ld+json\" class=\"yoast-schema-graph\">{\"@context\":\"https:\/\/schema.org\",\"@graph\":[{\"@type\":\"WebPage\",\"@id\":\"https:\/\/hoyre.no\/trondelag\/opinion\/forsvar-og-beredskap\/\",\"url\":\"https:\/\/hoyre.no\/trondelag\/opinion\/forsvar-og-beredskap\/\",\"name\":\"Forsvar og beredskap - Tr\u00f8ndelag H\u00f8yre\",\"isPartOf\":{\"@id\":\"https:\/\/hoyre.no\/trondelag\/#website\"},\"datePublished\":\"2024-02-09T12:20:31+00:00\",\"dateModified\":\"2024-02-09T12:20:32+00:00\",\"breadcrumb\":{\"@id\":\"https:\/\/hoyre.no\/trondelag\/opinion\/forsvar-og-beredskap\/#breadcrumb\"},\"inLanguage\":\"nb-NO\",\"potentialAction\":[{\"@type\":\"ReadAction\",\"target\":[\"https:\/\/hoyre.no\/trondelag\/opinion\/forsvar-og-beredskap\/\"]}]},{\"@type\":\"BreadcrumbList\",\"@id\":\"https:\/\/hoyre.no\/trondelag\/opinion\/forsvar-og-beredskap\/#breadcrumb\",\"itemListElement\":[{\"@type\":\"ListItem\",\"position\":1,\"name\":\"Til hoyre.no\",\"item\":\"https:\/\/hoyre.no\"},{\"@type\":\"ListItem\",\"position\":2,\"name\":\"Hjem\",\"item\":\"https:\/\/hoyre.no\/trondelag\/\"},{\"@type\":\"ListItem\",\"position\":3,\"name\":\"Forsvar og beredskap\"}]},{\"@type\":\"WebSite\",\"@id\":\"https:\/\/hoyre.no\/trondelag\/#website\",\"url\":\"https:\/\/hoyre.no\/trondelag\/\",\"name\":\"Tr\u00f8ndelag H\u00f8yre\",\"description\":\"Bare enda et H\u00f8yres nettsteder-nettsted\",\"inLanguage\":\"nb-NO\"}]}<\/script>\n<!-- \/ Yoast SEO plugin. -->","yoast_head_json":{"title":"Forsvar og beredskap - Tr\u00f8ndelag H\u00f8yre","robots":{"index":"index","follow":"follow","max-snippet":"max-snippet:-1","max-image-preview":"max-image-preview:large","max-video-preview":"max-video-preview:-1"},"canonical":"https:\/\/hoyre.no\/trondelag\/opinion\/forsvar-og-beredskap\/","og_locale":"nb_NO","og_type":"article","og_title":"Forsvar og beredskap - Tr\u00f8ndelag H\u00f8yre","og_url":"https:\/\/hoyre.no\/trondelag\/opinion\/forsvar-og-beredskap\/","og_site_name":"Tr\u00f8ndelag H\u00f8yre","article_modified_time":"2024-02-09T12:20:32+00:00","og_image":[{"width":1000,"height":1000,"url":"https:\/\/hoyre.no\/content\/uploads\/sites\/13\/2022\/11\/Hoyres-logo.png","type":"image\/png"}],"twitter_card":"summary_large_image","twitter_misc":{"Ansl. lesetid":"3 minutter"},"schema":{"@context":"https:\/\/schema.org","@graph":[{"@type":"WebPage","@id":"https:\/\/hoyre.no\/trondelag\/opinion\/forsvar-og-beredskap\/","url":"https:\/\/hoyre.no\/trondelag\/opinion\/forsvar-og-beredskap\/","name":"Forsvar og beredskap - Tr\u00f8ndelag H\u00f8yre","isPartOf":{"@id":"https:\/\/hoyre.no\/trondelag\/#website"},"datePublished":"2024-02-09T12:20:31+00:00","dateModified":"2024-02-09T12:20:32+00:00","breadcrumb":{"@id":"https:\/\/hoyre.no\/trondelag\/opinion\/forsvar-og-beredskap\/#breadcrumb"},"inLanguage":"nb-NO","potentialAction":[{"@type":"ReadAction","target":["https:\/\/hoyre.no\/trondelag\/opinion\/forsvar-og-beredskap\/"]}]},{"@type":"BreadcrumbList","@id":"https:\/\/hoyre.no\/trondelag\/opinion\/forsvar-og-beredskap\/#breadcrumb","itemListElement":[{"@type":"ListItem","position":1,"name":"Til hoyre.no","item":"https:\/\/hoyre.no"},{"@type":"ListItem","position":2,"name":"Hjem","item":"https:\/\/hoyre.no\/trondelag\/"},{"@type":"ListItem","position":3,"name":"Forsvar og beredskap"}]},{"@type":"WebSite","@id":"https:\/\/hoyre.no\/trondelag\/#website","url":"https:\/\/hoyre.no\/trondelag\/","name":"Tr\u00f8ndelag H\u00f8yre","description":"Bare enda et H\u00f8yres nettsteder-nettsted","inLanguage":"nb-NO"}]}},"distributor_meta":false,"distributor_terms":false,"distributor_media":false,"distributor_original_site_name":"Tr\u00f8ndelag H\u00f8yre","distributor_original_site_url":"https:\/\/hoyre.no\/trondelag","push-errors":false,"_links":{"self":[{"href":"https:\/\/hoyre.no\/trondelag\/wp-json\/wp\/v2\/opinion\/917","targetHints":{"allow":["GET"]}}],"collection":[{"href":"https:\/\/hoyre.no\/trondelag\/wp-json\/wp\/v2\/opinion"}],"about":[{"href":"https:\/\/hoyre.no\/trondelag\/wp-json\/wp\/v2\/types\/opinion"}],"version-history":[{"count":1,"href":"https:\/\/hoyre.no\/trondelag\/wp-json\/wp\/v2\/opinion\/917\/revisions"}],"predecessor-version":[{"id":918,"href":"https:\/\/hoyre.no\/trondelag\/wp-json\/wp\/v2\/opinion\/917\/revisions\/918"}],"wp:attachment":[{"href":"https:\/\/hoyre.no\/trondelag\/wp-json\/wp\/v2\/media?parent=917"}],"wp:term":[{"taxonomy":"opinion-category","embeddable":true,"href":"https:\/\/hoyre.no\/trondelag\/wp-json\/wp\/v2\/opinion-category?post=917"}],"curies":[{"name":"wp","href":"https:\/\/api.w.org\/{rel}","templated":true}]}}

<div class="wp-block-teft-factbox is-style-blue"><div class="factbox-inner"><div class="entry-content"><h4 class="toggle">Debattnotat skrevet til fylkesårsmøte i Trøndelag Høyre 2024, av programkomiteen Trøndelag Høyre ved<br>Geir Jostein Ørsjødal, Knut Snorre Sandnes og Henrik Devik<br><br>Siden Russland gikk til krig mot Ukraina er synet på forsvar og beredskap i ferd med å endre seg radikalt, men om endringer skjer raskt nok er et åpent spørsmål. Skulle krigen i Ukraina vedvare over tid og Russland vinne mener mange at Putin ikke vil stoppe der. <br>Russland har bevist at de ønsker krig, og så lenge de tror de kan vinne vil de fortsette. Om det ikke er fakta er det iallfall et reelt scenario. Siden andre verdenskrig har den vestlige kulturen og demokratier sett på krig og konflikter som mer eller mindre irrasjonelle tanker, noe som har ført til at bevilgninger til forsvar i mange land er sterkt redusert. Tyskland har etter WW2 tatt et oppgjør med sitt totalitære styre under Hitler, men Russland har aldri gjort den øvelsen og heller beveger seg i motsatt retning under Putin.<br><br><strong>Tema til diskusjon</strong><br>Verneplikt, skal vi øke andelen som gjennomfører førstegangstjeneste fra dagens 15% til minimum 50% eller kanskje 80%?<br><br>Skal jenter inn på lik linje med gutta?<br><br>Skal vi ha som mål innen 4 år å være på samme nivå med Finland når det kommer til personell i aktiv militærtjeneste? Finland har 24000 i aktiv tjeneste, Norge har 20 000 aktivt personell). Finland har 280000 aktiv personell i mobiliserbar kapasitet og 900000 i reserve.<br><br>Betydelig økning av produksjon av ammunisjon og granater. Basert på åpne kilder anslår Nammo at NATO vil trenge 430 000 granater daglig dersom vi får en fullskala krig i Europa, eller 13 millioner granater på 30 dager. Nammo har en betydelig kapasitet for produksjon av ammunisjon, men er ikke i nærheten av å kunne fylle behovet. Regjeringen har vært tilbakeholden med å gi NAMMO de ressursene de trenger, her forventes en betydelig endring og mer ressurser.<br><br>En dobling av forsvarsbudsjettet vil medføre tøffe prioriteringer, men mulig nødvendig. Sammen med våre venner i Sverige og Finland burde det være mulig å få opp et forsvar som står seg i konflikt.<br>Spørsmålet er hvor vi kan hente pengene fra, hvilke velferdsgoder vi kan gi avkall på for å prioritere forsvaret mer.<br><br><strong>Beredskap til diskusjon</strong><br>Samferdselsprosjekter som er grenseoverskridende, må prioriteres. De viktigste ferdselsårene over grensa til Sverige må snarest utbedres, ikke bare Stjørdal-Sundsval men også RV72 til E14 og FV 755 ut til hovedkampflybasen.<br><br>Flaskehalser ved samtlige grenseveier utbedres.<br><br>Stopp eller begrense elektrifisering av oljeplattformer og andre kostbare klimatiltak en periode, ressursene må gå til forsvar og beredskap.<br>Matproduksjon i egen regi og matlager er plutselig blitt mer aktuelt, hvem har ansvaret?<br>Hva med sivilforsvaret. Status i dag er at det ikke er penger til øving og innkjøp av nødvendig materiell. I en tid med både flere naturkatastrofer og uroligheter, forventes det innsats?<br></h4></div></div></div>

<!-- This site is optimized with the Yoast SEO plugin v26.6 - https://yoast.com/wordpress/plugins/seo/ -->
<title>Forsvar og beredskap - Trøndelag Høyre</title>
<meta name="robots" content="index, follow, max-snippet:-1, max-image-preview:large, max-video-preview:-1" />
<link rel="canonical" href="https://hoyre.no/trondelag/opinion/forsvar-og-beredskap/" />
<meta property="og:locale" content="nb_NO" />
<meta property="og:type" content="article" />
<meta property="og:title" content="Forsvar og beredskap - Trøndelag Høyre" />
<meta property="og:url" content="https://hoyre.no/trondelag/opinion/forsvar-og-beredskap/" />
<meta property="og:site_name" content="Trøndelag Høyre" />
<meta property="article:modified_time" content="2024-02-09T12:20:32+00:00" />
<meta property="og:image" content="https://hoyre.no/content/uploads/sites/13/2022/11/Hoyres-logo.png" />
	<meta property="og:image:width" content="1000" />
	<meta property="og:image:height" content="1000" />
	<meta property="og:image:type" content="image/png" />
<meta name="twitter:card" content="summary_large_image" />
<meta name="twitter:label1" content="Ansl. lesetid" />
	<meta name="twitter:data1" content="3 minutter" />
<script type="application/ld+json" class="yoast-schema-graph">{"@context":"https://schema.org","@graph":[{"@type":"WebPage","@id":"https://hoyre.no/trondelag/opinion/forsvar-og-beredskap/","url":"https://hoyre.no/trondelag/opinion/forsvar-og-beredskap/","name":"Forsvar og beredskap - Trøndelag Høyre","isPartOf":{"@id":"https://hoyre.no/trondelag/#website"},"datePublished":"2024-02-09T12:20:31+00:00","dateModified":"2024-02-09T12:20:32+00:00","breadcrumb":{"@id":"https://hoyre.no/trondelag/opinion/forsvar-og-beredskap/#breadcrumb"},"inLanguage":"nb-NO","potentialAction":[{"@type":"ReadAction","target":["https://hoyre.no/trondelag/opinion/forsvar-og-beredskap/"]}]},{"@type":"BreadcrumbList","@id":"https://hoyre.no/trondelag/opinion/forsvar-og-beredskap/#breadcrumb","itemListElement":[{"@type":"ListItem","position":1,"name":"Til hoyre.no","item":"https://hoyre.no"},{"@type":"ListItem","position":2,"name":"Hjem","item":"https://hoyre.no/trondelag/"},{"@type":"ListItem","position":3,"name":"Forsvar og beredskap"}]},{"@type":"WebSite","@id":"https://hoyre.no/trondelag/#website","url":"https://hoyre.no/trondelag/","name":"Trøndelag Høyre","description":"Bare enda et Høyres nettsteder-nettsted","inLanguage":"nb-NO"}]}</script>
<!-- / Yoast SEO plugin. -->

Forsvar og beredskap - Trøndelag Høyre

Trøndelag Høyre

Bare enda et Høyres nettsteder-nettsted
