{"id":612,"date":"2023-04-28T12:27:51","date_gmt":"2023-04-28T10:27:51","guid":{"rendered":"https:\/\/hoyre.no\/trondelag\/?page_id=612"},"modified":"2023-05-03T13:46:07","modified_gmt":"2023-05-03T11:46:07","slug":"hvorfor-stemme-trondelag-hoyre","status":"publish","type":"page","link":"https:\/\/hoyre.no\/trondelag\/hvorfor-stemme-trondelag-hoyre\/","title":{"rendered":"Hvorfor stemme Tr\u00f8ndelag H\u00f8yre?"},"content":{"rendered":"\n<div class=\"wp-block-hoyre-hero with-image-gradient text-color-light  has-media alignfull has-background\"><div class=\"hoyre-hero has-image\"><h1 class=\"title\">8 gode grunner til \u00e5 stemme Tr\u00f8ndelag H\u00f8yre <\/h1><p class=\"preamble\">Fylkestingsvalget 2023<\/p>\t\t\t<div class=\"post-meta wp-block teft-byline-wrapper\">\n\t\t\t\t<div class=\"top\">\n\t\t\t\t\t<div class=\"signature\">\n\t\t\t\t\t\t<div class=\"teft-byline\">\n\t\t\t\t\t\t\t\t\t\t\t\t\t\t<div>\n\t\t\t\t\t\t\t\t<h3>H\u00f8yres redaksjon<\/h3>\t\t\t\t\t\t\t\t\n\t\t\t\t\t\t\t\t\t\t\t\t\t\t\t\t\t<span class=\"date\">Sist oppdatert: 3. mai 2023<\/span>\n\t\t\t\t\t\t\t\t\t\t\t\t\t\t\t\t\t\t\t\t\t\t\t\t\t<span class=\"reading-time\" itemprop=\"timeRequired\" content=\"PT5M\"><em>Ca. 5 minutter lesetid<\/em><\/span>\n\t\t\t\t\t\t\t\t\t\t\t\t\t\t\t<\/div>\n\t\t\t\t\t\t<\/div>\n\t\t\t\t\t<\/div>\n\t\t\t\t\t\t<div class=\"sharing\">\n\t\t<a class=\"share-button share-link copy-link\" data-copy=\"https:\/\/hoyre.no\/trondelag\/hvorfor-stemme-trondelag-hoyre\/\" target=\"_blank\"><span class=\"screen-reader-text\">Del link<\/span><\/a>\n\t\t<a class=\"share-button share-twitter\" href=\"http:\/\/twitter.com\/share?text=Hvorfor stemme Tr\u00f8ndelag H\u00f8yre?&#038;url=https:\/\/hoyre.no\/trondelag\/hvorfor-stemme-trondelag-hoyre\/&#038;hashtags=Hoyre\" target=\"_blank\"><span class=\"screen-reader-text\">Del p\u00e5 twitter<\/span><\/a>\n\t\t<a class=\"share-button share-facebook\" href=\"https:\/\/www.facebook.com\/sharer\/sharer.php?u=https:\/\/hoyre.no\/trondelag\/hvorfor-stemme-trondelag-hoyre\/\" target=\"_blank\"><span class=\"screen-reader-text\">Del p\u00e5 facebook<\/span><\/a>\n\t<\/div>\n\t\t\t\t\t<\/div>\n\t\t\t<\/div>\n\n\t\t\t<figure class=\"hoyre-image-wrapper\"><div class=\"hoyre-image\"><img loading=\"lazy\" decoding=\"async\" width=\"2500\" height=\"1667\" src=\"https:\/\/hoyre.no\/content\/uploads\/sites\/13\/2023\/04\/Trondheim_-_foto_Hans_Kristian_ThorbjC3B8rnsen-6020-1-scaled.jpg\" class=\"attachment-scaled size-scaled\" alt=\"\" style=\"object-position: 44% 65%\" srcset=\"https:\/\/hoyre.no\/content\/uploads\/sites\/13\/2023\/04\/Trondheim_-_foto_Hans_Kristian_ThorbjC3B8rnsen-6020-1-scaled.jpg 2500w, https:\/\/hoyre.no\/content\/uploads\/sites\/13\/2023\/04\/Trondheim_-_foto_Hans_Kristian_ThorbjC3B8rnsen-6020-1-300x200.jpg 300w, https:\/\/hoyre.no\/content\/uploads\/sites\/13\/2023\/04\/Trondheim_-_foto_Hans_Kristian_ThorbjC3B8rnsen-6020-1-1024x683.jpg 1024w, https:\/\/hoyre.no\/content\/uploads\/sites\/13\/2023\/04\/Trondheim_-_foto_Hans_Kristian_ThorbjC3B8rnsen-6020-1-768x512.jpg 768w, https:\/\/hoyre.no\/content\/uploads\/sites\/13\/2023\/04\/Trondheim_-_foto_Hans_Kristian_ThorbjC3B8rnsen-6020-1-1536x1024.jpg 1536w, https:\/\/hoyre.no\/content\/uploads\/sites\/13\/2023\/04\/Trondheim_-_foto_Hans_Kristian_ThorbjC3B8rnsen-6020-1-2048x1365.jpg 2048w\" sizes=\"auto, (max-width: 2500px) 100vw, 2500px\" \/><\/div><\/figure><\/div><\/div>\n\n\n\n\n\n<div class=\"wp-block-hoyre-banner alignwide undefined\"><div class=\"banner-inner\"><figure class=\"hoyre-image-wrapper\"><div class=\"hoyre-image\"><img loading=\"lazy\" decoding=\"async\" width=\"2550\" height=\"1700\" src=\"https:\/\/hoyre.no\/content\/uploads\/sites\/13\/2020\/11\/pal-sather-eiden-706.jpg\" class=\"attachment-scaled size-scaled\" alt=\"\" style=\"object-position: 56.00000000000001% 52%\" srcset=\"https:\/\/hoyre.no\/content\/uploads\/sites\/13\/2020\/11\/pal-sather-eiden-706.jpg 2550w, https:\/\/hoyre.no\/content\/uploads\/sites\/13\/2020\/11\/pal-sather-eiden-706-300x200.jpg 300w, https:\/\/hoyre.no\/content\/uploads\/sites\/13\/2020\/11\/pal-sather-eiden-706-1024x683.jpg 1024w, https:\/\/hoyre.no\/content\/uploads\/sites\/13\/2020\/11\/pal-sather-eiden-706-768x512.jpg 768w, https:\/\/hoyre.no\/content\/uploads\/sites\/13\/2020\/11\/pal-sather-eiden-706-1536x1024.jpg 1536w, https:\/\/hoyre.no\/content\/uploads\/sites\/13\/2020\/11\/pal-sather-eiden-706-2048x1365.jpg 2048w\" sizes=\"auto, (max-width: 2550px) 100vw, 2550px\" \/><\/div><\/figure><div class=\"banner-content\"><div class=\"entry-content\">\n<p>Etter 20 \u00e5r med Arbeiderparti-styre i Tr\u00f8ndelag, er tiden inne for et maktskifte. H\u00f8yre er partiet som \u00f8nsker et Tr\u00f8ndelag med muligheter for alle. Vi er klare til \u00e5 jobbe for et best mulig Tr\u00f8ndelag i \u00e5rene som kommer!<\/p>\n\n\n\n<ul class=\"wp-block-list\"><li><em>P\u00e5l S\u00e6ther Eiden, Fylkesordf\u00f8rerkandidat<\/em><\/li><\/ul>\n\n\n\n<div class=\"wp-block-buttons is-layout-flex wp-block-buttons-is-layout-flex\">\n<div class=\"wp-block-button\"><a class=\"wp-block-button__link\" href=\"https:\/\/hoyre.no\/trondelag\/fylkesordforerkandidaten\/\">Bli kjent med p\u00e5l<\/a><\/div>\n<\/div>\n<\/div><\/div><\/div><\/div>\n\n\n\n<div class=\"wp-block-media-text alignwide is-stacked-on-mobile\"><figure class=\"wp-block-media-text__media\"><img loading=\"lazy\" decoding=\"async\" width=\"1024\" height=\"683\" src=\"https:\/\/hoyre.no\/content\/uploads\/sites\/13\/2023\/04\/Trondheim_-_foto_Hans_Kristian_ThorbjC3B8rnsen-6020-1-1024x683.jpg\" alt=\"\" class=\"wp-image-645 size-full\" srcset=\"https:\/\/hoyre.no\/content\/uploads\/sites\/13\/2023\/04\/Trondheim_-_foto_Hans_Kristian_ThorbjC3B8rnsen-6020-1-1024x683.jpg 1024w, https:\/\/hoyre.no\/content\/uploads\/sites\/13\/2023\/04\/Trondheim_-_foto_Hans_Kristian_ThorbjC3B8rnsen-6020-1-300x200.jpg 300w, https:\/\/hoyre.no\/content\/uploads\/sites\/13\/2023\/04\/Trondheim_-_foto_Hans_Kristian_ThorbjC3B8rnsen-6020-1-768x512.jpg 768w, https:\/\/hoyre.no\/content\/uploads\/sites\/13\/2023\/04\/Trondheim_-_foto_Hans_Kristian_ThorbjC3B8rnsen-6020-1-1536x1024.jpg 1536w, https:\/\/hoyre.no\/content\/uploads\/sites\/13\/2023\/04\/Trondheim_-_foto_Hans_Kristian_ThorbjC3B8rnsen-6020-1-2048x1365.jpg 2048w\" sizes=\"auto, (max-width: 1024px) 100vw, 1024px\" \/><\/figure><div class=\"wp-block-media-text__content\">\n<p><strong>Trygg og sikker styring <\/strong>\u00a0<\/p>\n\n\n\n<p>I en tid med prisvekst og mer usikkerhet for folk flest, trenger vi politikere som bidrar til trygghet og forutsigbarhet. Regjeringen bidrar til det motsatte av dette. Innf\u00f8ringen av grunnrenteskatt p\u00e5 havbruk er et godt eksempel p\u00e5 uforutsigbarhet, det samme er kuttene i campus NTNU. I fylkespolitikken er det ikke gjort nok for \u00e5 prioritere riktig. H\u00f8yre er alternativet for deg som \u00f8nsker trygg og sikker styring av Tr\u00f8ndelag.<\/p>\n<\/div><\/div>\n\n\n\n<div class=\"wp-block-media-text alignwide has-media-on-the-right is-stacked-on-mobile\"><figure class=\"wp-block-media-text__media\"><img loading=\"lazy\" decoding=\"async\" width=\"1024\" height=\"681\" src=\"https:\/\/hoyre.no\/content\/uploads\/sites\/13\/2023\/04\/GettyImages-171303303-1-1024x681.jpg\" alt=\"\" class=\"wp-image-618 size-full\" srcset=\"https:\/\/hoyre.no\/content\/uploads\/sites\/13\/2023\/04\/GettyImages-171303303-1-1024x681.jpg 1024w, https:\/\/hoyre.no\/content\/uploads\/sites\/13\/2023\/04\/GettyImages-171303303-1-300x200.jpg 300w, https:\/\/hoyre.no\/content\/uploads\/sites\/13\/2023\/04\/GettyImages-171303303-1-768x511.jpg 768w, https:\/\/hoyre.no\/content\/uploads\/sites\/13\/2023\/04\/GettyImages-171303303-1-1536x1022.jpg 1536w, https:\/\/hoyre.no\/content\/uploads\/sites\/13\/2023\/04\/GettyImages-171303303-1-2048x1363.jpg 2048w\" sizes=\"auto, (max-width: 1024px) 100vw, 1024px\" \/><\/figure><div class=\"wp-block-media-text__content\">\n<p><strong>Verdens beste skole<\/strong><\/p>\n\n\n\n<p>H\u00f8yre vil skape \u00abverdens beste skole\u00bb hvor m\u00e5let er at alle skal fullf\u00f8re. Ved tidlig innsats og en skole tilpasset den enkelte og arbeidslivets behov skal elevene l\u00e6re mer og trives bedre. Slik gir vi de unge et godt fundament for resten av livet. H\u00f8yre vil innf\u00f8re en inntaksordning som gjennom fritt skolevalg gir alle elever i Tr\u00f8ndelag muligheten til \u00e5 velge den skolen som gir dem best muligheter til \u00e5 utnytte sine evner og interesser p\u00e5 en best mulig m\u00e5te.<\/p>\n<\/div><\/div>\n\n\n\n<div class=\"wp-block-media-text alignwide is-stacked-on-mobile\"><figure class=\"wp-block-media-text__media\"><img loading=\"lazy\" decoding=\"async\" width=\"1024\" height=\"658\" src=\"https:\/\/hoyre.no\/content\/uploads\/sites\/13\/2023\/04\/GettyImages-134440844-1-1024x658.jpg\" alt=\"\" class=\"wp-image-619 size-full\" srcset=\"https:\/\/hoyre.no\/content\/uploads\/sites\/13\/2023\/04\/GettyImages-134440844-1-1024x658.jpg 1024w, https:\/\/hoyre.no\/content\/uploads\/sites\/13\/2023\/04\/GettyImages-134440844-1-300x193.jpg 300w, https:\/\/hoyre.no\/content\/uploads\/sites\/13\/2023\/04\/GettyImages-134440844-1-768x493.jpg 768w, https:\/\/hoyre.no\/content\/uploads\/sites\/13\/2023\/04\/GettyImages-134440844-1-1536x987.jpg 1536w, https:\/\/hoyre.no\/content\/uploads\/sites\/13\/2023\/04\/GettyImages-134440844-1-2048x1316.jpg 2048w\" sizes=\"auto, (max-width: 1024px) 100vw, 1024px\" \/><\/figure><div class=\"wp-block-media-text__content\">\n<p><strong>Trygt frem, og raskt hjem<\/strong><\/p>\n\n\n\n<p>\u00c5r etter \u00e5r \u00f8ker vedlikeholdsetterslepet p\u00e5 fylkesveiene p\u00e5 grunn av manglende vilje til \u00e5 vedlikeholde dem. Budsjettene m\u00e5 styrkes, veiene m\u00e5 vedlikeholdes og utbygging av veier m\u00e5 skje effektivt og i sammenheng. Det handler om \u00e5 legge til<br>rette for at folk kan bo og arbeide i hele fylket. For \u00e5 styrke kollektivtilbudet vil vi ikke bare redusere prisene der det er mulig men ogs\u00e5 utvide og styrke tilbudet slik at flere kan velge buss og andre kollektivtilbud.<\/p>\n\n\n\n<p>&nbsp;<\/p>\n<\/div><\/div>\n\n\n\n<div class=\"wp-block-media-text alignwide has-media-on-the-right is-stacked-on-mobile\"><figure class=\"wp-block-media-text__media\"><img loading=\"lazy\" decoding=\"async\" width=\"1024\" height=\"683\" src=\"https:\/\/hoyre.no\/content\/uploads\/sites\/13\/2023\/04\/GettyImages-1305286523-1024x683.jpg\" alt=\"\" class=\"wp-image-620 size-full\" srcset=\"https:\/\/hoyre.no\/content\/uploads\/sites\/13\/2023\/04\/GettyImages-1305286523-1024x683.jpg 1024w, https:\/\/hoyre.no\/content\/uploads\/sites\/13\/2023\/04\/GettyImages-1305286523-300x200.jpg 300w, https:\/\/hoyre.no\/content\/uploads\/sites\/13\/2023\/04\/GettyImages-1305286523-768x512.jpg 768w, https:\/\/hoyre.no\/content\/uploads\/sites\/13\/2023\/04\/GettyImages-1305286523-1536x1024.jpg 1536w, https:\/\/hoyre.no\/content\/uploads\/sites\/13\/2023\/04\/GettyImages-1305286523-2048x1365.jpg 2048w\" sizes=\"auto, (max-width: 1024px) 100vw, 1024px\" \/><\/figure><div class=\"wp-block-media-text__content\">\n<p><strong>Verdiene m\u00e5 skapes f\u00f8r de kan deles<\/strong><\/p>\n\n\n\n<p>Verdiene m\u00e5 skapes f\u00f8r de kan deles, og den beste velferden vil alltid v\u00e6re \u00e5 ha et arbeid \u00e5 g\u00e5 til. V\u00e5rt m\u00e5l<br>er at alle som kan jobbe, skal f\u00e5 muligheten til \u00e5 jobbe. Den skapende kraften som finnes i hvert enkelt menneske og et fritt n\u00e6ringsliv, er selve grunnlaget for velferden. Deltagelse i arbeidslivet er viktig b\u00e5de sosialt og for den enkeltes helse. Derfor \u00f8nsker H\u00f8yre et mer n\u00e6ringsvennlig Tr\u00f8ndelag.<\/p>\n<\/div><\/div>\n\n\n\n<div class=\"wp-block-media-text alignwide is-stacked-on-mobile\"><figure class=\"wp-block-media-text__media\"><img loading=\"lazy\" decoding=\"async\" width=\"1024\" height=\"683\" src=\"https:\/\/hoyre.no\/content\/uploads\/sites\/13\/2023\/04\/GettyImages-1292878815-1024x683.jpg\" alt=\"\" class=\"wp-image-621 size-full\" srcset=\"https:\/\/hoyre.no\/content\/uploads\/sites\/13\/2023\/04\/GettyImages-1292878815-1024x683.jpg 1024w, https:\/\/hoyre.no\/content\/uploads\/sites\/13\/2023\/04\/GettyImages-1292878815-300x200.jpg 300w, https:\/\/hoyre.no\/content\/uploads\/sites\/13\/2023\/04\/GettyImages-1292878815-768x513.jpg 768w, https:\/\/hoyre.no\/content\/uploads\/sites\/13\/2023\/04\/GettyImages-1292878815-1536x1025.jpg 1536w, https:\/\/hoyre.no\/content\/uploads\/sites\/13\/2023\/04\/GettyImages-1292878815-2048x1367.jpg 2048w\" sizes=\"auto, (max-width: 1024px) 100vw, 1024px\" \/><\/figure><div class=\"wp-block-media-text__content\">\n<p><strong>Kutt utslippene, ikke utviklingen<\/strong><\/p>\n\n\n\n<p>Gr\u00f8nn omstilling er viktig for \u00e5 ta vare p\u00e5 det samfunnet vi lever i, og gir samtidig store muligheter for n\u00e6ringslivet i Tr\u00f8ndelag. H\u00f8yre vil v\u00e6re en p\u00e5driver for mer produksjon av fornybar energi slik at n\u00e6ringslivet og husholdningene f\u00e5r nok<br>gr\u00f8nn energi til rimelige priser. I partnerskap med n\u00e6ringsliv og forskningsinstitusjoner i Tr\u00f8ndelag vil vi utstyre offentlige bygg med&nbsp;solcellepaneler, erstatte veibelysning med ledlys og ta i bruk klimavennlig&nbsp;drivstoff i kollektivtrafikken.<\/p>\n\n\n\n<p>&nbsp;<\/p>\n\n\n\n<p><\/p>\n<\/div><\/div>\n\n\n\n<div class=\"wp-block-media-text alignwide has-media-on-the-right is-stacked-on-mobile\"><figure class=\"wp-block-media-text__media\"><img loading=\"lazy\" decoding=\"async\" width=\"1024\" height=\"576\" src=\"https:\/\/hoyre.no\/content\/uploads\/sites\/13\/2020\/12\/Stortinget-1024x576.jpg\" alt=\"\" class=\"wp-image-418 size-full\" srcset=\"https:\/\/hoyre.no\/content\/uploads\/sites\/13\/2020\/12\/Stortinget-1024x576.jpg 1024w, https:\/\/hoyre.no\/content\/uploads\/sites\/13\/2020\/12\/Stortinget-300x169.jpg 300w, https:\/\/hoyre.no\/content\/uploads\/sites\/13\/2020\/12\/Stortinget-768x432.jpg 768w, https:\/\/hoyre.no\/content\/uploads\/sites\/13\/2020\/12\/Stortinget.jpg 1096w\" sizes=\"auto, (max-width: 1024px) 100vw, 1024px\" \/><\/figure><div class=\"wp-block-media-text__content\">\n<p><strong>P\u00e5 parti med Tr\u00f8ndelag <\/strong><\/p>\n\n\n\n<p>H\u00f8yre \u00f8nsker \u00e5 ivareta tr\u00f8nderske interesser n\u00e5r regjeringen i en rekke saker har skapt utfordringer for fylket v\u00e5rt. Det er skapt tvil om fremdriften i byggingen av E6 gjennom fylket v\u00e5rt. NTNU og forskningsmilj\u00f8ene i Trondheim har blitt offer for store kutt som ogs\u00e5 vil ramme n\u00e6ringslivet i regionen. Nye skatter vil overf\u00f8re store bel\u00f8p fra kysten av Tr\u00f8ndelag til regjeringen i Oslo og redusere muligheten for \u00e5 bygge ut ny fornybar energi. Tr\u00f8ndelag H\u00f8yre vil ta kampen for Tr\u00f8ndelag nasjonalt. <\/p>\n<\/div><\/div>\n\n\n\n<div class=\"wp-block-media-text alignwide is-stacked-on-mobile\"><figure class=\"wp-block-media-text__media\"><img loading=\"lazy\" decoding=\"async\" width=\"1024\" height=\"683\" src=\"https:\/\/hoyre.no\/content\/uploads\/sites\/13\/2023\/04\/GettyImages-585084336-1024x683.jpg\" alt=\"\" class=\"wp-image-623 size-full\" srcset=\"https:\/\/hoyre.no\/content\/uploads\/sites\/13\/2023\/04\/GettyImages-585084336-1024x683.jpg 1024w, https:\/\/hoyre.no\/content\/uploads\/sites\/13\/2023\/04\/GettyImages-585084336-300x200.jpg 300w, https:\/\/hoyre.no\/content\/uploads\/sites\/13\/2023\/04\/GettyImages-585084336-768x512.jpg 768w, https:\/\/hoyre.no\/content\/uploads\/sites\/13\/2023\/04\/GettyImages-585084336-1536x1024.jpg 1536w, https:\/\/hoyre.no\/content\/uploads\/sites\/13\/2023\/04\/GettyImages-585084336-2048x1365.jpg 2048w\" sizes=\"auto, (max-width: 1024px) 100vw, 1024px\" \/><\/figure><div class=\"wp-block-media-text__content\">\n<p><strong>Kultur og folkehelse for gode liv<\/strong><\/p>\n\n\n\n<p>Skal folk velge \u00e5 bo i Tr\u00f8ndelag m\u00e5 vi skape en lyst til \u00e5 bo her, enten det er by eller land, kyst, innland eller fjell. Bolysten er sterkt knyttet til folkehelse, frivillighet, kulturtilbud, idrett og friluftsliv. Mangfold, likestilling og inkludering er en kjerneverdi for H\u00f8yre, enten det dreier seg minoriteter, kj\u00f8nnsmangfold, mennesker med nedsatt funksjonsevne eller andre.<\/p>\n<\/div><\/div>\n\n\n\n<div class=\"wp-block-media-text alignwide has-media-on-the-right is-stacked-on-mobile\"><figure class=\"wp-block-media-text__media\"><img loading=\"lazy\" decoding=\"async\" width=\"1024\" height=\"627\" src=\"https:\/\/hoyre.no\/content\/uploads\/sites\/13\/2023\/04\/sommer2018_172-1024x627.jpg\" alt=\"\" class=\"wp-image-629 size-full\" srcset=\"https:\/\/hoyre.no\/content\/uploads\/sites\/13\/2023\/04\/sommer2018_172-1024x627.jpg 1024w, https:\/\/hoyre.no\/content\/uploads\/sites\/13\/2023\/04\/sommer2018_172-300x184.jpg 300w, https:\/\/hoyre.no\/content\/uploads\/sites\/13\/2023\/04\/sommer2018_172-768x471.jpg 768w, https:\/\/hoyre.no\/content\/uploads\/sites\/13\/2023\/04\/sommer2018_172-1536x941.jpg 1536w, https:\/\/hoyre.no\/content\/uploads\/sites\/13\/2023\/04\/sommer2018_172-2048x1255.jpg 2048w\" sizes=\"auto, (max-width: 1024px) 100vw, 1024px\" \/><\/figure><div class=\"wp-block-media-text__content\">\n<p><strong>Matfylket Tr\u00f8ndelag<\/strong><\/p>\n\n\n\n<p>Verdens beste r\u00e5varer servert p\u00e5 Michelinrestauranter\u00a0og med slagordet &laquo;Home of Nordic Flavors&raquo; har satt Tr\u00f8ndelag p\u00e5 Europas matkart som Norges fremste matregion. H\u00f8yre skal arbeide beholde posisjonen som Norges ubestridt beste matregion ved \u00e5 legge til rette for landbruk, fiskeri og havbruk, n\u00e6ringsmiddelindustri, restauranter, reiseliv og opplevelser. <\/p>\n<\/div><\/div>\n\n\n\t\t\t<div class=\"wp-block-hoyre-list alignfull has-background\">\n\t\t\t\t<div class=\"block-inner\">\n\t\t\t\t\t\t<div class=\"post-wrap links-wrapper-outer\">\n\t\t<h2 class=\"title anchor-title\">Fylkestingsvalget 2023<\/h2>\t\t<div class=\"link-list-inner\">\n\t\t\t\n\n<div class=\"wp-block-button\"><a class=\"wp-block-button__link\" href=\"https:\/\/hoyre.no\/trondelag\/fylkesordforerkandidaten\/\">Bli kjent med v\u00e5r Fylkesordf\u00f8rerkandidat <\/a><\/div>\n\n\n\n<div class=\"wp-block-button\"><a class=\"wp-block-button__link\" href=\"https:\/\/hoyre.no\/bli-med\/\">Bli med i H\u00f8yre!<\/a><\/div>\n\n\t\t<\/div>\n\t<\/div>\n\t\t\t\t\t<\/div>\n\t\t\t<\/div>\n\t\t\t","protected":false},"excerpt":{"rendered":"<p>Trygg og sikker styring \u00a0 I en tid med prisvekst og mer usikkerhet for folk flest, trenger vi politikere som bidrar til trygghet og forutsigbarhet. Regjeringen bidrar til det motsatte av dette. Innf\u00f8ringen av grunnrenteskatt p\u00e5 havbruk er et godt eksempel p\u00e5 uforutsigbarhet, det samme er kuttene i campus NTNU. I fylkespolitikken er det ikke [&hellip;]<\/p>\n","protected":false},"author":36266,"featured_media":0,"parent":0,"menu_order":0,"comment_status":"closed","ping_status":"closed","template":"","meta":{"teft_cards_image_url":"","teft_cards_custom_pretitle":"","teft_cards_image_id":0,"teft_cards_image_focal_point_x":0,"teft_cards_image_focal_point_y":0,"teft_cards_title":"","teft_cards_excerpt":"","teft_show_chapters":false,"footnotes":""},"class_list":["post-612","page","type-page","status-publish","hentry"],"yoast_head":"<!-- This site is optimized with the Yoast SEO plugin v26.6 - https:\/\/yoast.com\/wordpress\/plugins\/seo\/ -->\n<title>Hvorfor stemme Tr\u00f8ndelag H\u00f8yre? - Tr\u00f8ndelag H\u00f8yre<\/title>\n<meta name=\"robots\" content=\"index, follow, max-snippet:-1, max-image-preview:large, max-video-preview:-1\" \/>\n<link rel=\"canonical\" href=\"https:\/\/hoyre.no\/trondelag\/hvorfor-stemme-trondelag-hoyre\/\" \/>\n<meta property=\"og:locale\" content=\"nb_NO\" \/>\n<meta property=\"og:type\" content=\"article\" \/>\n<meta property=\"og:title\" content=\"Hvorfor stemme Tr\u00f8ndelag H\u00f8yre? - Tr\u00f8ndelag H\u00f8yre\" \/>\n<meta property=\"og:description\" content=\"Trygg og sikker styring \u00a0 I en tid med prisvekst og mer usikkerhet for folk flest, trenger vi politikere som bidrar til trygghet og forutsigbarhet. Regjeringen bidrar til det motsatte av dette. Innf\u00f8ringen av grunnrenteskatt p\u00e5 havbruk er et godt eksempel p\u00e5 uforutsigbarhet, det samme er kuttene i campus NTNU. I fylkespolitikken er det ikke [&hellip;]\" \/>\n<meta property=\"og:url\" content=\"https:\/\/hoyre.no\/trondelag\/hvorfor-stemme-trondelag-hoyre\/\" \/>\n<meta property=\"og:site_name\" content=\"Tr\u00f8ndelag H\u00f8yre\" \/>\n<meta property=\"article:modified_time\" content=\"2023-05-03T11:46:07+00:00\" \/>\n<meta property=\"og:image\" content=\"https:\/\/hoyre.no\/content\/uploads\/sites\/13\/2023\/04\/Trondheim_-_foto_Hans_Kristian_ThorbjC3B8rnsen-6020-1-1024x683.jpg\" \/>\n<meta name=\"twitter:card\" content=\"summary_large_image\" \/>\n<meta name=\"twitter:label1\" content=\"Ansl. lesetid\" \/>\n\t<meta name=\"twitter:data1\" content=\"6 minutter\" \/>\n<script type=\"application\/ld+json\" class=\"yoast-schema-graph\">{\"@context\":\"https:\/\/schema.org\",\"@graph\":[{\"@type\":\"WebPage\",\"@id\":\"https:\/\/hoyre.no\/trondelag\/hvorfor-stemme-trondelag-hoyre\/\",\"url\":\"https:\/\/hoyre.no\/trondelag\/hvorfor-stemme-trondelag-hoyre\/\",\"name\":\"Hvorfor stemme Tr\u00f8ndelag H\u00f8yre? - Tr\u00f8ndelag H\u00f8yre\",\"isPartOf\":{\"@id\":\"https:\/\/hoyre.no\/trondelag\/#website\"},\"image\":{\"@id\":\"https:\/\/hoyre.no\/trondelag\/hvorfor-stemme-trondelag-hoyre\/#primaryimage\"},\"thumbnailUrl\":\"https:\/\/hoyre.no\/content\/uploads\/sites\/13\/2023\/04\/Trondheim_-_foto_Hans_Kristian_ThorbjC3B8rnsen-6020-1-1024x683.jpg\",\"datePublished\":\"2023-04-28T10:27:51+00:00\",\"dateModified\":\"2023-05-03T11:46:07+00:00\",\"breadcrumb\":{\"@id\":\"https:\/\/hoyre.no\/trondelag\/hvorfor-stemme-trondelag-hoyre\/#breadcrumb\"},\"inLanguage\":\"nb-NO\",\"potentialAction\":[{\"@type\":\"ReadAction\",\"target\":[\"https:\/\/hoyre.no\/trondelag\/hvorfor-stemme-trondelag-hoyre\/\"]}]},{\"@type\":\"ImageObject\",\"inLanguage\":\"nb-NO\",\"@id\":\"https:\/\/hoyre.no\/trondelag\/hvorfor-stemme-trondelag-hoyre\/#primaryimage\",\"url\":\"https:\/\/hoyre.no\/content\/uploads\/sites\/13\/2023\/04\/Trondheim_-_foto_Hans_Kristian_ThorbjC3B8rnsen-6020-1-1024x683.jpg\",\"contentUrl\":\"https:\/\/hoyre.no\/content\/uploads\/sites\/13\/2023\/04\/Trondheim_-_foto_Hans_Kristian_ThorbjC3B8rnsen-6020-1-1024x683.jpg\"},{\"@type\":\"BreadcrumbList\",\"@id\":\"https:\/\/hoyre.no\/trondelag\/hvorfor-stemme-trondelag-hoyre\/#breadcrumb\",\"itemListElement\":[{\"@type\":\"ListItem\",\"position\":1,\"name\":\"Til hoyre.no\",\"item\":\"https:\/\/hoyre.no\"},{\"@type\":\"ListItem\",\"position\":2,\"name\":\"Hjem\",\"item\":\"https:\/\/hoyre.no\/trondelag\/\"},{\"@type\":\"ListItem\",\"position\":3,\"name\":\"Hvorfor stemme Tr\u00f8ndelag H\u00f8yre?\"}]},{\"@type\":\"WebSite\",\"@id\":\"https:\/\/hoyre.no\/trondelag\/#website\",\"url\":\"https:\/\/hoyre.no\/trondelag\/\",\"name\":\"Tr\u00f8ndelag H\u00f8yre\",\"description\":\"Bare enda et H\u00f8yres nettsteder-nettsted\",\"inLanguage\":\"nb-NO\"}]}<\/script>\n<!-- \/ Yoast SEO plugin. -->","yoast_head_json":{"title":"Hvorfor stemme Tr\u00f8ndelag H\u00f8yre? - Tr\u00f8ndelag H\u00f8yre","robots":{"index":"index","follow":"follow","max-snippet":"max-snippet:-1","max-image-preview":"max-image-preview:large","max-video-preview":"max-video-preview:-1"},"canonical":"https:\/\/hoyre.no\/trondelag\/hvorfor-stemme-trondelag-hoyre\/","og_locale":"nb_NO","og_type":"article","og_title":"Hvorfor stemme Tr\u00f8ndelag H\u00f8yre? - Tr\u00f8ndelag H\u00f8yre","og_description":"Trygg og sikker styring \u00a0 I en tid med prisvekst og mer usikkerhet for folk flest, trenger vi politikere som bidrar til trygghet og forutsigbarhet. Regjeringen bidrar til det motsatte av dette. Innf\u00f8ringen av grunnrenteskatt p\u00e5 havbruk er et godt eksempel p\u00e5 uforutsigbarhet, det samme er kuttene i campus NTNU. I fylkespolitikken er det ikke [&hellip;]","og_url":"https:\/\/hoyre.no\/trondelag\/hvorfor-stemme-trondelag-hoyre\/","og_site_name":"Tr\u00f8ndelag H\u00f8yre","article_modified_time":"2023-05-03T11:46:07+00:00","og_image":[{"url":"https:\/\/hoyre.no\/content\/uploads\/sites\/13\/2023\/04\/Trondheim_-_foto_Hans_Kristian_ThorbjC3B8rnsen-6020-1-1024x683.jpg","type":"","width":"","height":""}],"twitter_card":"summary_large_image","twitter_misc":{"Ansl. lesetid":"6 minutter"},"schema":{"@context":"https:\/\/schema.org","@graph":[{"@type":"WebPage","@id":"https:\/\/hoyre.no\/trondelag\/hvorfor-stemme-trondelag-hoyre\/","url":"https:\/\/hoyre.no\/trondelag\/hvorfor-stemme-trondelag-hoyre\/","name":"Hvorfor stemme Tr\u00f8ndelag H\u00f8yre? - Tr\u00f8ndelag H\u00f8yre","isPartOf":{"@id":"https:\/\/hoyre.no\/trondelag\/#website"},"image":{"@id":"https:\/\/hoyre.no\/trondelag\/hvorfor-stemme-trondelag-hoyre\/#primaryimage"},"thumbnailUrl":"https:\/\/hoyre.no\/content\/uploads\/sites\/13\/2023\/04\/Trondheim_-_foto_Hans_Kristian_ThorbjC3B8rnsen-6020-1-1024x683.jpg","datePublished":"2023-04-28T10:27:51+00:00","dateModified":"2023-05-03T11:46:07+00:00","breadcrumb":{"@id":"https:\/\/hoyre.no\/trondelag\/hvorfor-stemme-trondelag-hoyre\/#breadcrumb"},"inLanguage":"nb-NO","potentialAction":[{"@type":"ReadAction","target":["https:\/\/hoyre.no\/trondelag\/hvorfor-stemme-trondelag-hoyre\/"]}]},{"@type":"ImageObject","inLanguage":"nb-NO","@id":"https:\/\/hoyre.no\/trondelag\/hvorfor-stemme-trondelag-hoyre\/#primaryimage","url":"https:\/\/hoyre.no\/content\/uploads\/sites\/13\/2023\/04\/Trondheim_-_foto_Hans_Kristian_ThorbjC3B8rnsen-6020-1-1024x683.jpg","contentUrl":"https:\/\/hoyre.no\/content\/uploads\/sites\/13\/2023\/04\/Trondheim_-_foto_Hans_Kristian_ThorbjC3B8rnsen-6020-1-1024x683.jpg"},{"@type":"BreadcrumbList","@id":"https:\/\/hoyre.no\/trondelag\/hvorfor-stemme-trondelag-hoyre\/#breadcrumb","itemListElement":[{"@type":"ListItem","position":1,"name":"Til hoyre.no","item":"https:\/\/hoyre.no"},{"@type":"ListItem","position":2,"name":"Hjem","item":"https:\/\/hoyre.no\/trondelag\/"},{"@type":"ListItem","position":3,"name":"Hvorfor stemme Tr\u00f8ndelag H\u00f8yre?"}]},{"@type":"WebSite","@id":"https:\/\/hoyre.no\/trondelag\/#website","url":"https:\/\/hoyre.no\/trondelag\/","name":"Tr\u00f8ndelag H\u00f8yre","description":"Bare enda et H\u00f8yres nettsteder-nettsted","inLanguage":"nb-NO"}]}},"distributor_meta":false,"distributor_terms":false,"distributor_media":false,"distributor_original_site_name":"Tr\u00f8ndelag H\u00f8yre","distributor_original_site_url":"https:\/\/hoyre.no\/trondelag","push-errors":false,"_links":{"self":[{"href":"https:\/\/hoyre.no\/trondelag\/wp-json\/wp\/v2\/pages\/612","targetHints":{"allow":["GET"]}}],"collection":[{"href":"https:\/\/hoyre.no\/trondelag\/wp-json\/wp\/v2\/pages"}],"about":[{"href":"https:\/\/hoyre.no\/trondelag\/wp-json\/wp\/v2\/types\/page"}],"author":[{"embeddable":true,"href":"https:\/\/hoyre.no\/trondelag\/wp-json\/wp\/v2\/users\/36266"}],"replies":[{"embeddable":true,"href":"https:\/\/hoyre.no\/trondelag\/wp-json\/wp\/v2\/comments?post=612"}],"version-history":[{"count":17,"href":"https:\/\/hoyre.no\/trondelag\/wp-json\/wp\/v2\/pages\/612\/revisions"}],"predecessor-version":[{"id":705,"href":"https:\/\/hoyre.no\/trondelag\/wp-json\/wp\/v2\/pages\/612\/revisions\/705"}],"wp:attachment":[{"href":"https:\/\/hoyre.no\/trondelag\/wp-json\/wp\/v2\/media?parent=612"}],"curies":[{"name":"wp","href":"https:\/\/api.w.org\/{rel}","templated":true}]}}