{"id":330,"date":"2022-11-16T10:44:42","date_gmt":"2022-11-16T09:44:42","guid":{"rendered":"https:\/\/hoyre.no\/trondheim\/?page_id=330"},"modified":"2024-05-06T14:25:03","modified_gmt":"2024-05-06T12:25:03","slug":"kent-ranum-var-ordforerkandidat","status":"publish","type":"page","link":"https:\/\/hoyre.no\/trondheim\/kent-ranum-var-ordforerkandidat\/","title":{"rendered":"Kent Ranum &#8211; v\u00e5r ordf\u00f8rerkandidat"},"content":{"rendered":"\n<div class=\"wp-block-hoyre-hero with-image-gradient text-color-light  has-media alignfull has-background\"><div class=\"hoyre-hero has-image\"><h1 class=\"title\">Kent Ranum &#8211; v\u00e5r ordf\u00f8rer<\/h1><figure class=\"hoyre-image-wrapper\"><div class=\"hoyre-image\"><img loading=\"lazy\" decoding=\"async\" width=\"2048\" height=\"1508\" src=\"https:\/\/hoyre.no\/content\/uploads\/sites\/272\/2023\/02\/dsc00089.jpg\" class=\"attachment-scaled size-scaled\" alt=\"Portrett_Kent\" style=\"object-position: 56.00000000000001% 0%\" srcset=\"https:\/\/hoyre.no\/content\/uploads\/sites\/272\/2023\/02\/dsc00089.jpg 2048w, https:\/\/hoyre.no\/content\/uploads\/sites\/272\/2023\/02\/dsc00089-300x221.jpg 300w, https:\/\/hoyre.no\/content\/uploads\/sites\/272\/2023\/02\/dsc00089-1024x754.jpg 1024w, https:\/\/hoyre.no\/content\/uploads\/sites\/272\/2023\/02\/dsc00089-768x566.jpg 768w, https:\/\/hoyre.no\/content\/uploads\/sites\/272\/2023\/02\/dsc00089-1536x1131.jpg 1536w\" sizes=\"auto, (max-width: 2048px) 100vw, 2048px\" \/><\/div><\/figure><\/div><\/div>\n\n\n\n\n<div class=\"wp-block-buttons is-content-justification-center is-layout-flex wp-container-core-buttons-is-layout-16018d1d wp-block-buttons-is-layout-flex\">\n<div class=\"wp-block-button\"><a class=\"wp-block-button__link wp-element-button\" href=\"https:\/\/hoyre.no\/nyhetsbrev\/\">abonner p\u00e5 h\u00f8yres nyhetsbrev<\/a><\/div>\n\n\n\n<div class=\"wp-block-button\"><a class=\"wp-block-button__link wp-element-button\" href=\"https:\/\/www.facebook.com\/TrondheimHoyre\">f\u00f8lg trondheim h\u00f8yre p\u00e5 facebook<\/a><\/div>\n\n\n\n<div class=\"wp-block-button\"><a class=\"wp-block-button__link wp-element-button\" href=\"https:\/\/hoyre.no\/personprofiler\/kent-thomas-hagenstad-ranum\/\">kom i kontakt med kent ranum<\/a><\/div>\n\n\n\n<div class=\"wp-block-button\"><a class=\"wp-block-button__link wp-element-button\" href=\"https:\/\/www.facebook.com\/Ranumkent\">F\u00d8lg KEnt Ranum p\u00e5 Facebook<\/a><\/div>\n<\/div>\n\n\n\n<div class=\"wp-block-hoyre-banner undefined has-icon-title icon-heart\"><div class=\"banner-inner\"><div class=\"banner-content\"><div class=\"entry-content\">\n<h2 class=\"wp-block-heading has-text-align-center\">Bli bedre kjent med Kent!<\/h2>\n\n\n\n<p class=\"has-text-align-left\"><strong>Alder:<\/strong> 46<\/p>\n\n\n\n<p class=\"has-text-align-left\"><strong>Bosted:<\/strong> Singsaker<\/p>\n\n\n\n<p class=\"has-text-align-left\"><strong>Jobb:<\/strong> Selvstendig n\u00e6ringsdrivende <\/p>\n\n\n\n<p class=\"has-text-align-left\"><strong>Bakgrunn:<\/strong>                                                   Utdannet advokat, driver mest innen n\u00e6ringseiendom med investeringer. Har tidligere imitert Nils Arne Eggen, og er ofte brukt som konferansier i ulike sammenhenger.<\/p>\n\n\n\n<p class=\"has-text-align-left\"><strong>Hvorfor ville du bli ordf\u00f8rer?<\/strong>                               <\/p>\n\n\n\n<p class=\"has-text-align-left\">Jeg har lyst til \u00e5 v\u00e6re med \u00e5 videreutvikle Trondheim og de tjenestene kommunen skal gi innbyggerne i byen.Trondheim skal bli Norges mest tilgjengelige og inkluderende by.<\/p>\n\n\n\n<p class=\"has-text-align-left\"><strong>Hva er dine hjertesaker?<\/strong>                                Skole, helse og bedre n\u00e6ringsutvikling<\/p>\n\n\n\n<p class=\"has-text-align-left\"><strong>Hva spiser du n\u00e5r du skal kose deg skikkelig?<\/strong> En skikkelig saftig burger. Gjerne med ost, bacon og noe annet digg tilbeh\u00f8r.<\/p>\n\n\n\n<p class=\"has-text-align-left\"><strong>Har du en funfact om deg selv?<\/strong>                       Jeg elsker \u00e5 synge og gjerne spontant i<br>forsamlinger. Skaper alltid en del humor og l\u00f8sner p\u00e5 stemningen.<\/p>\n\n\n\n<p class=\"has-text-align-left\"><strong>Hva er dine kjerneverdier?<\/strong>                         \u00c6rlighet, tillit, samarbeid og lojalitet<\/p>\n\n\n\n<div class=\"wp-block-buttons is-layout-flex wp-block-buttons-is-layout-flex\"><\/div>\n<\/div><\/div><\/div><\/div>\n\n\n\n<figure class=\"wp-block-teft-gallery columns-3 count-4 rows-2 is-cropped is-style-default\"><ul class=\"teft-gallery-grid\"><li class=\"teft-gallery-item \"><figure><a href=\"https:\/\/hoyre.no\/content\/uploads\/sites\/272\/2022\/11\/DSC03350-scaled.jpg\" data-size=\"2500x1407\"><img loading=\"lazy\" decoding=\"async\" width=\"1024\" height=\"576\" src=\"https:\/\/hoyre.no\/content\/uploads\/sites\/272\/2022\/11\/DSC03350-1024x576.jpg\" class=\"attachment-large size-large\" alt=\"\" srcset=\"https:\/\/hoyre.no\/content\/uploads\/sites\/272\/2022\/11\/DSC03350-1024x576.jpg 1024w, https:\/\/hoyre.no\/content\/uploads\/sites\/272\/2022\/11\/DSC03350-300x169.jpg 300w, https:\/\/hoyre.no\/content\/uploads\/sites\/272\/2022\/11\/DSC03350-768x432.jpg 768w, https:\/\/hoyre.no\/content\/uploads\/sites\/272\/2022\/11\/DSC03350-1536x865.jpg 1536w, https:\/\/hoyre.no\/content\/uploads\/sites\/272\/2022\/11\/DSC03350-2048x1153.jpg 2048w\" sizes=\"auto, (max-width: 1024px) 100vw, 1024px\" \/ data-full-url=\"https:\/\/hoyre.no\/content\/uploads\/sites\/272\/2022\/11\/DSC03350-scaled.jpg\" data-id=\"339\" data-caption=\"339\"\/><\/a><\/figure><\/li><li class=\"teft-gallery-item \"><figure><a href=\"https:\/\/hoyre.no\/content\/uploads\/sites\/272\/2022\/11\/kent-1.jpg\" data-size=\"2048x1153\"><img loading=\"lazy\" decoding=\"async\" width=\"1024\" height=\"577\" src=\"https:\/\/hoyre.no\/content\/uploads\/sites\/272\/2022\/11\/kent-1-1024x577.jpg\" class=\"attachment-large size-large\" alt=\"Kent og Christianne\" srcset=\"https:\/\/hoyre.no\/content\/uploads\/sites\/272\/2022\/11\/kent-1-1024x577.jpg 1024w, https:\/\/hoyre.no\/content\/uploads\/sites\/272\/2022\/11\/kent-1-300x169.jpg 300w, https:\/\/hoyre.no\/content\/uploads\/sites\/272\/2022\/11\/kent-1-768x432.jpg 768w, https:\/\/hoyre.no\/content\/uploads\/sites\/272\/2022\/11\/kent-1-1536x865.jpg 1536w, https:\/\/hoyre.no\/content\/uploads\/sites\/272\/2022\/11\/kent-1.jpg 2048w\" sizes=\"auto, (max-width: 1024px) 100vw, 1024px\" \/ data-full-url=\"https:\/\/hoyre.no\/content\/uploads\/sites\/272\/2022\/11\/kent-1.jpg\" data-id=\"334\" data-caption=\"334\"\/><\/a><\/figure><\/li><li class=\"teft-gallery-item \"><figure><a href=\"https:\/\/hoyre.no\/content\/uploads\/sites\/272\/2022\/11\/2A7968E5-B273-4BC6-BF06-8B9000B017C3-scaled.jpg\" data-size=\"2002x2500\"><img loading=\"lazy\" decoding=\"async\" width=\"820\" height=\"1024\" src=\"https:\/\/hoyre.no\/content\/uploads\/sites\/272\/2022\/11\/2A7968E5-B273-4BC6-BF06-8B9000B017C3-820x1024.jpg\" class=\"attachment-large size-large\" alt=\"Kent-Planumsal\" srcset=\"https:\/\/hoyre.no\/content\/uploads\/sites\/272\/2022\/11\/2A7968E5-B273-4BC6-BF06-8B9000B017C3-820x1024.jpg 820w, https:\/\/hoyre.no\/content\/uploads\/sites\/272\/2022\/11\/2A7968E5-B273-4BC6-BF06-8B9000B017C3-240x300.jpg 240w, https:\/\/hoyre.no\/content\/uploads\/sites\/272\/2022\/11\/2A7968E5-B273-4BC6-BF06-8B9000B017C3-768x959.jpg 768w, https:\/\/hoyre.no\/content\/uploads\/sites\/272\/2022\/11\/2A7968E5-B273-4BC6-BF06-8B9000B017C3-1230x1536.jpg 1230w, https:\/\/hoyre.no\/content\/uploads\/sites\/272\/2022\/11\/2A7968E5-B273-4BC6-BF06-8B9000B017C3-1640x2048.jpg 1640w, https:\/\/hoyre.no\/content\/uploads\/sites\/272\/2022\/11\/2A7968E5-B273-4BC6-BF06-8B9000B017C3-scaled.jpg 2002w\" sizes=\"auto, (max-width: 820px) 100vw, 820px\" \/ data-full-url=\"https:\/\/hoyre.no\/content\/uploads\/sites\/272\/2022\/11\/2A7968E5-B273-4BC6-BF06-8B9000B017C3-scaled.jpg\" data-id=\"340\" data-caption=\"340\"\/><\/a><\/figure><\/li><li class=\"teft-gallery-item \"><figure><a href=\"https:\/\/hoyre.no\/content\/uploads\/sites\/272\/2022\/10\/Topp-7-scaled.jpg\" data-size=\"2500x1407\"><img loading=\"lazy\" decoding=\"async\" width=\"1024\" height=\"576\" src=\"https:\/\/hoyre.no\/content\/uploads\/sites\/272\/2022\/10\/Topp-7-1024x576.jpg\" class=\"attachment-large size-large\" alt=\"Topp 7-kandidater\" srcset=\"https:\/\/hoyre.no\/content\/uploads\/sites\/272\/2022\/10\/Topp-7-1024x576.jpg 1024w, https:\/\/hoyre.no\/content\/uploads\/sites\/272\/2022\/10\/Topp-7-300x169.jpg 300w, https:\/\/hoyre.no\/content\/uploads\/sites\/272\/2022\/10\/Topp-7-768x432.jpg 768w, https:\/\/hoyre.no\/content\/uploads\/sites\/272\/2022\/10\/Topp-7-1536x865.jpg 1536w, https:\/\/hoyre.no\/content\/uploads\/sites\/272\/2022\/10\/Topp-7-2048x1153.jpg 2048w\" sizes=\"auto, (max-width: 1024px) 100vw, 1024px\" \/ data-full-url=\"https:\/\/hoyre.no\/content\/uploads\/sites\/272\/2022\/10\/Topp-7-scaled.jpg\" data-id=\"317\" data-caption=\"317\"\/><\/a><\/figure><\/li><\/ul><\/figure>\n\n\n\n<h2 class=\"wp-block-heading has-text-align-center\">Kents hjertesaker<\/h2>\n\n\n\n<ul class=\"wp-block-list\">\n<li>Jeg \u00f8nsker <strong>en skole for alle<\/strong>.&nbsp;Trondheimsskolen skal v\u00e6re&nbsp;en trygg og mobbefri skole, som hjelper deg med dine utfordringer, gjennom tidlig innsats. En tidlig innsats skal fange opp elever som opplever mobbing, vanskelig familiesituasjon eller psykiske plager. H\u00f8yre mener dette er utfordringer som krever mer oppmerksomhet og mer innsats. Og denne innsatsen m\u00e5 starte f\u00f8r det er for sent. Vi trenger flere l\u00e6rere som har tid til \u00e5 v\u00e6re l\u00e6rere, gi neste generasjon en trygg og robust oppvekst.<br><\/li>\n<\/ul>\n\n\n\n<ul class=\"wp-block-list\">\n<li>For mange i samfunnet sliter med problematikk knyttet til psykisk helse. Derfor \u00f8nsker H\u00f8yre \u00e5 kutte ned p\u00e5 ventetiden i BUP, lage flere aktivitetsarenaer b\u00e5de for unge og&nbsp;for eldre, samtidig som vi vil styrke st\u00f8tteapparatet rundt for \u00e5 kunne komme i gang med en tidlig innsats.&nbsp;<strong>Du skal kunne f\u00e5 hjelp n\u00e5r du trenger det<\/strong>.<\/li>\n<\/ul>\n\n\n\n<ul class=\"wp-block-list\">\n<li><strong>Vi m\u00e5 s\u00f8rge for en klimavennlig byutvikling.<\/strong>&nbsp;Fortetting er en effektiv m\u00e5te \u00e5 redusere byens klimafotavtrykk p\u00e5. Det reduserer behovet for transport og legger til rette for gode milj\u00f8- og klimal\u00f8sninger i hele nabolag og bydeler. Fortettingen rundt kollektivknutepunkter skal fortsette. Det skal legges til rette for varierte boligtyper og blandede nabolag, med arbeidsplasser, tjeneste- og servicetilbud. Ved utbygging av nye boligomr\u00e5der og bydeler skal fremtidsrettede klima- og milj\u00f8l\u00f8sninger velges.<br><\/li>\n<\/ul>\n\n\n\n<ul class=\"wp-block-list\">\n<li><strong>Det skal bli bedre \u00e5 bli eldre.<\/strong>&nbsp;Vi f\u00e5r flere og flere eldre, samtidig som at vi f\u00e5r et \u00f8kt fokus for trivsel. Eldre blir ofte nedprioritert n\u00e5r det kommer til psykologiske behov. Med en stigende andel eldre og f\u00e6rre arbeidstakere vil problemene bli st\u00f8rre. Derfor trenger vi \u00e5 tenke nytt og jobbe for at de eldre kan bo lenger hjemme. Vi m\u00e5 i \u00f8kt grad ta i bruk digitale hjelpemidler. Vi m\u00e5 skape flere sosiale arenaer for \u00e5 forebygge ensomhet og tilrettelegge for aktivitet. Og vi m\u00e5 styrke de eksisterende helsetilbudene med flere p\u00e5r\u00f8rendekontakter og tilbud innen psykisk helse for eldre.<\/li>\n<\/ul>\n\n\n\n<div class=\"wp-block-teft-accentuated-link undefined has-image\"><div class=\"kf-link__wrapper\"><div class=\"kf-link__tagline\"><\/div><a class=\"kf-link__link\" href=\"https:\/\/hoyre.no\/personprofiler\/kent-thomas-hagenstad-ranum\/\" rel=\"noreferrer noopener\" target=\"_blank\">Kom i kontakt med Kent Ranum<span class=\"kf-link__link-source\">hoyre.no<svg xmlns=\"http:\/\/www.w3.org\/2000\/svg\" viewBox=\"0 0 24 24\" width=\"10\" height=\"10\" aria-hidden=\"true\"><path d=\"M8.251 16.498a.752.752 0 0 1-.53-1.281l13.72-13.72h-4.939a.75.75 0 0 1 0-1.5h6.75a.735.735 0 0 1 .293.06.75.75 0 0 1 .4.404l.01.026a.73.73 0 0 1 .047.26v6.75a.75.75 0 0 1-1.5 0V2.559l-13.72 13.72a.75.75 0 0 1-.531.219z\"><\/path><path d=\"M2.251 23.998a2.252 2.252 0 0 1-2.25-2.25v-15a2.252 2.252 0 0 1 2.25-2.25h9a.75.75 0 0 1 0 1.5h-9a.75.75 0 0 0-.75.75v15c0 .414.336.75.75.75h15a.75.75 0 0 0 .75-.75v-9a.75.75 0 0 1 1.5 0v9a2.252 2.252 0 0 1-2.25 2.25h-15z\"><\/path><\/svg><\/span><\/a><\/div><figure class=\"hoyre-image-wrapper\"><div class=\"hoyre-image\"><img loading=\"lazy\" decoding=\"async\" width=\"2048\" height=\"1508\" src=\"https:\/\/hoyre.no\/content\/uploads\/sites\/272\/2023\/02\/dsc00089.jpg\" class=\"attachment-scaled size-scaled\" alt=\"Portrett_Kent\" style=\"object-position: 55.00000000000001% 33%\" srcset=\"https:\/\/hoyre.no\/content\/uploads\/sites\/272\/2023\/02\/dsc00089.jpg 2048w, https:\/\/hoyre.no\/content\/uploads\/sites\/272\/2023\/02\/dsc00089-300x221.jpg 300w, https:\/\/hoyre.no\/content\/uploads\/sites\/272\/2023\/02\/dsc00089-1024x754.jpg 1024w, https:\/\/hoyre.no\/content\/uploads\/sites\/272\/2023\/02\/dsc00089-768x566.jpg 768w, https:\/\/hoyre.no\/content\/uploads\/sites\/272\/2023\/02\/dsc00089-1536x1131.jpg 1536w\" sizes=\"auto, (max-width: 2048px) 100vw, 2048px\" \/><\/div><\/figure><\/div>\n\n","protected":false},"excerpt":{"rendered":"","protected":false},"author":31684,"featured_media":0,"parent":0,"menu_order":0,"comment_status":"closed","ping_status":"closed","template":"","meta":{"teft_cards_image_url":"","teft_cards_custom_pretitle":"","teft_cards_image_id":332,"teft_cards_image_focal_point_x":0.52,"teft_cards_image_focal_point_y":0.29,"teft_cards_title":"","teft_cards_excerpt":"","teft_show_chapters":false,"footnotes":""},"class_list":["post-330","page","type-page","status-publish","hentry"],"yoast_head":"<!-- This site is optimized with the Yoast SEO plugin v26.6 - https:\/\/yoast.com\/wordpress\/plugins\/seo\/ -->\n<title>Kent Ranum - v\u00e5r ordf\u00f8rerkandidat - Trondheim H\u00f8yre<\/title>\n<meta name=\"description\" content=\"Bli Bedre kjent med Kent Ranum, Hva er hans Hjertesaker? Hvem er han egentlig?\" \/>\n<meta name=\"robots\" content=\"index, follow, max-snippet:-1, max-image-preview:large, max-video-preview:-1\" \/>\n<link rel=\"canonical\" href=\"https:\/\/hoyre.no\/trondheim\/kent-ranum-var-ordforerkandidat\/\" \/>\n<meta property=\"og:locale\" content=\"nb_NO\" \/>\n<meta property=\"og:type\" content=\"article\" \/>\n<meta property=\"og:title\" content=\"Kent Ranum - v\u00e5r ordf\u00f8rerkandidat - Trondheim H\u00f8yre\" \/>\n<meta property=\"og:description\" content=\"Bli Bedre kjent med Kent Ranum, Hva er hans Hjertesaker? Hvem er han egentlig?\" \/>\n<meta property=\"og:url\" content=\"https:\/\/hoyre.no\/trondheim\/kent-ranum-var-ordforerkandidat\/\" \/>\n<meta property=\"og:site_name\" content=\"Trondheim H\u00f8yre\" \/>\n<meta property=\"article:modified_time\" content=\"2024-05-06T12:25:03+00:00\" \/>\n<meta property=\"og:image\" content=\"https:\/\/hoyre.no\/content\/uploads\/sites\/272\/2022\/11\/Hoyres-logo.png\" \/>\n\t<meta property=\"og:image:width\" content=\"1000\" \/>\n\t<meta property=\"og:image:height\" content=\"1000\" \/>\n\t<meta property=\"og:image:type\" content=\"image\/png\" \/>\n<meta name=\"twitter:card\" content=\"summary_large_image\" \/>\n<meta name=\"twitter:label1\" content=\"Ansl. lesetid\" \/>\n\t<meta name=\"twitter:data1\" content=\"3 minutter\" \/>\n<script type=\"application\/ld+json\" class=\"yoast-schema-graph\">{\"@context\":\"https:\/\/schema.org\",\"@graph\":[{\"@type\":\"WebPage\",\"@id\":\"https:\/\/hoyre.no\/trondheim\/kent-ranum-var-ordforerkandidat\/\",\"url\":\"https:\/\/hoyre.no\/trondheim\/kent-ranum-var-ordforerkandidat\/\",\"name\":\"Kent Ranum - v\u00e5r ordf\u00f8rerkandidat - Trondheim H\u00f8yre\",\"isPartOf\":{\"@id\":\"https:\/\/hoyre.no\/trondheim\/#website\"},\"datePublished\":\"2022-11-16T09:44:42+00:00\",\"dateModified\":\"2024-05-06T12:25:03+00:00\",\"description\":\"Bli Bedre kjent med Kent Ranum, Hva er hans Hjertesaker? Hvem er han egentlig?\",\"breadcrumb\":{\"@id\":\"https:\/\/hoyre.no\/trondheim\/kent-ranum-var-ordforerkandidat\/#breadcrumb\"},\"inLanguage\":\"nb-NO\",\"potentialAction\":[{\"@type\":\"ReadAction\",\"target\":[\"https:\/\/hoyre.no\/trondheim\/kent-ranum-var-ordforerkandidat\/\"]}]},{\"@type\":\"BreadcrumbList\",\"@id\":\"https:\/\/hoyre.no\/trondheim\/kent-ranum-var-ordforerkandidat\/#breadcrumb\",\"itemListElement\":[{\"@type\":\"ListItem\",\"position\":1,\"name\":\"Til hoyre.no\",\"item\":\"https:\/\/hoyre.no\"},{\"@type\":\"ListItem\",\"position\":2,\"name\":\"Hjem\",\"item\":\"https:\/\/hoyre.no\/trondheim\/\"},{\"@type\":\"ListItem\",\"position\":3,\"name\":\"Kent Ranum &#8211; v\u00e5r ordf\u00f8rerkandidat\"}]},{\"@type\":\"WebSite\",\"@id\":\"https:\/\/hoyre.no\/trondheim\/#website\",\"url\":\"https:\/\/hoyre.no\/trondheim\/\",\"name\":\"Trondheim H\u00f8yre\",\"description\":\"Bare enda et H\u00f8yres nettsteder-nettsted\",\"inLanguage\":\"nb-NO\"}]}<\/script>\n<!-- \/ Yoast SEO plugin. -->","yoast_head_json":{"title":"Kent Ranum - v\u00e5r ordf\u00f8rerkandidat - Trondheim H\u00f8yre","description":"Bli Bedre kjent med Kent Ranum, Hva er hans Hjertesaker? Hvem er han egentlig?","robots":{"index":"index","follow":"follow","max-snippet":"max-snippet:-1","max-image-preview":"max-image-preview:large","max-video-preview":"max-video-preview:-1"},"canonical":"https:\/\/hoyre.no\/trondheim\/kent-ranum-var-ordforerkandidat\/","og_locale":"nb_NO","og_type":"article","og_title":"Kent Ranum - v\u00e5r ordf\u00f8rerkandidat - Trondheim H\u00f8yre","og_description":"Bli Bedre kjent med Kent Ranum, Hva er hans Hjertesaker? Hvem er han egentlig?","og_url":"https:\/\/hoyre.no\/trondheim\/kent-ranum-var-ordforerkandidat\/","og_site_name":"Trondheim H\u00f8yre","article_modified_time":"2024-05-06T12:25:03+00:00","og_image":[{"width":1000,"height":1000,"url":"https:\/\/hoyre.no\/content\/uploads\/sites\/272\/2022\/11\/Hoyres-logo.png","type":"image\/png"}],"twitter_card":"summary_large_image","twitter_misc":{"Ansl. lesetid":"3 minutter"},"schema":{"@context":"https:\/\/schema.org","@graph":[{"@type":"WebPage","@id":"https:\/\/hoyre.no\/trondheim\/kent-ranum-var-ordforerkandidat\/","url":"https:\/\/hoyre.no\/trondheim\/kent-ranum-var-ordforerkandidat\/","name":"Kent Ranum - v\u00e5r ordf\u00f8rerkandidat - Trondheim H\u00f8yre","isPartOf":{"@id":"https:\/\/hoyre.no\/trondheim\/#website"},"datePublished":"2022-11-16T09:44:42+00:00","dateModified":"2024-05-06T12:25:03+00:00","description":"Bli Bedre kjent med Kent Ranum, Hva er hans Hjertesaker? Hvem er han egentlig?","breadcrumb":{"@id":"https:\/\/hoyre.no\/trondheim\/kent-ranum-var-ordforerkandidat\/#breadcrumb"},"inLanguage":"nb-NO","potentialAction":[{"@type":"ReadAction","target":["https:\/\/hoyre.no\/trondheim\/kent-ranum-var-ordforerkandidat\/"]}]},{"@type":"BreadcrumbList","@id":"https:\/\/hoyre.no\/trondheim\/kent-ranum-var-ordforerkandidat\/#breadcrumb","itemListElement":[{"@type":"ListItem","position":1,"name":"Til hoyre.no","item":"https:\/\/hoyre.no"},{"@type":"ListItem","position":2,"name":"Hjem","item":"https:\/\/hoyre.no\/trondheim\/"},{"@type":"ListItem","position":3,"name":"Kent Ranum &#8211; v\u00e5r ordf\u00f8rerkandidat"}]},{"@type":"WebSite","@id":"https:\/\/hoyre.no\/trondheim\/#website","url":"https:\/\/hoyre.no\/trondheim\/","name":"Trondheim H\u00f8yre","description":"Bare enda et H\u00f8yres nettsteder-nettsted","inLanguage":"nb-NO"}]}},"distributor_meta":false,"distributor_terms":false,"distributor_media":false,"distributor_original_site_name":"Trondheim H\u00f8yre","distributor_original_site_url":"https:\/\/hoyre.no\/trondheim","push-errors":false,"_links":{"self":[{"href":"https:\/\/hoyre.no\/trondheim\/wp-json\/wp\/v2\/pages\/330","targetHints":{"allow":["GET"]}}],"collection":[{"href":"https:\/\/hoyre.no\/trondheim\/wp-json\/wp\/v2\/pages"}],"about":[{"href":"https:\/\/hoyre.no\/trondheim\/wp-json\/wp\/v2\/types\/page"}],"author":[{"embeddable":true,"href":"https:\/\/hoyre.no\/trondheim\/wp-json\/wp\/v2\/users\/31684"}],"replies":[{"embeddable":true,"href":"https:\/\/hoyre.no\/trondheim\/wp-json\/wp\/v2\/comments?post=330"}],"version-history":[{"count":13,"href":"https:\/\/hoyre.no\/trondheim\/wp-json\/wp\/v2\/pages\/330\/revisions"}],"predecessor-version":[{"id":734,"href":"https:\/\/hoyre.no\/trondheim\/wp-json\/wp\/v2\/pages\/330\/revisions\/734"}],"wp:attachment":[{"href":"https:\/\/hoyre.no\/trondheim\/wp-json\/wp\/v2\/media?parent=330"}],"curies":[{"name":"wp","href":"https:\/\/api.w.org\/{rel}","templated":true}]}}