{"id":655,"date":"2023-06-08T15:50:19","date_gmt":"2023-06-08T13:50:19","guid":{"rendered":"https:\/\/hoyre.no\/trondheim\/?page_id=655"},"modified":"2023-06-08T15:50:19","modified_gmt":"2023-06-08T13:50:19","slug":"et-loft-for-de-som-trenger-det-mest","status":"publish","type":"page","link":"https:\/\/hoyre.no\/trondheim\/et-loft-for-de-som-trenger-det-mest\/","title":{"rendered":"Et l\u00f8ft for de som trenger det mest"},"content":{"rendered":"\n<div class=\"wp-block-hoyre-hero with-image-gradient text-color-light  has-media alignfull has-background\"><div class=\"hoyre-hero has-image\"><h1 class=\"title\">Bedre og raskere hjelp<\/h1><p class=\"preamble\">Trondheim H\u00f8yres Hovedsaker<\/p>\t\t\t<div class=\"post-meta wp-block teft-byline-wrapper\">\n\t\t\t\t<div class=\"top\">\n\t\t\t\t\t<div class=\"signature\">\n\t\t\t\t\t\t<div class=\"teft-byline\">\n\t\t\t\t\t\t\t\t\t\t\t\t\t\t<div>\n\t\t\t\t\t\t\t\t<h3>H\u00f8yres redaksjon<\/h3>\t\t\t\t\t\t\t\t\n\t\t\t\t\t\t\t\t\t\t\t\t\t\t\t\t\t<span class=\"date\">Sist oppdatert: 8. juni 2023<\/span>\n\t\t\t\t\t\t\t\t\t\t\t\t\t\t\t\t\t\t\t\t\t\t\t\t\t<span class=\"reading-time\" itemprop=\"timeRequired\" content=\"PT2M\"><em>Ca. 2 minutter lesetid<\/em><\/span>\n\t\t\t\t\t\t\t\t\t\t\t\t\t\t\t<\/div>\n\t\t\t\t\t\t<\/div>\n\t\t\t\t\t<\/div>\n\t\t\t\t\t\t<div class=\"sharing\">\n\t\t<a class=\"share-button share-link copy-link\" data-copy=\"https:\/\/hoyre.no\/trondheim\/et-loft-for-de-som-trenger-det-mest\/\" target=\"_blank\"><span class=\"screen-reader-text\">Del link<\/span><\/a>\n\t\t<a class=\"share-button share-twitter\" href=\"http:\/\/twitter.com\/share?text=Et l\u00f8ft for de som trenger det mest&#038;url=https:\/\/hoyre.no\/trondheim\/et-loft-for-de-som-trenger-det-mest\/&#038;hashtags=Hoyre\" target=\"_blank\"><span class=\"screen-reader-text\">Del p\u00e5 twitter<\/span><\/a>\n\t\t<a class=\"share-button share-facebook\" href=\"https:\/\/www.facebook.com\/sharer\/sharer.php?u=https:\/\/hoyre.no\/trondheim\/et-loft-for-de-som-trenger-det-mest\/\" target=\"_blank\"><span class=\"screen-reader-text\">Del p\u00e5 facebook<\/span><\/a>\n\t<\/div>\n\t\t\t\t\t<\/div>\n\t\t\t<\/div>\n\n\t\t\t<figure class=\"hoyre-image-wrapper\"><div class=\"hoyre-image\"><img loading=\"lazy\" decoding=\"async\" width=\"2500\" height=\"1407\" src=\"https:\/\/hoyre.no\/content\/uploads\/sites\/272\/2023\/05\/GettyImages-1152836719-edited-scaled.jpg\" class=\"attachment-scaled size-scaled\" alt=\"\" style=\"object-position: 50% 50%\" srcset=\"https:\/\/hoyre.no\/content\/uploads\/sites\/272\/2023\/05\/GettyImages-1152836719-edited-scaled.jpg 2500w, https:\/\/hoyre.no\/content\/uploads\/sites\/272\/2023\/05\/GettyImages-1152836719-edited-300x169.jpg 300w, https:\/\/hoyre.no\/content\/uploads\/sites\/272\/2023\/05\/GettyImages-1152836719-edited-1024x576.jpg 1024w, https:\/\/hoyre.no\/content\/uploads\/sites\/272\/2023\/05\/GettyImages-1152836719-edited-768x432.jpg 768w, https:\/\/hoyre.no\/content\/uploads\/sites\/272\/2023\/05\/GettyImages-1152836719-edited-1536x865.jpg 1536w, https:\/\/hoyre.no\/content\/uploads\/sites\/272\/2023\/05\/GettyImages-1152836719-edited-2048x1153.jpg 2048w\" sizes=\"auto, (max-width: 2500px) 100vw, 2500px\" \/><\/div><\/figure><\/div><\/div>\n\n\n\n\n<p><strong>Vi vil ha en by med muligheter for alle!<\/strong><\/p>\n\n\n\n<p>Alt for mange faller utenfor fellesskapene v\u00e5re. Veien tilbake er for lang og kronglete. Trondheim er en av byene i Norge med flest overdosed\u00f8dsfall, vi har \u00f8kning i antall akuttvedtak overfor barn med omsorgssvikt og flere sliter med psykisk uhelse. Flyktninger venter for lenge p\u00e5 \u00e5 f\u00e5 delta fullt og helt i samfunnet. Bo- og aktivitetstilbudet for de med psykisk funksjonsnedsettelse er for d\u00e5rlig. Mange kjenner n\u00e5 p\u00e5 en strammere \u00f8konomi. Hos barn blir ofte fritidstilbudet kuttet f\u00f8rst. Alt for mange st\u00e5r utenfor arbeidslivet.<\/p>\n\n\n\n<p>Alle skal ha muligheten til \u00e5 leve gode liv der de f\u00f8ler seg verdsatt og som del av et fellesskap. Dette gjelder ogs\u00e5 for de som av ulike \u00e5rsaker faller utenfor arbeidslivet, lever i rus, eller sliter med psykisk uhelse. K\u00f8ene for psykisk helsehjelp m\u00e5 drastisk ned. De som \u00f8nsker \u00e5 finne en vei ut av rusen, m\u00e5 f\u00e5 raskere hjelp. Flere m\u00e5 hjelpes til \u00e5 finne veien inn i arbeidslivet. Mennesker med nedsatt funksjonsevne og beboerne i BOA skal f\u00e5 et verdig tilbud. Dette gj\u00f8r vi gjennom \u00e5 styrke frivilligheten og gi raskere og bedre hjelp til dem som trenger det mest. Veien tilbake til et godt liv m\u00e5 gj\u00f8res enklere for alle som \u00f8nsker seg tilbake.<\/p>\n\n\n\n<p><strong>Trondheim H\u00f8yre vil: <\/strong><\/p>\n\n\n\n<ul class=\"wp-block-list\"><li><strong>Tilby st\u00f8tte og behandling til de som har v\u00e6rt utsatt for mobbing, vold og overgrep<\/strong>, inkludert tilgang til psykologisk hjelp og andre tjenester.<\/li><li><strong>Vi skal spille frivilligheten god <\/strong>gjennom \u00e5 \u00f8ke bevilgninger og stille lokaler til r\u00e5dighet slik at de f\u00e5r muligheten til \u00e5 bidra i inkluderingsdugnaden.<\/li><li><strong>Gi et verdig bo- og aktivitetstilbud<\/strong> for personer med fysisk og psykisk funksjonsnedsettelse ved \u00e5 lytte til brukere og p\u00e5r\u00f8rende.<\/li><li><strong>Styrke rusomsorgen og gi raskere hjelp til dem som sliter psykisk.<\/strong><\/li><\/ul>\n\n","protected":false},"excerpt":{"rendered":"","protected":false},"author":36266,"featured_media":0,"parent":0,"menu_order":0,"comment_status":"closed","ping_status":"closed","template":"","meta":{"teft_cards_image_url":"","teft_cards_custom_pretitle":"","teft_cards_image_id":0,"teft_cards_image_focal_point_x":0,"teft_cards_image_focal_point_y":0,"teft_cards_title":"","teft_cards_excerpt":"","teft_show_chapters":false,"footnotes":""},"class_list":["post-655","page","type-page","status-publish","hentry"],"yoast_head":"<!-- This site is optimized with the Yoast SEO plugin v26.6 - https:\/\/yoast.com\/wordpress\/plugins\/seo\/ -->\n<title>Et l\u00f8ft for de som trenger det mest - Trondheim H\u00f8yre<\/title>\n<meta name=\"robots\" content=\"index, follow, max-snippet:-1, max-image-preview:large, max-video-preview:-1\" \/>\n<link rel=\"canonical\" href=\"https:\/\/hoyre.no\/trondheim\/et-loft-for-de-som-trenger-det-mest\/\" \/>\n<meta property=\"og:locale\" content=\"nb_NO\" \/>\n<meta property=\"og:type\" content=\"article\" \/>\n<meta property=\"og:title\" content=\"Et l\u00f8ft for de som trenger det mest - Trondheim H\u00f8yre\" \/>\n<meta property=\"og:url\" content=\"https:\/\/hoyre.no\/trondheim\/et-loft-for-de-som-trenger-det-mest\/\" \/>\n<meta property=\"og:site_name\" content=\"Trondheim H\u00f8yre\" \/>\n<meta property=\"og:image\" content=\"https:\/\/hoyre.no\/content\/uploads\/sites\/272\/2022\/11\/Hoyres-logo.png\" \/>\n\t<meta property=\"og:image:width\" content=\"1000\" \/>\n\t<meta property=\"og:image:height\" content=\"1000\" \/>\n\t<meta property=\"og:image:type\" content=\"image\/png\" \/>\n<meta name=\"twitter:card\" content=\"summary_large_image\" \/>\n<meta name=\"twitter:label1\" content=\"Ansl. lesetid\" \/>\n\t<meta name=\"twitter:data1\" content=\"2 minutter\" \/>\n<script type=\"application\/ld+json\" class=\"yoast-schema-graph\">{\"@context\":\"https:\/\/schema.org\",\"@graph\":[{\"@type\":\"WebPage\",\"@id\":\"https:\/\/hoyre.no\/trondheim\/et-loft-for-de-som-trenger-det-mest\/\",\"url\":\"https:\/\/hoyre.no\/trondheim\/et-loft-for-de-som-trenger-det-mest\/\",\"name\":\"Et l\u00f8ft for de som trenger det mest - Trondheim H\u00f8yre\",\"isPartOf\":{\"@id\":\"https:\/\/hoyre.no\/trondheim\/#website\"},\"datePublished\":\"2023-06-08T13:50:19+00:00\",\"breadcrumb\":{\"@id\":\"https:\/\/hoyre.no\/trondheim\/et-loft-for-de-som-trenger-det-mest\/#breadcrumb\"},\"inLanguage\":\"nb-NO\",\"potentialAction\":[{\"@type\":\"ReadAction\",\"target\":[\"https:\/\/hoyre.no\/trondheim\/et-loft-for-de-som-trenger-det-mest\/\"]}]},{\"@type\":\"BreadcrumbList\",\"@id\":\"https:\/\/hoyre.no\/trondheim\/et-loft-for-de-som-trenger-det-mest\/#breadcrumb\",\"itemListElement\":[{\"@type\":\"ListItem\",\"position\":1,\"name\":\"Til hoyre.no\",\"item\":\"https:\/\/hoyre.no\"},{\"@type\":\"ListItem\",\"position\":2,\"name\":\"Hjem\",\"item\":\"https:\/\/hoyre.no\/trondheim\/\"},{\"@type\":\"ListItem\",\"position\":3,\"name\":\"Et l\u00f8ft for de som trenger det mest\"}]},{\"@type\":\"WebSite\",\"@id\":\"https:\/\/hoyre.no\/trondheim\/#website\",\"url\":\"https:\/\/hoyre.no\/trondheim\/\",\"name\":\"Trondheim H\u00f8yre\",\"description\":\"Bare enda et H\u00f8yres nettsteder-nettsted\",\"inLanguage\":\"nb-NO\"}]}<\/script>\n<!-- \/ Yoast SEO plugin. -->","yoast_head_json":{"title":"Et l\u00f8ft for de som trenger det mest - Trondheim H\u00f8yre","robots":{"index":"index","follow":"follow","max-snippet":"max-snippet:-1","max-image-preview":"max-image-preview:large","max-video-preview":"max-video-preview:-1"},"canonical":"https:\/\/hoyre.no\/trondheim\/et-loft-for-de-som-trenger-det-mest\/","og_locale":"nb_NO","og_type":"article","og_title":"Et l\u00f8ft for de som trenger det mest - Trondheim H\u00f8yre","og_url":"https:\/\/hoyre.no\/trondheim\/et-loft-for-de-som-trenger-det-mest\/","og_site_name":"Trondheim H\u00f8yre","og_image":[{"width":1000,"height":1000,"url":"https:\/\/hoyre.no\/content\/uploads\/sites\/272\/2022\/11\/Hoyres-logo.png","type":"image\/png"}],"twitter_card":"summary_large_image","twitter_misc":{"Ansl. lesetid":"2 minutter"},"schema":{"@context":"https:\/\/schema.org","@graph":[{"@type":"WebPage","@id":"https:\/\/hoyre.no\/trondheim\/et-loft-for-de-som-trenger-det-mest\/","url":"https:\/\/hoyre.no\/trondheim\/et-loft-for-de-som-trenger-det-mest\/","name":"Et l\u00f8ft for de som trenger det mest - Trondheim H\u00f8yre","isPartOf":{"@id":"https:\/\/hoyre.no\/trondheim\/#website"},"datePublished":"2023-06-08T13:50:19+00:00","breadcrumb":{"@id":"https:\/\/hoyre.no\/trondheim\/et-loft-for-de-som-trenger-det-mest\/#breadcrumb"},"inLanguage":"nb-NO","potentialAction":[{"@type":"ReadAction","target":["https:\/\/hoyre.no\/trondheim\/et-loft-for-de-som-trenger-det-mest\/"]}]},{"@type":"BreadcrumbList","@id":"https:\/\/hoyre.no\/trondheim\/et-loft-for-de-som-trenger-det-mest\/#breadcrumb","itemListElement":[{"@type":"ListItem","position":1,"name":"Til hoyre.no","item":"https:\/\/hoyre.no"},{"@type":"ListItem","position":2,"name":"Hjem","item":"https:\/\/hoyre.no\/trondheim\/"},{"@type":"ListItem","position":3,"name":"Et l\u00f8ft for de som trenger det mest"}]},{"@type":"WebSite","@id":"https:\/\/hoyre.no\/trondheim\/#website","url":"https:\/\/hoyre.no\/trondheim\/","name":"Trondheim H\u00f8yre","description":"Bare enda et H\u00f8yres nettsteder-nettsted","inLanguage":"nb-NO"}]}},"distributor_meta":false,"distributor_terms":false,"distributor_media":false,"distributor_original_site_name":"Trondheim H\u00f8yre","distributor_original_site_url":"https:\/\/hoyre.no\/trondheim","push-errors":false,"_links":{"self":[{"href":"https:\/\/hoyre.no\/trondheim\/wp-json\/wp\/v2\/pages\/655","targetHints":{"allow":["GET"]}}],"collection":[{"href":"https:\/\/hoyre.no\/trondheim\/wp-json\/wp\/v2\/pages"}],"about":[{"href":"https:\/\/hoyre.no\/trondheim\/wp-json\/wp\/v2\/types\/page"}],"author":[{"embeddable":true,"href":"https:\/\/hoyre.no\/trondheim\/wp-json\/wp\/v2\/users\/36266"}],"replies":[{"embeddable":true,"href":"https:\/\/hoyre.no\/trondheim\/wp-json\/wp\/v2\/comments?post=655"}],"version-history":[{"count":3,"href":"https:\/\/hoyre.no\/trondheim\/wp-json\/wp\/v2\/pages\/655\/revisions"}],"predecessor-version":[{"id":663,"href":"https:\/\/hoyre.no\/trondheim\/wp-json\/wp\/v2\/pages\/655\/revisions\/663"}],"wp:attachment":[{"href":"https:\/\/hoyre.no\/trondheim\/wp-json\/wp\/v2\/media?parent=655"}],"curies":[{"name":"wp","href":"https:\/\/api.w.org\/{rel}","templated":true}]}}

Et løft for de som trenger det mest

<div class="wp-block-hoyre-hero with-image-gradient text-color-light  has-media alignfull has-background"><div class="hoyre-hero has-image"><h1 class="title">Bedre og raskere hjelp</h1><p class="preamble">Trondheim Høyres Hovedsaker</p>			<div class="post-meta wp-block teft-byline-wrapper">
				<div class="top">
					<div class="signature">
						<div class="teft-byline">
														<div>
								<h3>Høyres redaksjon</h3>								
																	<span class="date">Sist oppdatert: 8. juni 2023</span>
																									<span class="reading-time" itemprop="timeRequired" content="PT2M"><em>Ca. 2 minutter lesetid</em></span>
															</div>
						</div>
					</div>
						<div class="sharing">
		<a class="share-button share-link copy-link" data-copy="https://hoyre.no/trondheim/et-loft-for-de-som-trenger-det-mest/" target="_blank"><span class="screen-reader-text">Del link</span></a>
		<a class="share-button share-twitter" href="http://twitter.com/share?text=Et løft for de som trenger det mest&#038;url=https://hoyre.no/trondheim/et-loft-for-de-som-trenger-det-mest/&#038;hashtags=Hoyre" target="_blank"><span class="screen-reader-text">Del på twitter</span></a>
		<a class="share-button share-facebook" href="https://www.facebook.com/sharer/sharer.php?u=https://hoyre.no/trondheim/et-loft-for-de-som-trenger-det-mest/" target="_blank"><span class="screen-reader-text">Del på facebook</span></a>
	</div>
					</div>
			</div>

			<figure class="hoyre-image-wrapper"><div class="hoyre-image"><img loading="lazy" decoding="async" width="2500" height="1407" src="https://hoyre.no/content/uploads/sites/272/2023/05/GettyImages-1152836719-edited-scaled.jpg" class="attachment-scaled size-scaled" alt="" style="object-position: 50% 50%" srcset="https://hoyre.no/content/uploads/sites/272/2023/05/GettyImages-1152836719-edited-scaled.jpg 2500w, https://hoyre.no/content/uploads/sites/272/2023/05/GettyImages-1152836719-edited-300x169.jpg 300w, https://hoyre.no/content/uploads/sites/272/2023/05/GettyImages-1152836719-edited-1024x576.jpg 1024w, https://hoyre.no/content/uploads/sites/272/2023/05/GettyImages-1152836719-edited-768x432.jpg 768w, https://hoyre.no/content/uploads/sites/272/2023/05/GettyImages-1152836719-edited-1536x865.jpg 1536w, https://hoyre.no/content/uploads/sites/272/2023/05/GettyImages-1152836719-edited-2048x1153.jpg 2048w" sizes="auto, (max-width: 2500px) 100vw, 2500px" /></div></figure></div></div>




<p><strong>Vi vil ha en by med muligheter for alle!</strong></p>



<p>Alt for mange faller utenfor fellesskapene våre. Veien tilbake er for lang og kronglete. Trondheim er en av byene i Norge med flest overdosedødsfall, vi har økning i antall akuttvedtak overfor barn med omsorgssvikt og flere sliter med psykisk uhelse. Flyktninger venter for lenge på å få delta fullt og helt i samfunnet. Bo- og aktivitetstilbudet for de med psykisk funksjonsnedsettelse er for dårlig. Mange kjenner nå på en strammere økonomi. Hos barn blir ofte fritidstilbudet kuttet først. Alt for mange står utenfor arbeidslivet.</p>



<p>Alle skal ha muligheten til å leve gode liv der de føler seg verdsatt og som del av et fellesskap. Dette gjelder også for de som av ulike årsaker faller utenfor arbeidslivet, lever i rus, eller sliter med psykisk uhelse. Køene for psykisk helsehjelp må drastisk ned. De som ønsker å finne en vei ut av rusen, må få raskere hjelp. Flere må hjelpes til å finne veien inn i arbeidslivet. Mennesker med nedsatt funksjonsevne og beboerne i BOA skal få et verdig tilbud. Dette gjør vi gjennom å styrke frivilligheten og gi raskere og bedre hjelp til dem som trenger det mest. Veien tilbake til et godt liv må gjøres enklere for alle som ønsker seg tilbake.</p>



<p><strong>Trondheim Høyre vil: </strong></p>



<ul class="wp-block-list"><li><strong>Tilby støtte og behandling til de som har vært utsatt for mobbing, vold og overgrep</strong>, inkludert tilgang til psykologisk hjelp og andre tjenester.</li><li><strong>Vi skal spille frivilligheten god </strong>gjennom å øke bevilgninger og stille lokaler til rådighet slik at de får muligheten til å bidra i inkluderingsdugnaden.</li><li><strong>Gi et verdig bo- og aktivitetstilbud</strong> for personer med fysisk og psykisk funksjonsnedsettelse ved å lytte til brukere og pårørende.</li><li><strong>Styrke rusomsorgen og gi raskere hjelp til dem som sliter psykisk.</strong></li></ul>

<!-- This site is optimized with the Yoast SEO plugin v26.6 - https://yoast.com/wordpress/plugins/seo/ -->
<title>Et løft for de som trenger det mest - Trondheim Høyre</title>
<meta name="robots" content="index, follow, max-snippet:-1, max-image-preview:large, max-video-preview:-1" />
<link rel="canonical" href="https://hoyre.no/trondheim/et-loft-for-de-som-trenger-det-mest/" />
<meta property="og:locale" content="nb_NO" />
<meta property="og:type" content="article" />
<meta property="og:title" content="Et løft for de som trenger det mest - Trondheim Høyre" />
<meta property="og:url" content="https://hoyre.no/trondheim/et-loft-for-de-som-trenger-det-mest/" />
<meta property="og:site_name" content="Trondheim Høyre" />
<meta property="og:image" content="https://hoyre.no/content/uploads/sites/272/2022/11/Hoyres-logo.png" />
	<meta property="og:image:width" content="1000" />
	<meta property="og:image:height" content="1000" />
	<meta property="og:image:type" content="image/png" />
<meta name="twitter:card" content="summary_large_image" />
<meta name="twitter:label1" content="Ansl. lesetid" />
	<meta name="twitter:data1" content="2 minutter" />
<script type="application/ld+json" class="yoast-schema-graph">{"@context":"https://schema.org","@graph":[{"@type":"WebPage","@id":"https://hoyre.no/trondheim/et-loft-for-de-som-trenger-det-mest/","url":"https://hoyre.no/trondheim/et-loft-for-de-som-trenger-det-mest/","name":"Et løft for de som trenger det mest - Trondheim Høyre","isPartOf":{"@id":"https://hoyre.no/trondheim/#website"},"datePublished":"2023-06-08T13:50:19+00:00","breadcrumb":{"@id":"https://hoyre.no/trondheim/et-loft-for-de-som-trenger-det-mest/#breadcrumb"},"inLanguage":"nb-NO","potentialAction":[{"@type":"ReadAction","target":["https://hoyre.no/trondheim/et-loft-for-de-som-trenger-det-mest/"]}]},{"@type":"BreadcrumbList","@id":"https://hoyre.no/trondheim/et-loft-for-de-som-trenger-det-mest/#breadcrumb","itemListElement":[{"@type":"ListItem","position":1,"name":"Til hoyre.no","item":"https://hoyre.no"},{"@type":"ListItem","position":2,"name":"Hjem","item":"https://hoyre.no/trondheim/"},{"@type":"ListItem","position":3,"name":"Et løft for de som trenger det mest"}]},{"@type":"WebSite","@id":"https://hoyre.no/trondheim/#website","url":"https://hoyre.no/trondheim/","name":"Trondheim Høyre","description":"Bare enda et Høyres nettsteder-nettsted","inLanguage":"nb-NO"}]}</script>
<!-- / Yoast SEO plugin. -->

Et løft for de som trenger det mest - Trondheim Høyre

Trondheim Høyre

Bare enda et Høyres nettsteder-nettsted
