{"version":"1.0","provider_name":"Vads\u00f8 H\u00f8yre","provider_url":"https:\/\/hoyre.no\/vadso","author_name":"Emma Ingeborg Tveit Erlandsen","author_url":"https:\/\/hoyre.no\/vadso\/aktuelt\/author\/m51838761\/","title":"Politikk - Vads\u00f8 H\u00f8yre","type":"rich","width":600,"height":338,"html":"<blockquote class=\"wp-embedded-content\" data-secret=\"kryNVyZx13\"><a href=\"https:\/\/hoyre.no\/vadso\/politikk\/\">Politikk<\/a><\/blockquote><iframe sandbox=\"allow-scripts\" security=\"restricted\" src=\"https:\/\/hoyre.no\/vadso\/politikk\/embed\/#?secret=kryNVyZx13\" width=\"600\" height=\"338\" title=\"&laquo;Politikk&raquo; &#8212; Vads\u00f8 H\u00f8yre\" data-secret=\"kryNVyZx13\" frameborder=\"0\" marginwidth=\"0\" marginheight=\"0\" scrolling=\"no\" class=\"wp-embedded-content\"><\/iframe><script type=\"text\/javascript\">\n\/* <![CDATA[ *\/\n\/*! This file is auto-generated *\/\n!function(d,l){\"use strict\";l.querySelector&&d.addEventListener&&\"undefined\"!=typeof URL&&(d.wp=d.wp||{},d.wp.receiveEmbedMessage||(d.wp.receiveEmbedMessage=function(e){var t=e.data;if((t||t.secret||t.message||t.value)&&!\/[^a-zA-Z0-9]\/.test(t.secret)){for(var s,r,n,a=l.querySelectorAll('iframe[data-secret=\"'+t.secret+'\"]'),o=l.querySelectorAll('blockquote[data-secret=\"'+t.secret+'\"]'),c=new RegExp(\"^https?:$\",\"i\"),i=0;i<o.length;i++)o[i].style.display=\"none\";for(i=0;i<a.length;i++)s=a[i],e.source===s.contentWindow&&(s.removeAttribute(\"style\"),\"height\"===t.message?(1e3<(r=parseInt(t.value,10))?r=1e3:~~r<200&&(r=200),s.height=r):\"link\"===t.message&&(r=new URL(s.getAttribute(\"src\")),n=new URL(t.value),c.test(n.protocol))&&n.host===r.host&&l.activeElement===s&&(d.top.location.href=t.value))}},d.addEventListener(\"message\",d.wp.receiveEmbedMessage,!1),l.addEventListener(\"DOMContentLoaded\",function(){for(var e,t,s=l.querySelectorAll(\"iframe.wp-embedded-content\"),r=0;r<s.length;r++)(t=(e=s[r]).getAttribute(\"data-secret\"))||(t=Math.random().toString(36).substring(2,12),e.src+=\"#?secret=\"+t,e.setAttribute(\"data-secret\",t)),e.contentWindow.postMessage({message:\"ready\",secret:t},\"*\")},!1)))}(window,document);\n\/* ]]> *\/\n<\/script>\n","description":"\u00abVads\u00f8 en JA \u2013 kommune\u00bb. Vads\u00f8 H\u00f8yre har ambisjon om at Vads\u00f8 kommune skal ha positiv befolkningsvekst fram mot 2033. Vads\u00f8 H\u00f8yres viktigste satsningsomr\u00e5de i kommende periode, er nyetableringer med hovedfokus p\u00e5 n\u00e6ringslivsutvikling som kan skape flere private og offentlige arbeidsplasser. Vads\u00f8 H\u00f8yre vil arbeide for god tilrettelegging for enkeltmennesker og barnefamilier som b\u00e5de er [&hellip;]","thumbnail_url":"https:\/\/hoyre.no\/content\/uploads\/sites\/230\/2023\/06\/352142765_991892385329080_1084082177634885253_n-1-776x1024.jpg"}

Vadsø Høyre

Politikk - Vadsø Høyre

<blockquote class="wp-embedded-content" data-secret="kryNVyZx13"><a href="https://hoyre.no/vadso/politikk/">Politikk</a></blockquote><iframe sandbox="allow-scripts" security="restricted" src="https://hoyre.no/vadso/politikk/embed/#?secret=kryNVyZx13" width="600" height="338" title="&laquo;Politikk&raquo; &#8212; Vadsø Høyre" data-secret="kryNVyZx13" frameborder="0" marginwidth="0" marginheight="0" scrolling="no" class="wp-embedded-content"></iframe><script type="text/javascript">
/* <![CDATA[ */
/*! This file is auto-generated */
!function(d,l){"use strict";l.querySelector&&d.addEventListener&&"undefined"!=typeof URL&&(d.wp=d.wp||{},d.wp.receiveEmbedMessage||(d.wp.receiveEmbedMessage=function(e){var t=e.data;if((t||t.secret||t.message||t.value)&&!/[^a-zA-Z0-9]/.test(t.secret)){for(var s,r,n,a=l.querySelectorAll('iframe[data-secret="'+t.secret+'"]'),o=l.querySelectorAll('blockquote[data-secret="'+t.secret+'"]'),c=new RegExp("^https?:$","i"),i=0;i<o.length;i++)o[i].style.display="none";for(i=0;i<a.length;i++)s=a[i],e.source===s.contentWindow&&(s.removeAttribute("style"),"height"===t.message?(1e3<(r=parseInt(t.value,10))?r=1e3:~~r<200&&(r=200),s.height=r):"link"===t.message&&(r=new URL(s.getAttribute("src")),n=new URL(t.value),c.test(n.protocol))&&n.host===r.host&&l.activeElement===s&&(d.top.location.href=t.value))}},d.addEventListener("message",d.wp.receiveEmbedMessage,!1),l.addEventListener("DOMContentLoaded",function(){for(var e,t,s=l.querySelectorAll("iframe.wp-embedded-content"),r=0;r<s.length;r++)(t=(e=s[r]).getAttribute("data-secret"))||(t=Math.random().toString(36).substring(2,12),e.src+="#?secret="+t,e.setAttribute("data-secret",t)),e.contentWindow.postMessage({message:"ready",secret:t},"*")},!1)))}(window,document);
/* ]]> */
</script>

«Vadsø en JA – kommune». Vadsø Høyre har ambisjon om at Vadsø kommune skal ha positiv befolkningsvekst fram mot 2033. Vadsø Høyres viktigste satsningsområde i kommende periode, er nyetableringer med hovedfokus på næringslivsutvikling som kan skape flere private og offentlige arbeidsplasser. Vadsø Høyre vil arbeide for god tilrettelegging for enkeltmennesker og barnefamilier som både er [&hellip;]
