{"id":36,"date":"2023-06-07T14:23:48","date_gmt":"2023-06-07T12:23:48","guid":{"rendered":"https:\/\/hoyre.no\/vegarshei\/?page_id=36"},"modified":"2023-06-09T10:11:35","modified_gmt":"2023-06-09T08:11:35","slug":"seks-gode-grunner-til-a-stemme-hoyre","status":"publish","type":"page","link":"https:\/\/hoyre.no\/vegarshei\/seks-gode-grunner-til-a-stemme-hoyre\/","title":{"rendered":"Seks gode grunner til \u00e5 stemme H\u00f8yre"},"content":{"rendered":"\n<div class=\"wp-block-hoyre-hero with-image-gradient text-color-light  has-media alignfull has-background\"><div class=\"hoyre-hero has-image\"><h1 class=\"title\">Seks gode grunner til \u00e5 stemme H\u00f8yre i Veg\u00e5rshei<\/h1><figure class=\"hoyre-image-wrapper\"><div class=\"hoyre-image\"><img loading=\"lazy\" decoding=\"async\" width=\"2500\" height=\"1669\" src=\"https:\/\/hoyre.no\/content\/uploads\/sites\/20\/2023\/06\/GettyImages-1224332804-scaled.jpg\" class=\"attachment-scaled size-scaled\" alt=\"\" style=\"object-position: 50% 50%\" srcset=\"https:\/\/hoyre.no\/content\/uploads\/sites\/20\/2023\/06\/GettyImages-1224332804-scaled.jpg 2500w, https:\/\/hoyre.no\/content\/uploads\/sites\/20\/2023\/06\/GettyImages-1224332804-300x200.jpg 300w, https:\/\/hoyre.no\/content\/uploads\/sites\/20\/2023\/06\/GettyImages-1224332804-1024x683.jpg 1024w, https:\/\/hoyre.no\/content\/uploads\/sites\/20\/2023\/06\/GettyImages-1224332804-768x513.jpg 768w, https:\/\/hoyre.no\/content\/uploads\/sites\/20\/2023\/06\/GettyImages-1224332804-1536x1025.jpg 1536w, https:\/\/hoyre.no\/content\/uploads\/sites\/20\/2023\/06\/GettyImages-1224332804-2048x1367.jpg 2048w\" sizes=\"auto, (max-width: 2500px) 100vw, 2500px\" \/><\/div><\/figure><\/div><\/div>\n\n\n\n\n<div class=\"wp-block-hoyre-banner alignwide undefined\"><div class=\"banner-inner\"><figure class=\"hoyre-image-wrapper\"><div class=\"hoyre-image\"><img loading=\"lazy\" decoding=\"async\" width=\"1024\" height=\"768\" src=\"https:\/\/hoyre.no\/content\/uploads\/sites\/20\/2023\/06\/Erna.jpg\" class=\"attachment-scaled size-scaled\" alt=\"\" style=\"object-position: 28.000000000000004% 80%\" srcset=\"https:\/\/hoyre.no\/content\/uploads\/sites\/20\/2023\/06\/Erna.jpg 1024w, https:\/\/hoyre.no\/content\/uploads\/sites\/20\/2023\/06\/Erna-300x225.jpg 300w, https:\/\/hoyre.no\/content\/uploads\/sites\/20\/2023\/06\/Erna-768x576.jpg 768w\" sizes=\"auto, (max-width: 1024px) 100vw, 1024px\" \/><\/div><\/figure><div class=\"banner-content\"><div class=\"entry-content\">\n<p>H\u00f8yre vil ha et Veg\u00e5rshei med muligheter for alle. Vi vil jobbe for mer valgfrihet og kvalitet i helsetjenestene, spille p\u00e5 lag med de som skaper jobber, og s\u00f8rge for at alle barn kan delta p\u00e5 fritidsaktiviteter uavhengig av bakgrunn. Sammen gj\u00f8r vi Veg\u00e5rshei til Norges beste kommune \u00e5 bo og leve i.<\/p>\n\n\n\n<div class=\"wp-block-buttons is-layout-flex wp-block-buttons-is-layout-flex\"><\/div>\n<\/div><\/div><\/div><\/div>\n\n\n\n\n<div class=\"wp-block-media-text alignwide is-stacked-on-mobile is-image-fill\"><figure class=\"wp-block-media-text__media\" style=\"background-image:url('https:\/\/hoyre.no\/content\/uploads\/sites\/20\/2023\/06\/GettyImages-1125750538-1024x683.jpg');background-position:50% 50%\"><img loading=\"lazy\" decoding=\"async\" width=\"1024\" height=\"683\" src=\"https:\/\/hoyre.no\/content\/uploads\/sites\/20\/2023\/06\/GettyImages-1125750538-1024x683.jpg\" alt=\"\" class=\"wp-image-37 size-full\" srcset=\"https:\/\/hoyre.no\/content\/uploads\/sites\/20\/2023\/06\/GettyImages-1125750538-1024x683.jpg 1024w, https:\/\/hoyre.no\/content\/uploads\/sites\/20\/2023\/06\/GettyImages-1125750538-300x200.jpg 300w, https:\/\/hoyre.no\/content\/uploads\/sites\/20\/2023\/06\/GettyImages-1125750538-768x512.jpg 768w, https:\/\/hoyre.no\/content\/uploads\/sites\/20\/2023\/06\/GettyImages-1125750538-1536x1025.jpg 1536w, https:\/\/hoyre.no\/content\/uploads\/sites\/20\/2023\/06\/GettyImages-1125750538-2048x1366.jpg 2048w\" sizes=\"auto, (max-width: 1024px) 100vw, 1024px\" \/><\/figure><div class=\"wp-block-media-text__content\">\n<h2 class=\"wp-block-heading\">1. Eldre skal m\u00f8te respekt og omsorg<\/h2>\n\n\n\n<p>I \u00e5rene fremover vil det v\u00e6re flere eldre p\u00e5 Veg\u00e5rshei enn i dag, som alle fortjener et verdig omsorgstilbud. Valgfriheten n\u00e5r du eller dine trenger litt ekstra hjelp er en verdi vi m\u00e5 ta vare p\u00e5. \u00c5 bo i eget hjem er velferd \u2013 og de som vil m\u00e5 f\u00e5 bo hjemme lenger. Vi skal ha flere sentrumsn\u00e6re boenheter som er universelt utformet og tilpasset eldre. Veg\u00e5rshei H\u00f8yre vil at kommunen ogs\u00e5 b\u00f8r realisere dette p\u00e5 egne arealer og legge bedre til rette for private akt\u00f8rer. Bruk av velferdsteknologi vil ogs\u00e5 gj\u00f8re det enklere \u00e5 bo hjemme.<\/p>\n<\/div><\/div>\n\n\n\n<div class=\"wp-block-media-text alignwide has-media-on-the-right is-stacked-on-mobile is-image-fill\"><figure class=\"wp-block-media-text__media\" style=\"background-image:url('https:\/\/hoyre.no\/content\/uploads\/sites\/20\/2023\/06\/GettyImages-1160692980-1024x676.jpg');background-position:50% 50%\"><img loading=\"lazy\" decoding=\"async\" width=\"1024\" height=\"676\" src=\"https:\/\/hoyre.no\/content\/uploads\/sites\/20\/2023\/06\/GettyImages-1160692980-1024x676.jpg\" alt=\"\" class=\"wp-image-38 size-full\" srcset=\"https:\/\/hoyre.no\/content\/uploads\/sites\/20\/2023\/06\/GettyImages-1160692980-1024x676.jpg 1024w, https:\/\/hoyre.no\/content\/uploads\/sites\/20\/2023\/06\/GettyImages-1160692980-300x198.jpg 300w, https:\/\/hoyre.no\/content\/uploads\/sites\/20\/2023\/06\/GettyImages-1160692980-768x507.jpg 768w, https:\/\/hoyre.no\/content\/uploads\/sites\/20\/2023\/06\/GettyImages-1160692980-1536x1014.jpg 1536w, https:\/\/hoyre.no\/content\/uploads\/sites\/20\/2023\/06\/GettyImages-1160692980-2048x1352.jpg 2048w\" sizes=\"auto, (max-width: 1024px) 100vw, 1024px\" \/><\/figure><div class=\"wp-block-media-text__content\">\n<h2 class=\"wp-block-heading\">2. En trygg skole for alle<\/h2>\n\n\n\n<p>Veg\u00e5rshei skole er en god skole for v\u00e5re elever. Vi ser i tallene fra Ungdata at ogs\u00e5 her er det elever som sliter med blant annet psykisk helse og mobbing. Det er ikke bare norsk og matte man skal l\u00e6re p\u00e5 skolen, men ogs\u00e5 hvordan man takler livet. \u00c5 ansette andre yrkesgrupper og bruke alternative oppl\u00e6ringsarenaer er viktig for mange elever. Satsingen p\u00e5 etter- og videreutdanning av l\u00e6rerne er beste l\u00f8sningen for \u00e5 f\u00e5 enda bedre l\u00e6ringsutbytte i skolehverdagen. Veg\u00e5rshei H\u00f8yre vil fokusere p\u00e5 \u00e5 sikre skolen et trygt og godt l\u00e6ringsmilj\u00f8 og gi barna v\u00e5re best mulig sjanser videre i livet uansett yrkesvalg.<\/p>\n<\/div><\/div>\n\n\n\n<div class=\"wp-block-media-text alignwide is-stacked-on-mobile is-image-fill\"><figure class=\"wp-block-media-text__media\" style=\"background-image:url('https:\/\/hoyre.no\/content\/uploads\/sites\/20\/2023\/06\/GettyImages-490607422-1024x683.jpg');background-position:56.99999999999999% 59%\"><img loading=\"lazy\" decoding=\"async\" width=\"1024\" height=\"683\" src=\"https:\/\/hoyre.no\/content\/uploads\/sites\/20\/2023\/06\/GettyImages-490607422-1024x683.jpg\" alt=\"\" class=\"wp-image-39 size-full\" srcset=\"https:\/\/hoyre.no\/content\/uploads\/sites\/20\/2023\/06\/GettyImages-490607422-1024x683.jpg 1024w, https:\/\/hoyre.no\/content\/uploads\/sites\/20\/2023\/06\/GettyImages-490607422-300x200.jpg 300w, https:\/\/hoyre.no\/content\/uploads\/sites\/20\/2023\/06\/GettyImages-490607422-768x512.jpg 768w, https:\/\/hoyre.no\/content\/uploads\/sites\/20\/2023\/06\/GettyImages-490607422-1536x1024.jpg 1536w, https:\/\/hoyre.no\/content\/uploads\/sites\/20\/2023\/06\/GettyImages-490607422-2048x1365.jpg 2048w\" sizes=\"auto, (max-width: 1024px) 100vw, 1024px\" \/><\/figure><div class=\"wp-block-media-text__content\">\n<h2 class=\"wp-block-heading\">3. P\u00e5 lag med jobbskaperne<\/h2>\n\n\n\n<p>N\u00e6ringslivet er motoren i samfunnet v\u00e5rt og Veg\u00e5rshei H\u00f8yre kommer aktivt til \u00e5 kjempe for bedriftenes vilk\u00e5r og muligheter. Vi \u00f8nsker \u00e5 realisere verdiene vi har blant annet i \u00abkommuneskogen\u00bb, for \u00e5 investere i nye n\u00e6ringsarealer eller andre viktige samfunnsoppgaver. Veg\u00e5rshei kommune skal til enhver tid jobbe for bedriftenes muligheter, nye og etablerte. V\u00e5r aktive og offensive n\u00e6ringspolitikk vil skape nye arbeidsplasser og et sterkere samfunn med flere muligheter for alle. Veg\u00e5rshei er klima positiv, dette b\u00f8r gi positive f\u00f8ringer i kommunens planer og \u00f8konomi. Vi har et aktivt skogbruk som binder mellom 7 og 8 ganger mer enn det vi slipper ut av CO2, denne bindingen kan \u00f8kes med enda mere aktivt skogbruk. Sentralt er det uttrykt at CO2 fangst er verdiskaping, dette b\u00f8r kommunene v\u00e6re en del av. Etablering av Morrow Batteries i Arendal og utbygging av n\u00e6ringsareal i \u00c5mli vil bety store ringvirkninger for n\u00e6ringsliv og samfunnet i regionen. Veg\u00e5rshei m\u00e5 ha tilstrekkelig antall byggeklare tomter, boliger og (utleie) leiligheter b\u00e5de for n\u00e5v\u00e6rende innbyggere, flyktningene og tilflyttere. Gjennom forskjellige virkemidler motiverer kommunen private utbyggere til en raskere utbygging.<\/p>\n<\/div><\/div>\n\n\n\n<div class=\"wp-block-media-text alignwide has-media-on-the-right is-stacked-on-mobile is-image-fill\"><figure class=\"wp-block-media-text__media\" style=\"background-image:url('https:\/\/hoyre.no\/content\/uploads\/sites\/20\/2023\/06\/GettyImages-860044730-1024x683.jpg');background-position:50% 50%\"><img loading=\"lazy\" decoding=\"async\" width=\"1024\" height=\"683\" src=\"https:\/\/hoyre.no\/content\/uploads\/sites\/20\/2023\/06\/GettyImages-860044730-1024x683.jpg\" alt=\"\" class=\"wp-image-44 size-full\" srcset=\"https:\/\/hoyre.no\/content\/uploads\/sites\/20\/2023\/06\/GettyImages-860044730-1024x683.jpg 1024w, https:\/\/hoyre.no\/content\/uploads\/sites\/20\/2023\/06\/GettyImages-860044730-300x200.jpg 300w, https:\/\/hoyre.no\/content\/uploads\/sites\/20\/2023\/06\/GettyImages-860044730-768x513.jpg 768w, https:\/\/hoyre.no\/content\/uploads\/sites\/20\/2023\/06\/GettyImages-860044730-1536x1025.jpg 1536w, https:\/\/hoyre.no\/content\/uploads\/sites\/20\/2023\/06\/GettyImages-860044730-2048x1367.jpg 2048w\" sizes=\"auto, (max-width: 1024px) 100vw, 1024px\" \/><\/figure><div class=\"wp-block-media-text__content\">\n<h2 class=\"wp-block-heading\">4. Eiendomsskatten skal ned<\/h2>\n\n\n\n<p>Eiendomsskatt p\u00e5 egen bolig og hytte er en usosial skatt. Med dagens levekostnader er det mange som sliter med \u00e5 f\u00e5 endene til \u00e5 m\u00f8tes. Uten eiendomsskatt blir Veg\u00e5rshei en enda mer attraktiv bokommune med tanke p\u00e5 den regionale n\u00e6ringsutviklingen. Reduksjon av eiendomsskatten var det eneste vi ikke fikk gjennomf\u00f8rt forrige periode.<\/p>\n<\/div><\/div>\n\n\n\n<div class=\"wp-block-media-text alignwide is-stacked-on-mobile is-image-fill\"><figure class=\"wp-block-media-text__media\" style=\"background-image:url('https:\/\/hoyre.no\/content\/uploads\/sites\/20\/2023\/06\/GettyImages-492779192-1024x680.jpg');background-position:50% 50%\"><img loading=\"lazy\" decoding=\"async\" width=\"1024\" height=\"680\" src=\"https:\/\/hoyre.no\/content\/uploads\/sites\/20\/2023\/06\/GettyImages-492779192-1024x680.jpg\" alt=\"\" class=\"wp-image-42 size-full\" srcset=\"https:\/\/hoyre.no\/content\/uploads\/sites\/20\/2023\/06\/GettyImages-492779192-1024x680.jpg 1024w, https:\/\/hoyre.no\/content\/uploads\/sites\/20\/2023\/06\/GettyImages-492779192-300x199.jpg 300w, https:\/\/hoyre.no\/content\/uploads\/sites\/20\/2023\/06\/GettyImages-492779192-768x510.jpg 768w, https:\/\/hoyre.no\/content\/uploads\/sites\/20\/2023\/06\/GettyImages-492779192-1536x1020.jpg 1536w, https:\/\/hoyre.no\/content\/uploads\/sites\/20\/2023\/06\/GettyImages-492779192-2048x1360.jpg 2048w\" sizes=\"auto, (max-width: 1024px) 100vw, 1024px\" \/><\/figure><div class=\"wp-block-media-text__content\">\n<h2 class=\"wp-block-heading\">5. E18 m\u00e5 fullf\u00f8res<\/h2>\n\n\n\n<p>Planleggingen av E18 mellom Bamble og Tvedestrand fikk en br\u00e5 slutt h\u00f8sten 2021. Utbedring av tilf\u00f8rselsvei Fv416 til Veg\u00e5rshei har stoppet opp. Nye Veiers forslag b\u00f8r veie tungt i den videre prosessen. Veg\u00e5rshei H\u00f8yre vil jobbe for at denne veien skal bygges s\u00e5 raskt som mulig av hensyn til trafikksikkerhet, regionens utvikling og milj\u00f8.<\/p>\n<\/div><\/div>\n\n\n\n<div class=\"wp-block-media-text alignwide has-media-on-the-right is-stacked-on-mobile is-image-fill\"><figure class=\"wp-block-media-text__media\" style=\"background-image:url('https:\/\/hoyre.no\/content\/uploads\/sites\/20\/2023\/06\/GettyImages-928453496-1-1024x683.jpg');background-position:50% 50%\"><img loading=\"lazy\" decoding=\"async\" width=\"1024\" height=\"683\" src=\"https:\/\/hoyre.no\/content\/uploads\/sites\/20\/2023\/06\/GettyImages-928453496-1-1024x683.jpg\" alt=\"\" class=\"wp-image-43 size-full\" srcset=\"https:\/\/hoyre.no\/content\/uploads\/sites\/20\/2023\/06\/GettyImages-928453496-1-1024x683.jpg 1024w, https:\/\/hoyre.no\/content\/uploads\/sites\/20\/2023\/06\/GettyImages-928453496-1-300x200.jpg 300w, https:\/\/hoyre.no\/content\/uploads\/sites\/20\/2023\/06\/GettyImages-928453496-1-768x512.jpg 768w, https:\/\/hoyre.no\/content\/uploads\/sites\/20\/2023\/06\/GettyImages-928453496-1-1536x1024.jpg 1536w, https:\/\/hoyre.no\/content\/uploads\/sites\/20\/2023\/06\/GettyImages-928453496-1-2048x1365.jpg 2048w\" sizes=\"auto, (max-width: 1024px) 100vw, 1024px\" \/><\/figure><div class=\"wp-block-media-text__content\">\n<h2 class=\"wp-block-heading\">6. Tettere samarbeid i regionen<\/h2>\n\n\n\n<p>Kommunen er veldig s\u00e5rbar n\u00e5r det gjelder fagmilj\u00f8er og ressurser som sikrer innbyggerne forsvarlige tjenester. Oppgavene i kommu- nene blir stadig vanskeligere, flere eldre med sammensatte behov, vanskeligheter med \u00e5 rekruttere og utfordringer n\u00e5r ansatte er borte. Veg\u00e5rshei H\u00f8yre vil se p\u00e5 samarbeidsmuligheter p\u00e5 tvers av kom- munegrenser for \u00e5 m\u00f8te fremtidens behov innen tjenester og ivare- ta v\u00e5re innbyggere og ansatte. Vi vil ogs\u00e5 jobbe med forenkling og reduksjon av byr\u00e5kratiet.<\/p>\n<\/div><\/div>\n\n\n\n<div class=\"wp-block-hoyre-banner alignwide undefined\"><div class=\"banner-inner\"><figure class=\"hoyre-image-wrapper\"><div class=\"hoyre-image\"><img loading=\"lazy\" decoding=\"async\" width=\"1024\" height=\"768\" src=\"https:\/\/hoyre.no\/content\/uploads\/sites\/20\/2023\/06\/Erna.jpg\" class=\"attachment-scaled size-scaled\" alt=\"\" style=\"object-position: 38% 61%\" srcset=\"https:\/\/hoyre.no\/content\/uploads\/sites\/20\/2023\/06\/Erna.jpg 1024w, https:\/\/hoyre.no\/content\/uploads\/sites\/20\/2023\/06\/Erna-300x225.jpg 300w, https:\/\/hoyre.no\/content\/uploads\/sites\/20\/2023\/06\/Erna-768x576.jpg 768w\" sizes=\"auto, (max-width: 1024px) 100vw, 1024px\" \/><\/div><\/figure><div class=\"banner-content\"><div class=\"entry-content\">\n<h2 class=\"wp-block-heading\">Bli bedre kjent med Veg\u00e5rshei H\u00f8yres ordf\u00f8rerkandidat<\/h2>\n\n\n\n<p>Gunn Olsen er v\u00e5r ordf\u00f8rerkandidat for kommunevalget i 2023. Bli bedre kjent med hvem hun er og hva hun st\u00e5r for \ud83d\udc47<\/p>\n\n\n\n<div class=\"wp-block-buttons is-layout-flex wp-block-buttons-is-layout-flex\">\n<div class=\"wp-block-button\"><a class=\"wp-block-button__link\" href=\"https:\/\/hoyre.no\/vegarshei\/gunn-olsen-var-ordforerkandidat\/\">BLI KJENT MED Gunn<\/a><\/div>\n<\/div>\n<\/div><\/div><\/div><\/div>\n","protected":false},"excerpt":{"rendered":"<p>1. Eldre skal m\u00f8te respekt og omsorg I \u00e5rene fremover vil det v\u00e6re flere eldre p\u00e5 Veg\u00e5rshei enn i dag, som alle fortjener et verdig omsorgstilbud. Valgfriheten n\u00e5r du eller dine trenger litt ekstra hjelp er en verdi vi m\u00e5 ta vare p\u00e5. \u00c5 bo i eget hjem er velferd \u2013 og de som vil [&hellip;]<\/p>\n","protected":false},"author":347,"featured_media":0,"parent":0,"menu_order":0,"comment_status":"closed","ping_status":"closed","template":"","meta":{"teft_cards_image_url":"","teft_cards_custom_pretitle":"","teft_cards_image_id":0,"teft_cards_image_focal_point_x":0,"teft_cards_image_focal_point_y":0,"teft_cards_title":"","teft_cards_excerpt":"","teft_show_chapters":false,"footnotes":""},"class_list":["post-36","page","type-page","status-publish","hentry"],"yoast_head":"<!-- This site is optimized with the Yoast SEO plugin v26.6 - https:\/\/yoast.com\/wordpress\/plugins\/seo\/ -->\n<title>Seks gode grunner til \u00e5 stemme H\u00f8yre - Veg\u00e5rshei H\u00f8yre<\/title>\n<meta name=\"robots\" content=\"index, follow, max-snippet:-1, max-image-preview:large, max-video-preview:-1\" \/>\n<link rel=\"canonical\" href=\"https:\/\/hoyre.no\/vegarshei\/seks-gode-grunner-til-a-stemme-hoyre\/\" \/>\n<meta property=\"og:locale\" content=\"nb_NO\" \/>\n<meta property=\"og:type\" content=\"article\" \/>\n<meta property=\"og:title\" content=\"Seks gode grunner til \u00e5 stemme H\u00f8yre - Veg\u00e5rshei H\u00f8yre\" \/>\n<meta property=\"og:description\" content=\"1. Eldre skal m\u00f8te respekt og omsorg I \u00e5rene fremover vil det v\u00e6re flere eldre p\u00e5 Veg\u00e5rshei enn i dag, som alle fortjener et verdig omsorgstilbud. Valgfriheten n\u00e5r du eller dine trenger litt ekstra hjelp er en verdi vi m\u00e5 ta vare p\u00e5. \u00c5 bo i eget hjem er velferd \u2013 og de som vil [&hellip;]\" \/>\n<meta property=\"og:url\" content=\"https:\/\/hoyre.no\/vegarshei\/seks-gode-grunner-til-a-stemme-hoyre\/\" \/>\n<meta property=\"og:site_name\" content=\"Veg\u00e5rshei H\u00f8yre\" \/>\n<meta property=\"article:modified_time\" content=\"2023-06-09T08:11:35+00:00\" \/>\n<meta property=\"og:image\" content=\"https:\/\/hoyre.no\/content\/uploads\/sites\/20\/2023\/06\/GettyImages-1125750538-1024x683.jpg\" \/>\n<meta name=\"twitter:card\" content=\"summary_large_image\" \/>\n<meta name=\"twitter:label1\" content=\"Ansl. lesetid\" \/>\n\t<meta name=\"twitter:data1\" content=\"6 minutter\" \/>\n<script type=\"application\/ld+json\" class=\"yoast-schema-graph\">{\"@context\":\"https:\/\/schema.org\",\"@graph\":[{\"@type\":\"WebPage\",\"@id\":\"https:\/\/hoyre.no\/vegarshei\/seks-gode-grunner-til-a-stemme-hoyre\/\",\"url\":\"https:\/\/hoyre.no\/vegarshei\/seks-gode-grunner-til-a-stemme-hoyre\/\",\"name\":\"Seks gode grunner til \u00e5 stemme H\u00f8yre - Veg\u00e5rshei H\u00f8yre\",\"isPartOf\":{\"@id\":\"https:\/\/hoyre.no\/vegarshei\/#website\"},\"image\":{\"@id\":\"https:\/\/hoyre.no\/vegarshei\/seks-gode-grunner-til-a-stemme-hoyre\/#primaryimage\"},\"thumbnailUrl\":\"https:\/\/hoyre.no\/content\/uploads\/sites\/20\/2023\/06\/GettyImages-1125750538-1024x683.jpg\",\"datePublished\":\"2023-06-07T12:23:48+00:00\",\"dateModified\":\"2023-06-09T08:11:35+00:00\",\"breadcrumb\":{\"@id\":\"https:\/\/hoyre.no\/vegarshei\/seks-gode-grunner-til-a-stemme-hoyre\/#breadcrumb\"},\"inLanguage\":\"nb-NO\",\"potentialAction\":[{\"@type\":\"ReadAction\",\"target\":[\"https:\/\/hoyre.no\/vegarshei\/seks-gode-grunner-til-a-stemme-hoyre\/\"]}]},{\"@type\":\"ImageObject\",\"inLanguage\":\"nb-NO\",\"@id\":\"https:\/\/hoyre.no\/vegarshei\/seks-gode-grunner-til-a-stemme-hoyre\/#primaryimage\",\"url\":\"https:\/\/hoyre.no\/content\/uploads\/sites\/20\/2023\/06\/GettyImages-1125750538-1024x683.jpg\",\"contentUrl\":\"https:\/\/hoyre.no\/content\/uploads\/sites\/20\/2023\/06\/GettyImages-1125750538-1024x683.jpg\"},{\"@type\":\"BreadcrumbList\",\"@id\":\"https:\/\/hoyre.no\/vegarshei\/seks-gode-grunner-til-a-stemme-hoyre\/#breadcrumb\",\"itemListElement\":[{\"@type\":\"ListItem\",\"position\":1,\"name\":\"Til hoyre.no\",\"item\":\"https:\/\/hoyre.no\"},{\"@type\":\"ListItem\",\"position\":2,\"name\":\"Hjem\",\"item\":\"https:\/\/hoyre.no\/vegarshei\/\"},{\"@type\":\"ListItem\",\"position\":3,\"name\":\"Seks gode grunner til \u00e5 stemme H\u00f8yre\"}]},{\"@type\":\"WebSite\",\"@id\":\"https:\/\/hoyre.no\/vegarshei\/#website\",\"url\":\"https:\/\/hoyre.no\/vegarshei\/\",\"name\":\"Veg\u00e5rshei H\u00f8yre\",\"description\":\"Bare enda et H\u00f8yres nettsteder-nettsted\",\"inLanguage\":\"nb-NO\"}]}<\/script>\n<!-- \/ Yoast SEO plugin. -->","yoast_head_json":{"title":"Seks gode grunner til \u00e5 stemme H\u00f8yre - Veg\u00e5rshei H\u00f8yre","robots":{"index":"index","follow":"follow","max-snippet":"max-snippet:-1","max-image-preview":"max-image-preview:large","max-video-preview":"max-video-preview:-1"},"canonical":"https:\/\/hoyre.no\/vegarshei\/seks-gode-grunner-til-a-stemme-hoyre\/","og_locale":"nb_NO","og_type":"article","og_title":"Seks gode grunner til \u00e5 stemme H\u00f8yre - Veg\u00e5rshei H\u00f8yre","og_description":"1. Eldre skal m\u00f8te respekt og omsorg I \u00e5rene fremover vil det v\u00e6re flere eldre p\u00e5 Veg\u00e5rshei enn i dag, som alle fortjener et verdig omsorgstilbud. Valgfriheten n\u00e5r du eller dine trenger litt ekstra hjelp er en verdi vi m\u00e5 ta vare p\u00e5. \u00c5 bo i eget hjem er velferd \u2013 og de som vil [&hellip;]","og_url":"https:\/\/hoyre.no\/vegarshei\/seks-gode-grunner-til-a-stemme-hoyre\/","og_site_name":"Veg\u00e5rshei H\u00f8yre","article_modified_time":"2023-06-09T08:11:35+00:00","og_image":[{"url":"https:\/\/hoyre.no\/content\/uploads\/sites\/20\/2023\/06\/GettyImages-1125750538-1024x683.jpg","type":"","width":"","height":""}],"twitter_card":"summary_large_image","twitter_misc":{"Ansl. lesetid":"6 minutter"},"schema":{"@context":"https:\/\/schema.org","@graph":[{"@type":"WebPage","@id":"https:\/\/hoyre.no\/vegarshei\/seks-gode-grunner-til-a-stemme-hoyre\/","url":"https:\/\/hoyre.no\/vegarshei\/seks-gode-grunner-til-a-stemme-hoyre\/","name":"Seks gode grunner til \u00e5 stemme H\u00f8yre - Veg\u00e5rshei H\u00f8yre","isPartOf":{"@id":"https:\/\/hoyre.no\/vegarshei\/#website"},"image":{"@id":"https:\/\/hoyre.no\/vegarshei\/seks-gode-grunner-til-a-stemme-hoyre\/#primaryimage"},"thumbnailUrl":"https:\/\/hoyre.no\/content\/uploads\/sites\/20\/2023\/06\/GettyImages-1125750538-1024x683.jpg","datePublished":"2023-06-07T12:23:48+00:00","dateModified":"2023-06-09T08:11:35+00:00","breadcrumb":{"@id":"https:\/\/hoyre.no\/vegarshei\/seks-gode-grunner-til-a-stemme-hoyre\/#breadcrumb"},"inLanguage":"nb-NO","potentialAction":[{"@type":"ReadAction","target":["https:\/\/hoyre.no\/vegarshei\/seks-gode-grunner-til-a-stemme-hoyre\/"]}]},{"@type":"ImageObject","inLanguage":"nb-NO","@id":"https:\/\/hoyre.no\/vegarshei\/seks-gode-grunner-til-a-stemme-hoyre\/#primaryimage","url":"https:\/\/hoyre.no\/content\/uploads\/sites\/20\/2023\/06\/GettyImages-1125750538-1024x683.jpg","contentUrl":"https:\/\/hoyre.no\/content\/uploads\/sites\/20\/2023\/06\/GettyImages-1125750538-1024x683.jpg"},{"@type":"BreadcrumbList","@id":"https:\/\/hoyre.no\/vegarshei\/seks-gode-grunner-til-a-stemme-hoyre\/#breadcrumb","itemListElement":[{"@type":"ListItem","position":1,"name":"Til hoyre.no","item":"https:\/\/hoyre.no"},{"@type":"ListItem","position":2,"name":"Hjem","item":"https:\/\/hoyre.no\/vegarshei\/"},{"@type":"ListItem","position":3,"name":"Seks gode grunner til \u00e5 stemme H\u00f8yre"}]},{"@type":"WebSite","@id":"https:\/\/hoyre.no\/vegarshei\/#website","url":"https:\/\/hoyre.no\/vegarshei\/","name":"Veg\u00e5rshei H\u00f8yre","description":"Bare enda et H\u00f8yres nettsteder-nettsted","inLanguage":"nb-NO"}]}},"distributor_meta":false,"distributor_terms":false,"distributor_media":false,"distributor_original_site_name":"Veg\u00e5rshei H\u00f8yre","distributor_original_site_url":"https:\/\/hoyre.no\/vegarshei","push-errors":false,"_links":{"self":[{"href":"https:\/\/hoyre.no\/vegarshei\/wp-json\/wp\/v2\/pages\/36","targetHints":{"allow":["GET"]}}],"collection":[{"href":"https:\/\/hoyre.no\/vegarshei\/wp-json\/wp\/v2\/pages"}],"about":[{"href":"https:\/\/hoyre.no\/vegarshei\/wp-json\/wp\/v2\/types\/page"}],"author":[{"embeddable":true,"href":"https:\/\/hoyre.no\/vegarshei\/wp-json\/wp\/v2\/users\/347"}],"replies":[{"embeddable":true,"href":"https:\/\/hoyre.no\/vegarshei\/wp-json\/wp\/v2\/comments?post=36"}],"version-history":[{"count":3,"href":"https:\/\/hoyre.no\/vegarshei\/wp-json\/wp\/v2\/pages\/36\/revisions"}],"predecessor-version":[{"id":61,"href":"https:\/\/hoyre.no\/vegarshei\/wp-json\/wp\/v2\/pages\/36\/revisions\/61"}],"wp:attachment":[{"href":"https:\/\/hoyre.no\/vegarshei\/wp-json\/wp\/v2\/media?parent=36"}],"curies":[{"name":"wp","href":"https:\/\/api.w.org\/{rel}","templated":true}]}}