{"id":573,"date":"2024-08-17T11:42:30","date_gmt":"2024-08-17T09:42:30","guid":{"rendered":"https:\/\/hoyre.no\/vestfold\/?page_id=573"},"modified":"2025-02-13T12:42:36","modified_gmt":"2025-02-13T11:42:36","slug":"bli-bedre-kjent-med-rita-kilvaer","status":"publish","type":"page","link":"https:\/\/hoyre.no\/vestfold\/stortingsvalg\/bli-bedre-kjent-med-rita-kilvaer\/","title":{"rendered":"Rita Kilv\u00e6r"},"content":{"rendered":"\n<div class=\"wp-block-hoyre-hero with-image-gradient text-color-light  alignfull has-background\"><div class=\"hoyre-hero \"><h1 class=\"title\">Rita Kilv\u00e6r<\/h1><p class=\"preamble\">3. kandidat for Vestfold H\u00f8yre ved stortingsvalget 2025<\/p><\/div><\/div>\n\n\n\n<div class=\"wp-block-hoyre-banner undefined has-icon-title icon-heart is-style-blue\"><div class=\"banner-inner\"><div class=\"banner-content\"><div class=\"entry-content\">\n<h2 class=\"wp-block-heading\">Bli kjent med Rita!<\/h2>\n\n\n\n<p class=\"has-text-align-left\">Rita Kilv\u00e6r<br>F\u00f8dt 1972<br>Bosted Larvik<br>Medlem av H\u00f8yre siden 2015<\/p>\n\n\n\n<div class=\"wp-block-buttons is-layout-flex wp-block-buttons-is-layout-flex\"><\/div>\n<\/div><\/div><\/div><\/div>\n\n\n\n\n<figure class=\"wp-block-image size-large is-resized\"><img loading=\"lazy\" decoding=\"async\" width=\"1024\" height=\"924\" src=\"https:\/\/hoyre.no\/content\/uploads\/sites\/428\/2025\/01\/IMG_0149-1024x924.jpeg\" alt=\"\" class=\"wp-image-1165\" style=\"aspect-ratio:0.75;object-fit:cover;width:703px;height:auto\" srcset=\"https:\/\/hoyre.no\/content\/uploads\/sites\/428\/2025\/01\/IMG_0149-1024x924.jpeg 1024w, https:\/\/hoyre.no\/content\/uploads\/sites\/428\/2025\/01\/IMG_0149-300x271.jpeg 300w, https:\/\/hoyre.no\/content\/uploads\/sites\/428\/2025\/01\/IMG_0149-768x693.jpeg 768w, https:\/\/hoyre.no\/content\/uploads\/sites\/428\/2025\/01\/IMG_0149-1536x1386.jpeg 1536w, https:\/\/hoyre.no\/content\/uploads\/sites\/428\/2025\/01\/IMG_0149.jpeg 1600w\" sizes=\"auto, (max-width: 1024px) 100vw, 1024px\" \/><\/figure>\n\n\n\n\n<ul class=\"wp-block-social-links is-layout-flex wp-block-social-links-is-layout-flex\"><li class=\"wp-social-link wp-social-link-facebook  wp-block-social-link\"><a href=\"https:\/\/www.facebook.com\/profile.php?id=100011006082495\" class=\"wp-block-social-link-anchor\"><svg width=\"24\" height=\"24\" viewBox=\"0 0 24 24\" version=\"1.1\" xmlns=\"http:\/\/www.w3.org\/2000\/svg\" aria-hidden=\"true\" focusable=\"false\"><path d=\"M12 2C6.5 2 2 6.5 2 12c0 5 3.7 9.1 8.4 9.9v-7H7.9V12h2.5V9.8c0-2.5 1.5-3.9 3.8-3.9 1.1 0 2.2.2 2.2.2v2.5h-1.3c-1.2 0-1.6.8-1.6 1.6V12h2.8l-.4 2.9h-2.3v7C18.3 21.1 22 17 22 12c0-5.5-4.5-10-10-10z\"><\/path><\/svg><span class=\"wp-block-social-link-label screen-reader-text\">Facebook<\/span><\/a><\/li>\n\n<li class=\"wp-social-link wp-social-link-instagram  wp-block-social-link\"><a href=\"https:\/\/www.instagram.com\/ritakilvaer?igsh=MWY4anlzbmVxa3F3cg==\" class=\"wp-block-social-link-anchor\"><svg width=\"24\" height=\"24\" viewBox=\"0 0 24 24\" version=\"1.1\" xmlns=\"http:\/\/www.w3.org\/2000\/svg\" aria-hidden=\"true\" focusable=\"false\"><path d=\"M12,4.622c2.403,0,2.688,0.009,3.637,0.052c0.877,0.04,1.354,0.187,1.671,0.31c0.42,0.163,0.72,0.358,1.035,0.673 c0.315,0.315,0.51,0.615,0.673,1.035c0.123,0.317,0.27,0.794,0.31,1.671c0.043,0.949,0.052,1.234,0.052,3.637 s-0.009,2.688-0.052,3.637c-0.04,0.877-0.187,1.354-0.31,1.671c-0.163,0.42-0.358,0.72-0.673,1.035 c-0.315,0.315-0.615,0.51-1.035,0.673c-0.317,0.123-0.794,0.27-1.671,0.31c-0.949,0.043-1.233,0.052-3.637,0.052 s-2.688-0.009-3.637-0.052c-0.877-0.04-1.354-0.187-1.671-0.31c-0.42-0.163-0.72-0.358-1.035-0.673 c-0.315-0.315-0.51-0.615-0.673-1.035c-0.123-0.317-0.27-0.794-0.31-1.671C4.631,14.688,4.622,14.403,4.622,12 s0.009-2.688,0.052-3.637c0.04-0.877,0.187-1.354,0.31-1.671c0.163-0.42,0.358-0.72,0.673-1.035 c0.315-0.315,0.615-0.51,1.035-0.673c0.317-0.123,0.794-0.27,1.671-0.31C9.312,4.631,9.597,4.622,12,4.622 M12,3 C9.556,3,9.249,3.01,8.289,3.054C7.331,3.098,6.677,3.25,6.105,3.472C5.513,3.702,5.011,4.01,4.511,4.511 c-0.5,0.5-0.808,1.002-1.038,1.594C3.25,6.677,3.098,7.331,3.054,8.289C3.01,9.249,3,9.556,3,12c0,2.444,0.01,2.751,0.054,3.711 c0.044,0.958,0.196,1.612,0.418,2.185c0.23,0.592,0.538,1.094,1.038,1.594c0.5,0.5,1.002,0.808,1.594,1.038 c0.572,0.222,1.227,0.375,2.185,0.418C9.249,20.99,9.556,21,12,21s2.751-0.01,3.711-0.054c0.958-0.044,1.612-0.196,2.185-0.418 c0.592-0.23,1.094-0.538,1.594-1.038c0.5-0.5,0.808-1.002,1.038-1.594c0.222-0.572,0.375-1.227,0.418-2.185 C20.99,14.751,21,14.444,21,12s-0.01-2.751-0.054-3.711c-0.044-0.958-0.196-1.612-0.418-2.185c-0.23-0.592-0.538-1.094-1.038-1.594 c-0.5-0.5-1.002-0.808-1.594-1.038c-0.572-0.222-1.227-0.375-2.185-0.418C14.751,3.01,14.444,3,12,3L12,3z M12,7.378 c-2.552,0-4.622,2.069-4.622,4.622S9.448,16.622,12,16.622s4.622-2.069,4.622-4.622S14.552,7.378,12,7.378z M12,15 c-1.657,0-3-1.343-3-3s1.343-3,3-3s3,1.343,3,3S13.657,15,12,15z M16.804,6.116c-0.596,0-1.08,0.484-1.08,1.08 s0.484,1.08,1.08,1.08c0.596,0,1.08-0.484,1.08-1.08S17.401,6.116,16.804,6.116z\"><\/path><\/svg><span class=\"wp-block-social-link-label screen-reader-text\">Instagram<\/span><\/a><\/li>\n\n<li class=\"wp-social-link wp-social-link-mail  wp-block-social-link\"><a href=\"mailto:&#114;i&#116;&#097;&#046;kilv&#097;&#101;r&#064;&#103;&#109;&#097;il&#046;&#099;&#111;&#109;\" class=\"wp-block-social-link-anchor\"><svg width=\"24\" height=\"24\" viewBox=\"0 0 24 24\" version=\"1.1\" xmlns=\"http:\/\/www.w3.org\/2000\/svg\" aria-hidden=\"true\" focusable=\"false\"><path d=\"M19,5H5c-1.1,0-2,.9-2,2v10c0,1.1.9,2,2,2h14c1.1,0,2-.9,2-2V7c0-1.1-.9-2-2-2zm.5,12c0,.3-.2.5-.5.5H5c-.3,0-.5-.2-.5-.5V9.8l7.5,5.6,7.5-5.6V17zm0-9.1L12,13.6,4.5,7.9V7c0-.3.2-.5.5-.5h14c.3,0,.5.2.5.5v.9z\"><\/path><\/svg><span class=\"wp-block-social-link-label screen-reader-text\">Mail<\/span><\/a><\/li><\/ul>\n\n\n\n<div class=\"wp-block-hoyre-banner undefined  is-style-blue\"><div class=\"banner-inner\"><div class=\"banner-content\"><div class=\"entry-content\">\n<h2 class=\"wp-block-heading\">OM RITA<\/h2>\n\n\n\n<p class=\"has-text-align-left\">Rita er utdannet jurist. Hun jobber n\u00e5 som administrerende direkt\u00f8r i Pasientreiser HF, og p\u00e5 bakgrunn av dette har hun god kunnskap om digitalisering og teknologiutvikling samt styring og organisering av helsesektoren. Hun har tidligere jobbet som visepolitimester og politimester i Telemark, direkt\u00f8r i kriminalomsorgen region s\u00f8r og som advokatfullmektig. Hun kjenner godt til hvordan styring og ledelse fra departement til virksomhet fungerer, og har deltatt i en rekke nasjonale utviklings- og omorganiseringstiltak. Som toppleder har hun bred erfaring med \u00e5 lede ledere, sikre m\u00e5l og resultater for den enkelte virksomhet, levere p\u00e5 politiske f\u00f8ringer og h\u00e5ndtere publikums forventninger.&nbsp;Rita har god erfaring fra politikken i Larvik H\u00f8yre.<\/p>\n\n\n\n<div class=\"wp-block-buttons is-layout-flex wp-block-buttons-is-layout-flex\"><\/div>\n<\/div><\/div><\/div><\/div>\n\n\n\n<div class=\"wp-block-teft-accordion\"><div class=\"teft-accordion__inner\">\n<div class=\"wp-block-teft-item\"><div class=\"teft-item__inner\"><h4 class=\"toggle\">Viktigste politiske erfaringer<\/h4><div class=\"teft-item__inner-content entry-content\">\n<ul class=\"wp-block-list\">\n<li>Leder av Larvik H\u00f8yre<\/li>\n\n\n\n<li>Kvinnepolitisk ansvarlig i Vestfold H\u00f8yre<\/li>\n\n\n\n<li>Medlem av kommunestyret<\/li>\n\n\n\n<li>Nestleder utvalg for oppvekst og kvalifisering<\/li>\n<\/ul>\n<\/div><\/div><\/div>\n\n\n\n<div class=\"wp-block-teft-item\"><div class=\"teft-item__inner\"><h4 class=\"toggle\">Viktigste politiske interesseomr\u00e5der<\/h4><div class=\"teft-item__inner-content entry-content\">\n<ul class=\"wp-block-list\">\n<li>Oppvekst og tidlig innsats<\/li>\n\n\n\n<li>Skole og h\u00f8yere utdanning<\/li>\n\n\n\n<li>Justis og beredskap<\/li>\n<\/ul>\n<\/div><\/div><\/div>\n<\/div><\/div>\n\n\n\n<div class=\"wp-block-hoyre-banner undefined  is-style-blue\"><div class=\"banner-inner\"><div class=\"banner-content\"><div class=\"entry-content\">\n<p class=\"has-text-align-left\">Den r\u00f8de tr\u00e5den i hennes politiske engasjement er bekjempelse av utenforskap. Hun motiveres av \u00e5 gjennomf\u00f8re praktisk politikk og bidra til godt samarbeid p\u00e5 tvers av politiske partier. Troverdighet og \u00e6rlighet er viktige stikkord for henne. Rita er vant til \u00e5 h\u00e5ndtere lokale og nasjonale medier samt ta initiativ til redaksjonelle oppslag. Hun liker ogs\u00e5 godt \u00e5 delta i debatter og er ikke redd for \u00e5 st\u00e5 for meningene sine. Rita har fire barn sammen med sin ektemann gjennom 30 \u00e5r. P\u00e5 fritiden driver hun med amat\u00f8rteater, soppsanking, hytteliv, matlaging, trening og litteratur. <br><\/p>\n\n\n\n<p class=\"has-text-align-left\">Rita var med \u00e5 bidra til at to private skolefritidsordninger kunne opprettholde tilbudet sitt i Larvik ved at de n\u00e5 f\u00e5r samme tilskudd som kommunale. Hun har kjempet for at Stavern skole skulle rehabiliteres framfor \u00e5 bygge ny \u2013 n\u00e5 st\u00e5r bygget klart. Rita har gjennom \u00e5rene laget flere interpellasjoner for \u00e5 f\u00e5 navngitt steder og parker etter kjente Larvikskvinner \u2013 til sammen er det n\u00e5 fire steder som har f\u00e5tt navn.&nbsp;<br><\/p>\n\n\n\n<p class=\"has-text-align-left\">\u00c5 bli bedre kjent med n\u00e6ringslivet i Vestfold og f\u00e5 kontakt med viktige virksomheter i regionen er noe Rita \u00f8nsker seg. Det samme gjelder landbrukssektoren, fordi Vestfold utgj\u00f8r en s\u00e5 stor del av Norges matfat. H\u00f8yres politiske prosjekt i Vestfold mot valget b\u00f8r v\u00e6re stabilitet og forutsigbarhet for folk flest. Bedre og jevnere inntektsgrunnlag for kommunene, renere Oslofjord, bedre tilgang p\u00e5 kraft\/str\u00f8m, og trygge og tilgjengelige helsetjenester.<\/p>\n\n\n\n<div class=\"wp-block-buttons is-layout-flex wp-block-buttons-is-layout-flex\"><\/div>\n<\/div><\/div><\/div><\/div>\n","protected":false},"excerpt":{"rendered":"","protected":false},"author":21339,"featured_media":0,"parent":304,"menu_order":3,"comment_status":"closed","ping_status":"closed","template":"","meta":{"teft_cards_image_url":"","teft_cards_custom_pretitle":"","teft_cards_image_id":0,"teft_cards_image_focal_point_x":0,"teft_cards_image_focal_point_y":0,"teft_cards_title":"","teft_cards_excerpt":"","teft_show_chapters":false,"footnotes":""},"class_list":["post-573","page","type-page","status-publish","hentry"],"yoast_head":"<!-- This site is optimized with the Yoast SEO plugin v26.6 - https:\/\/yoast.com\/wordpress\/plugins\/seo\/ -->\n<title>Rita Kilv\u00e6r - Vestfold H\u00f8yre<\/title>\n<meta name=\"robots\" content=\"index, follow, max-snippet:-1, max-image-preview:large, max-video-preview:-1\" \/>\n<link rel=\"canonical\" href=\"https:\/\/hoyre.no\/vestfold\/stortingsvalg\/bli-bedre-kjent-med-rita-kilvaer\/\" \/>\n<meta property=\"og:locale\" content=\"nb_NO\" \/>\n<meta property=\"og:type\" content=\"article\" \/>\n<meta property=\"og:title\" content=\"Rita Kilv\u00e6r - Vestfold H\u00f8yre\" \/>\n<meta property=\"og:url\" content=\"https:\/\/hoyre.no\/vestfold\/stortingsvalg\/bli-bedre-kjent-med-rita-kilvaer\/\" \/>\n<meta property=\"og:site_name\" content=\"Vestfold H\u00f8yre\" \/>\n<meta property=\"article:publisher\" content=\"https:\/\/www.facebook.com\/vestfold.hoyre\" \/>\n<meta property=\"article:modified_time\" content=\"2025-02-13T11:42:36+00:00\" \/>\n<meta property=\"og:image\" content=\"https:\/\/hoyre.no\/content\/uploads\/sites\/428\/2025\/01\/IMG_0149.jpeg\" \/>\n\t<meta property=\"og:image:width\" content=\"1600\" \/>\n\t<meta property=\"og:image:height\" content=\"1444\" \/>\n\t<meta property=\"og:image:type\" content=\"image\/jpeg\" \/>\n<meta name=\"twitter:card\" content=\"summary_large_image\" \/>\n<meta name=\"twitter:label1\" content=\"Ansl. lesetid\" \/>\n\t<meta name=\"twitter:data1\" content=\"3 minutter\" \/>\n<script type=\"application\/ld+json\" class=\"yoast-schema-graph\">{\"@context\":\"https:\/\/schema.org\",\"@graph\":[{\"@type\":\"WebPage\",\"@id\":\"https:\/\/hoyre.no\/vestfold\/stortingsvalg\/bli-bedre-kjent-med-rita-kilvaer\/\",\"url\":\"https:\/\/hoyre.no\/vestfold\/stortingsvalg\/bli-bedre-kjent-med-rita-kilvaer\/\",\"name\":\"Rita Kilv\u00e6r - Vestfold H\u00f8yre\",\"isPartOf\":{\"@id\":\"https:\/\/hoyre.no\/vestfold\/#website\"},\"image\":{\"@id\":\"https:\/\/hoyre.no\/vestfold\/stortingsvalg\/bli-bedre-kjent-med-rita-kilvaer\/#primaryimage\"},\"thumbnailUrl\":\"https:\/\/hoyre.no\/content\/uploads\/sites\/428\/2025\/01\/IMG_0149-1024x924.jpeg\",\"datePublished\":\"2024-08-17T09:42:30+00:00\",\"dateModified\":\"2025-02-13T11:42:36+00:00\",\"breadcrumb\":{\"@id\":\"https:\/\/hoyre.no\/vestfold\/stortingsvalg\/bli-bedre-kjent-med-rita-kilvaer\/#breadcrumb\"},\"inLanguage\":\"nb-NO\",\"potentialAction\":[{\"@type\":\"ReadAction\",\"target\":[\"https:\/\/hoyre.no\/vestfold\/stortingsvalg\/bli-bedre-kjent-med-rita-kilvaer\/\"]}]},{\"@type\":\"ImageObject\",\"inLanguage\":\"nb-NO\",\"@id\":\"https:\/\/hoyre.no\/vestfold\/stortingsvalg\/bli-bedre-kjent-med-rita-kilvaer\/#primaryimage\",\"url\":\"https:\/\/hoyre.no\/content\/uploads\/sites\/428\/2025\/01\/IMG_0149-1024x924.jpeg\",\"contentUrl\":\"https:\/\/hoyre.no\/content\/uploads\/sites\/428\/2025\/01\/IMG_0149-1024x924.jpeg\"},{\"@type\":\"BreadcrumbList\",\"@id\":\"https:\/\/hoyre.no\/vestfold\/stortingsvalg\/bli-bedre-kjent-med-rita-kilvaer\/#breadcrumb\",\"itemListElement\":[{\"@type\":\"ListItem\",\"position\":1,\"name\":\"Til hoyre.no\",\"item\":\"https:\/\/hoyre.no\"},{\"@type\":\"ListItem\",\"position\":2,\"name\":\"Hjem\",\"item\":\"https:\/\/hoyre.no\/vestfold\/\"},{\"@type\":\"ListItem\",\"position\":3,\"name\":\"Stortingsvalg\",\"item\":\"https:\/\/hoyre.no\/vestfold\/stortingsvalg\/\"},{\"@type\":\"ListItem\",\"position\":4,\"name\":\"Rita Kilv\u00e6r\"}]},{\"@type\":\"WebSite\",\"@id\":\"https:\/\/hoyre.no\/vestfold\/#website\",\"url\":\"https:\/\/hoyre.no\/vestfold\/\",\"name\":\"Vestfold H\u00f8yre\",\"description\":\"Bare enda et H\u00f8yres nettsteder-nettsted\",\"publisher\":{\"@id\":\"https:\/\/hoyre.no\/vestfold\/#organization\"},\"inLanguage\":\"nb-NO\"},{\"@type\":\"Organization\",\"@id\":\"https:\/\/hoyre.no\/vestfold\/#organization\",\"name\":\"Vestfold H\u00f8yre\",\"url\":\"https:\/\/hoyre.no\/vestfold\/\",\"logo\":{\"@type\":\"ImageObject\",\"inLanguage\":\"nb-NO\",\"@id\":\"https:\/\/hoyre.no\/vestfold\/#\/schema\/logo\/image\/\",\"url\":\"https:\/\/hoyre.no\/content\/uploads\/sites\/428\/2023\/02\/hoyre_logo.png\",\"contentUrl\":\"https:\/\/hoyre.no\/content\/uploads\/sites\/428\/2023\/02\/hoyre_logo.png\",\"width\":1000,\"height\":1000,\"caption\":\"Vestfold H\u00f8yre\"},\"image\":{\"@id\":\"https:\/\/hoyre.no\/vestfold\/#\/schema\/logo\/image\/\"},\"sameAs\":[\"https:\/\/www.facebook.com\/vestfold.hoyre\"]}]}<\/script>\n<!-- \/ Yoast SEO plugin. -->","yoast_head_json":{"title":"Rita Kilv\u00e6r - Vestfold H\u00f8yre","robots":{"index":"index","follow":"follow","max-snippet":"max-snippet:-1","max-image-preview":"max-image-preview:large","max-video-preview":"max-video-preview:-1"},"canonical":"https:\/\/hoyre.no\/vestfold\/stortingsvalg\/bli-bedre-kjent-med-rita-kilvaer\/","og_locale":"nb_NO","og_type":"article","og_title":"Rita Kilv\u00e6r - Vestfold H\u00f8yre","og_url":"https:\/\/hoyre.no\/vestfold\/stortingsvalg\/bli-bedre-kjent-med-rita-kilvaer\/","og_site_name":"Vestfold H\u00f8yre","article_publisher":"https:\/\/www.facebook.com\/vestfold.hoyre","article_modified_time":"2025-02-13T11:42:36+00:00","og_image":[{"width":1600,"height":1444,"url":"https:\/\/hoyre.no\/content\/uploads\/sites\/428\/2025\/01\/IMG_0149.jpeg","type":"image\/jpeg"}],"twitter_card":"summary_large_image","twitter_misc":{"Ansl. lesetid":"3 minutter"},"schema":{"@context":"https:\/\/schema.org","@graph":[{"@type":"WebPage","@id":"https:\/\/hoyre.no\/vestfold\/stortingsvalg\/bli-bedre-kjent-med-rita-kilvaer\/","url":"https:\/\/hoyre.no\/vestfold\/stortingsvalg\/bli-bedre-kjent-med-rita-kilvaer\/","name":"Rita Kilv\u00e6r - Vestfold H\u00f8yre","isPartOf":{"@id":"https:\/\/hoyre.no\/vestfold\/#website"},"image":{"@id":"https:\/\/hoyre.no\/vestfold\/stortingsvalg\/bli-bedre-kjent-med-rita-kilvaer\/#primaryimage"},"thumbnailUrl":"https:\/\/hoyre.no\/content\/uploads\/sites\/428\/2025\/01\/IMG_0149-1024x924.jpeg","datePublished":"2024-08-17T09:42:30+00:00","dateModified":"2025-02-13T11:42:36+00:00","breadcrumb":{"@id":"https:\/\/hoyre.no\/vestfold\/stortingsvalg\/bli-bedre-kjent-med-rita-kilvaer\/#breadcrumb"},"inLanguage":"nb-NO","potentialAction":[{"@type":"ReadAction","target":["https:\/\/hoyre.no\/vestfold\/stortingsvalg\/bli-bedre-kjent-med-rita-kilvaer\/"]}]},{"@type":"ImageObject","inLanguage":"nb-NO","@id":"https:\/\/hoyre.no\/vestfold\/stortingsvalg\/bli-bedre-kjent-med-rita-kilvaer\/#primaryimage","url":"https:\/\/hoyre.no\/content\/uploads\/sites\/428\/2025\/01\/IMG_0149-1024x924.jpeg","contentUrl":"https:\/\/hoyre.no\/content\/uploads\/sites\/428\/2025\/01\/IMG_0149-1024x924.jpeg"},{"@type":"BreadcrumbList","@id":"https:\/\/hoyre.no\/vestfold\/stortingsvalg\/bli-bedre-kjent-med-rita-kilvaer\/#breadcrumb","itemListElement":[{"@type":"ListItem","position":1,"name":"Til hoyre.no","item":"https:\/\/hoyre.no"},{"@type":"ListItem","position":2,"name":"Hjem","item":"https:\/\/hoyre.no\/vestfold\/"},{"@type":"ListItem","position":3,"name":"Stortingsvalg","item":"https:\/\/hoyre.no\/vestfold\/stortingsvalg\/"},{"@type":"ListItem","position":4,"name":"Rita Kilv\u00e6r"}]},{"@type":"WebSite","@id":"https:\/\/hoyre.no\/vestfold\/#website","url":"https:\/\/hoyre.no\/vestfold\/","name":"Vestfold H\u00f8yre","description":"Bare enda et H\u00f8yres nettsteder-nettsted","publisher":{"@id":"https:\/\/hoyre.no\/vestfold\/#organization"},"inLanguage":"nb-NO"},{"@type":"Organization","@id":"https:\/\/hoyre.no\/vestfold\/#organization","name":"Vestfold H\u00f8yre","url":"https:\/\/hoyre.no\/vestfold\/","logo":{"@type":"ImageObject","inLanguage":"nb-NO","@id":"https:\/\/hoyre.no\/vestfold\/#\/schema\/logo\/image\/","url":"https:\/\/hoyre.no\/content\/uploads\/sites\/428\/2023\/02\/hoyre_logo.png","contentUrl":"https:\/\/hoyre.no\/content\/uploads\/sites\/428\/2023\/02\/hoyre_logo.png","width":1000,"height":1000,"caption":"Vestfold H\u00f8yre"},"image":{"@id":"https:\/\/hoyre.no\/vestfold\/#\/schema\/logo\/image\/"},"sameAs":["https:\/\/www.facebook.com\/vestfold.hoyre"]}]}},"distributor_meta":false,"distributor_terms":false,"distributor_media":false,"distributor_original_site_name":"Vestfold H\u00f8yre","distributor_original_site_url":"https:\/\/hoyre.no\/vestfold","push-errors":false,"_links":{"self":[{"href":"https:\/\/hoyre.no\/vestfold\/wp-json\/wp\/v2\/pages\/573","targetHints":{"allow":["GET"]}}],"collection":[{"href":"https:\/\/hoyre.no\/vestfold\/wp-json\/wp\/v2\/pages"}],"about":[{"href":"https:\/\/hoyre.no\/vestfold\/wp-json\/wp\/v2\/types\/page"}],"author":[{"embeddable":true,"href":"https:\/\/hoyre.no\/vestfold\/wp-json\/wp\/v2\/users\/21339"}],"replies":[{"embeddable":true,"href":"https:\/\/hoyre.no\/vestfold\/wp-json\/wp\/v2\/comments?post=573"}],"version-history":[{"count":12,"href":"https:\/\/hoyre.no\/vestfold\/wp-json\/wp\/v2\/pages\/573\/revisions"}],"predecessor-version":[{"id":1203,"href":"https:\/\/hoyre.no\/vestfold\/wp-json\/wp\/v2\/pages\/573\/revisions\/1203"}],"up":[{"embeddable":true,"href":"https:\/\/hoyre.no\/vestfold\/wp-json\/wp\/v2\/pages\/304"}],"wp:attachment":[{"href":"https:\/\/hoyre.no\/vestfold\/wp-json\/wp\/v2\/media?parent=573"}],"curies":[{"name":"wp","href":"https:\/\/api.w.org\/{rel}","templated":true}]}}