{"id":108,"date":"2023-06-06T00:18:42","date_gmt":"2023-06-05T22:18:42","guid":{"rendered":"https:\/\/hoyre.no\/vestvagoy\/?page_id=108"},"modified":"2023-06-06T17:54:24","modified_gmt":"2023-06-06T15:54:24","slug":"samferdsel","status":"publish","type":"page","link":"https:\/\/hoyre.no\/vestvagoy\/politikk\/samferdsel\/","title":{"rendered":"Samferdsel"},"content":{"rendered":"\n<div class=\"wp-block-hoyre-hero with-image-gradient text-color-light  has-media alignfull has-background\"><div class=\"hoyre-hero has-image\"><h1 class=\"title\">Samferdsel<\/h1><p class=\"preamble\">Forbedre rutetilbudet, ny og st\u00f8rre flyplass p\u00e5 Leknes, samt utbedret E10<\/p>\t\t\t<div class=\"post-meta wp-block teft-byline-wrapper\">\n\t\t\t\t<div class=\"top\">\n\t\t\t\t\t<div class=\"signature\">\n\t\t\t\t\t\t<div class=\"teft-byline\">\n\t\t\t\t\t\t\t\t\t\t\t\t\t\t<div>\n\t\t\t\t\t\t\t\t<h3>H\u00f8yres redaksjon<\/h3>\t\t\t\t\t\t\t\t\n\t\t\t\t\t\t\t\t\t\t\t\t\t\t\t\t\t<span class=\"date\">Sist oppdatert: 6. juni 2023<\/span>\n\t\t\t\t\t\t\t\t\t\t\t\t\t\t\t\t\t\t\t\t\t\t\t\t\t<span class=\"reading-time\" itemprop=\"timeRequired\" content=\"PT2M\"><em>Ca. 2 minutter lesetid<\/em><\/span>\n\t\t\t\t\t\t\t\t\t\t\t\t\t\t\t<\/div>\n\t\t\t\t\t\t<\/div>\n\t\t\t\t\t<\/div>\n\t\t\t\t\t\t<div class=\"sharing\">\n\t\t<a class=\"share-button share-link copy-link\" data-copy=\"https:\/\/hoyre.no\/vestvagoy\/politikk\/samferdsel\/\" target=\"_blank\"><span class=\"screen-reader-text\">Del link<\/span><\/a>\n\t\t<a class=\"share-button share-twitter\" href=\"http:\/\/twitter.com\/share?text=Samferdsel&#038;url=https:\/\/hoyre.no\/vestvagoy\/politikk\/samferdsel\/&#038;hashtags=Hoyre\" target=\"_blank\"><span class=\"screen-reader-text\">Del p\u00e5 twitter<\/span><\/a>\n\t\t<a class=\"share-button share-facebook\" href=\"https:\/\/www.facebook.com\/sharer\/sharer.php?u=https:\/\/hoyre.no\/vestvagoy\/politikk\/samferdsel\/\" target=\"_blank\"><span class=\"screen-reader-text\">Del p\u00e5 facebook<\/span><\/a>\n\t<\/div>\n\t\t\t\t\t<\/div>\n\t\t\t<\/div>\n\n\t\t\t<figure class=\"hoyre-image-wrapper\"><div class=\"hoyre-image\"><img loading=\"lazy\" decoding=\"async\" width=\"2500\" height=\"1705\" src=\"https:\/\/hoyre.no\/content\/uploads\/sites\/118\/2023\/06\/vidar-nordli-mathisen-wbRKOVVbdfY-unsplash-scaled.jpg\" class=\"attachment-scaled size-scaled\" alt=\"\" style=\"object-position: 48% 66%\" srcset=\"https:\/\/hoyre.no\/content\/uploads\/sites\/118\/2023\/06\/vidar-nordli-mathisen-wbRKOVVbdfY-unsplash-scaled.jpg 2500w, https:\/\/hoyre.no\/content\/uploads\/sites\/118\/2023\/06\/vidar-nordli-mathisen-wbRKOVVbdfY-unsplash-300x205.jpg 300w, https:\/\/hoyre.no\/content\/uploads\/sites\/118\/2023\/06\/vidar-nordli-mathisen-wbRKOVVbdfY-unsplash-1024x698.jpg 1024w, https:\/\/hoyre.no\/content\/uploads\/sites\/118\/2023\/06\/vidar-nordli-mathisen-wbRKOVVbdfY-unsplash-768x524.jpg 768w, https:\/\/hoyre.no\/content\/uploads\/sites\/118\/2023\/06\/vidar-nordli-mathisen-wbRKOVVbdfY-unsplash-1536x1048.jpg 1536w, https:\/\/hoyre.no\/content\/uploads\/sites\/118\/2023\/06\/vidar-nordli-mathisen-wbRKOVVbdfY-unsplash-2048x1397.jpg 2048w\" sizes=\"auto, (max-width: 2500px) 100vw, 2500px\" \/><\/div><\/figure><\/div><\/div>\n\n\n\n\n<p>H\u00f8yres viktigste m\u00e5l med samferdselspolitikken er \u00e5 binde landet sammen. God infrastruktur gj\u00f8r at n\u00e6ringslivet f\u00e5r varene sine raskere frem og at flere kommer seg trygt dit de skal. Vi vil samtidig sikre at vi f\u00e5r mest mulig ut av hver investerte krone<\/p>\n\n\n\n<p><strong>Vestv\u00e5g\u00f8y H\u00f8yre vil:<\/strong><\/p>\n\n\n\n<h3 class=\"wp-block-heading\">Arbeide for at det etableres en ny og st\u00f8rre flyplass p\u00e5 Leknes, og at dagens rutetilbud forbedres<\/h3>\n\n\n\n<p>Vestv\u00e5g\u00f8y H\u00f8yre vil arbeide sv\u00e6rt aktivt for \u00e5 f\u00e5 etablert en ny og st\u00f8rre flyplass p\u00e5 Leknes. Vi vil v\u00e6re en aktiv p\u00e5driver for utvikling og bedre kapasitet p\u00e5 dagens rutetilbud, en egen flyrute Leknes-Troms\u00f8, og stimulere overgangen til en gr\u00f8nn luftfart. En prosjektleder for realisering av ny flyplass m\u00e5 p\u00e5 plass. Vestv\u00e5g\u00f8y H\u00f8yre vil v\u00e6re en garantist for at arbeidet med ny reguleringsplan for aktuelt omr\u00e5de iverksettes.<\/p>\n\n\n\n<h3 class=\"wp-block-heading\">Arbeide for at det etableres ny E10 gjennom Lofoten<\/h3>\n\n\n\n<p>Vestv\u00e5g\u00f8y H\u00f8yre vil arbeide aktivt for etablering av ny E10 gjennom Lofoten, for p\u00e5 denne m\u00e5ten \u00e5 sikre at Lofoten blir \u00e9n felles bo-, arbeids- og serviceregion.<\/p>\n\n\n\n<h3 class=\"wp-block-heading\">Arbeide for etablering av gang- og sykkelvei til B\u00f8stad, Stamsund og Berg<\/h3>\n\n\n\n<p>Vestv\u00e5g\u00f8y H\u00f8yre skal arbeide aktivt for at gang- og sykkelvei til B\u00f8stad, Stamsund og Berg blir realisert, samt generelt arbeide proaktivt for \u00e5 tilrettelegge for gang- og sykkelvei gjennom hele Lofoten.<\/p>\n\n\n\n<h3 class=\"wp-block-heading\">Forbedre den trafikale l\u00f8sningen \u00abStoreid-krysset\/Leknes Havn\u00bb<\/h3>\n\n\n\n<p>Vestv\u00e5g\u00f8y H\u00f8yre vil v\u00e6re en p\u00e5driver for \u00e5 f\u00e5 p\u00e5 plass en god trafikal l\u00f8sning i omr\u00e5det \u00abStoreidkrysset\u00bb\/Leknes Havn, inkludert gang- og sykkelvei til Leknes.<\/p>\n\n\n\n<h3 class=\"wp-block-heading\">Prioritere trafikksikkerhet og gode trafikale l\u00f8sninger rundt alle skolene i kommunen<\/h3>\n\n\n\n<p>Vestv\u00e5g\u00f8y H\u00f8yre vil arbeide aktivt for asfaltering og reasfaltering av E10, fylkesveier og kommunale veier.<\/p>\n\n\n\n<p>Vi \u00f8nsker \u00e5 forbedre skiltingen i kommunen for turister og fastboende. Et prioritert arbeid for Vestv\u00e5g\u00f8y H\u00f8yre i kommende periode vil v\u00e6re \u00e5 styrke trafikksikkerheten omkring skolene i Vestv\u00e5g\u00f8y.<\/p>\n\n\n\n<div class=\"wp-block-buttons is-layout-flex wp-block-buttons-is-layout-flex\">\n<div class=\"wp-block-button\"><a class=\"wp-block-button__link\" href=\"https:\/\/hoyre.no\/vestvagoy\/politikk\/\">Tilbake til politikk<\/a><\/div>\n<\/div>\n\n","protected":false},"excerpt":{"rendered":"","protected":false},"author":41535,"featured_media":0,"parent":37,"menu_order":0,"comment_status":"closed","ping_status":"closed","template":"","meta":{"teft_cards_image_url":"","teft_cards_custom_pretitle":"","teft_cards_image_id":109,"teft_cards_image_focal_point_x":0.5,"teft_cards_image_focal_point_y":0.5,"teft_cards_title":"","teft_cards_excerpt":"","teft_show_chapters":false,"footnotes":""},"class_list":["post-108","page","type-page","status-publish","hentry"],"yoast_head":"<!-- This site is optimized with the Yoast SEO plugin v26.6 - https:\/\/yoast.com\/wordpress\/plugins\/seo\/ -->\n<title>Samferdsel - Vestv\u00e5g\u00f8y H\u00f8yre<\/title>\n<meta name=\"robots\" content=\"index, follow, max-snippet:-1, max-image-preview:large, max-video-preview:-1\" \/>\n<link rel=\"canonical\" href=\"https:\/\/hoyre.no\/vestvagoy\/politikk\/samferdsel\/\" \/>\n<meta property=\"og:locale\" content=\"nb_NO\" \/>\n<meta property=\"og:type\" content=\"article\" \/>\n<meta property=\"og:title\" content=\"Samferdsel - Vestv\u00e5g\u00f8y H\u00f8yre\" \/>\n<meta property=\"og:url\" content=\"https:\/\/hoyre.no\/vestvagoy\/politikk\/samferdsel\/\" \/>\n<meta property=\"og:site_name\" content=\"Vestv\u00e5g\u00f8y H\u00f8yre\" \/>\n<meta property=\"article:modified_time\" content=\"2023-06-06T15:54:24+00:00\" \/>\n<meta property=\"og:image\" content=\"https:\/\/hoyre.no\/content\/uploads\/sites\/118\/2023\/06\/vidar-nordli-mathisen-wbRKOVVbdfY-unsplash-1024x698.jpg\" \/>\n<meta name=\"twitter:card\" content=\"summary_large_image\" \/>\n<meta name=\"twitter:label1\" content=\"Ansl. lesetid\" \/>\n\t<meta name=\"twitter:data1\" content=\"2 minutter\" \/>\n<script type=\"application\/ld+json\" class=\"yoast-schema-graph\">{\"@context\":\"https:\/\/schema.org\",\"@graph\":[{\"@type\":\"WebPage\",\"@id\":\"https:\/\/hoyre.no\/vestvagoy\/politikk\/samferdsel\/\",\"url\":\"https:\/\/hoyre.no\/vestvagoy\/politikk\/samferdsel\/\",\"name\":\"Samferdsel - Vestv\u00e5g\u00f8y H\u00f8yre\",\"isPartOf\":{\"@id\":\"https:\/\/hoyre.no\/vestvagoy\/#website\"},\"datePublished\":\"2023-06-05T22:18:42+00:00\",\"dateModified\":\"2023-06-06T15:54:24+00:00\",\"breadcrumb\":{\"@id\":\"https:\/\/hoyre.no\/vestvagoy\/politikk\/samferdsel\/#breadcrumb\"},\"inLanguage\":\"nb-NO\",\"potentialAction\":[{\"@type\":\"ReadAction\",\"target\":[\"https:\/\/hoyre.no\/vestvagoy\/politikk\/samferdsel\/\"]}]},{\"@type\":\"BreadcrumbList\",\"@id\":\"https:\/\/hoyre.no\/vestvagoy\/politikk\/samferdsel\/#breadcrumb\",\"itemListElement\":[{\"@type\":\"ListItem\",\"position\":1,\"name\":\"Til hoyre.no\",\"item\":\"https:\/\/hoyre.no\"},{\"@type\":\"ListItem\",\"position\":2,\"name\":\"Hjem\",\"item\":\"https:\/\/hoyre.no\/vestvagoy\/\"},{\"@type\":\"ListItem\",\"position\":3,\"name\":\"Politikk\",\"item\":\"https:\/\/hoyre.no\/vestvagoy\/politikk\/\"},{\"@type\":\"ListItem\",\"position\":4,\"name\":\"Samferdsel\"}]},{\"@type\":\"WebSite\",\"@id\":\"https:\/\/hoyre.no\/vestvagoy\/#website\",\"url\":\"https:\/\/hoyre.no\/vestvagoy\/\",\"name\":\"Vestv\u00e5g\u00f8y H\u00f8yre\",\"description\":\"Bare enda et H\u00f8yres nettsteder-nettsted\",\"inLanguage\":\"nb-NO\"}]}<\/script>\n<!-- \/ Yoast SEO plugin. -->","yoast_head_json":{"title":"Samferdsel - Vestv\u00e5g\u00f8y H\u00f8yre","robots":{"index":"index","follow":"follow","max-snippet":"max-snippet:-1","max-image-preview":"max-image-preview:large","max-video-preview":"max-video-preview:-1"},"canonical":"https:\/\/hoyre.no\/vestvagoy\/politikk\/samferdsel\/","og_locale":"nb_NO","og_type":"article","og_title":"Samferdsel - Vestv\u00e5g\u00f8y H\u00f8yre","og_url":"https:\/\/hoyre.no\/vestvagoy\/politikk\/samferdsel\/","og_site_name":"Vestv\u00e5g\u00f8y H\u00f8yre","article_modified_time":"2023-06-06T15:54:24+00:00","og_image":[{"url":"https:\/\/hoyre.no\/content\/uploads\/sites\/118\/2023\/06\/vidar-nordli-mathisen-wbRKOVVbdfY-unsplash-1024x698.jpg","width":"","height":"","type":""}],"twitter_card":"summary_large_image","twitter_misc":{"Ansl. lesetid":"2 minutter"},"schema":{"@context":"https:\/\/schema.org","@graph":[{"@type":"WebPage","@id":"https:\/\/hoyre.no\/vestvagoy\/politikk\/samferdsel\/","url":"https:\/\/hoyre.no\/vestvagoy\/politikk\/samferdsel\/","name":"Samferdsel - Vestv\u00e5g\u00f8y H\u00f8yre","isPartOf":{"@id":"https:\/\/hoyre.no\/vestvagoy\/#website"},"datePublished":"2023-06-05T22:18:42+00:00","dateModified":"2023-06-06T15:54:24+00:00","breadcrumb":{"@id":"https:\/\/hoyre.no\/vestvagoy\/politikk\/samferdsel\/#breadcrumb"},"inLanguage":"nb-NO","potentialAction":[{"@type":"ReadAction","target":["https:\/\/hoyre.no\/vestvagoy\/politikk\/samferdsel\/"]}]},{"@type":"BreadcrumbList","@id":"https:\/\/hoyre.no\/vestvagoy\/politikk\/samferdsel\/#breadcrumb","itemListElement":[{"@type":"ListItem","position":1,"name":"Til hoyre.no","item":"https:\/\/hoyre.no"},{"@type":"ListItem","position":2,"name":"Hjem","item":"https:\/\/hoyre.no\/vestvagoy\/"},{"@type":"ListItem","position":3,"name":"Politikk","item":"https:\/\/hoyre.no\/vestvagoy\/politikk\/"},{"@type":"ListItem","position":4,"name":"Samferdsel"}]},{"@type":"WebSite","@id":"https:\/\/hoyre.no\/vestvagoy\/#website","url":"https:\/\/hoyre.no\/vestvagoy\/","name":"Vestv\u00e5g\u00f8y H\u00f8yre","description":"Bare enda et H\u00f8yres nettsteder-nettsted","inLanguage":"nb-NO"}]}},"distributor_meta":false,"distributor_terms":false,"distributor_media":false,"distributor_original_site_name":"Vestv\u00e5g\u00f8y H\u00f8yre","distributor_original_site_url":"https:\/\/hoyre.no\/vestvagoy","push-errors":false,"_links":{"self":[{"href":"https:\/\/hoyre.no\/vestvagoy\/wp-json\/wp\/v2\/pages\/108","targetHints":{"allow":["GET"]}}],"collection":[{"href":"https:\/\/hoyre.no\/vestvagoy\/wp-json\/wp\/v2\/pages"}],"about":[{"href":"https:\/\/hoyre.no\/vestvagoy\/wp-json\/wp\/v2\/types\/page"}],"author":[{"embeddable":true,"href":"https:\/\/hoyre.no\/vestvagoy\/wp-json\/wp\/v2\/users\/41535"}],"replies":[{"embeddable":true,"href":"https:\/\/hoyre.no\/vestvagoy\/wp-json\/wp\/v2\/comments?post=108"}],"version-history":[{"count":7,"href":"https:\/\/hoyre.no\/vestvagoy\/wp-json\/wp\/v2\/pages\/108\/revisions"}],"predecessor-version":[{"id":129,"href":"https:\/\/hoyre.no\/vestvagoy\/wp-json\/wp\/v2\/pages\/108\/revisions\/129"}],"up":[{"embeddable":true,"href":"https:\/\/hoyre.no\/vestvagoy\/wp-json\/wp\/v2\/pages\/37"}],"wp:attachment":[{"href":"https:\/\/hoyre.no\/vestvagoy\/wp-json\/wp\/v2\/media?parent=108"}],"curies":[{"name":"wp","href":"https:\/\/api.w.org\/{rel}","templated":true}]}}

<div class="wp-block-hoyre-hero with-image-gradient text-color-light  has-media alignfull has-background"><div class="hoyre-hero has-image"><h1 class="title">Samferdsel</h1><p class="preamble">Forbedre rutetilbudet, ny og større flyplass på Leknes, samt utbedret E10</p>			<div class="post-meta wp-block teft-byline-wrapper">
				<div class="top">
					<div class="signature">
						<div class="teft-byline">
														<div>
								<h3>Høyres redaksjon</h3>								
																	<span class="date">Sist oppdatert: 6. juni 2023</span>
																									<span class="reading-time" itemprop="timeRequired" content="PT2M"><em>Ca. 2 minutter lesetid</em></span>
															</div>
						</div>
					</div>
						<div class="sharing">
		<a class="share-button share-link copy-link" data-copy="https://hoyre.no/vestvagoy/politikk/samferdsel/" target="_blank"><span class="screen-reader-text">Del link</span></a>
		<a class="share-button share-twitter" href="http://twitter.com/share?text=Samferdsel&#038;url=https://hoyre.no/vestvagoy/politikk/samferdsel/&#038;hashtags=Hoyre" target="_blank"><span class="screen-reader-text">Del på twitter</span></a>
		<a class="share-button share-facebook" href="https://www.facebook.com/sharer/sharer.php?u=https://hoyre.no/vestvagoy/politikk/samferdsel/" target="_blank"><span class="screen-reader-text">Del på facebook</span></a>
	</div>
					</div>
			</div>

			<figure class="hoyre-image-wrapper"><div class="hoyre-image"><img loading="lazy" decoding="async" width="2500" height="1705" src="https://hoyre.no/content/uploads/sites/118/2023/06/vidar-nordli-mathisen-wbRKOVVbdfY-unsplash-scaled.jpg" class="attachment-scaled size-scaled" alt="" style="object-position: 48% 66%" srcset="https://hoyre.no/content/uploads/sites/118/2023/06/vidar-nordli-mathisen-wbRKOVVbdfY-unsplash-scaled.jpg 2500w, https://hoyre.no/content/uploads/sites/118/2023/06/vidar-nordli-mathisen-wbRKOVVbdfY-unsplash-300x205.jpg 300w, https://hoyre.no/content/uploads/sites/118/2023/06/vidar-nordli-mathisen-wbRKOVVbdfY-unsplash-1024x698.jpg 1024w, https://hoyre.no/content/uploads/sites/118/2023/06/vidar-nordli-mathisen-wbRKOVVbdfY-unsplash-768x524.jpg 768w, https://hoyre.no/content/uploads/sites/118/2023/06/vidar-nordli-mathisen-wbRKOVVbdfY-unsplash-1536x1048.jpg 1536w, https://hoyre.no/content/uploads/sites/118/2023/06/vidar-nordli-mathisen-wbRKOVVbdfY-unsplash-2048x1397.jpg 2048w" sizes="auto, (max-width: 2500px) 100vw, 2500px" /></div></figure></div></div>




<p>Høyres viktigste mål med samferdselspolitikken er å binde landet sammen. God infrastruktur gjør at næringslivet får varene sine raskere frem og at flere kommer seg trygt dit de skal. Vi vil samtidig sikre at vi får mest mulig ut av hver investerte krone</p>



<p><strong>Vestvågøy Høyre vil:</strong></p>



<h3 class="wp-block-heading">Arbeide for at det etableres en ny og større flyplass på Leknes, og at dagens rutetilbud forbedres</h3>



<p>Vestvågøy Høyre vil arbeide svært aktivt for å få etablert en ny og større flyplass på Leknes. Vi vil være en aktiv pådriver for utvikling og bedre kapasitet på dagens rutetilbud, en egen flyrute Leknes-Tromsø, og stimulere overgangen til en grønn luftfart. En prosjektleder for realisering av ny flyplass må på plass. Vestvågøy Høyre vil være en garantist for at arbeidet med ny reguleringsplan for aktuelt område iverksettes.</p>



<h3 class="wp-block-heading">Arbeide for at det etableres ny E10 gjennom Lofoten</h3>



<p>Vestvågøy Høyre vil arbeide aktivt for etablering av ny E10 gjennom Lofoten, for på denne måten å sikre at Lofoten blir én felles bo-, arbeids- og serviceregion.</p>



<h3 class="wp-block-heading">Arbeide for etablering av gang- og sykkelvei til Bøstad, Stamsund og Berg</h3>



<p>Vestvågøy Høyre skal arbeide aktivt for at gang- og sykkelvei til Bøstad, Stamsund og Berg blir realisert, samt generelt arbeide proaktivt for å tilrettelegge for gang- og sykkelvei gjennom hele Lofoten.</p>



<h3 class="wp-block-heading">Forbedre den trafikale løsningen «Storeid-krysset/Leknes Havn»</h3>



<p>Vestvågøy Høyre vil være en pådriver for å få på plass en god trafikal løsning i området «Storeidkrysset»/Leknes Havn, inkludert gang- og sykkelvei til Leknes.</p>



<h3 class="wp-block-heading">Prioritere trafikksikkerhet og gode trafikale løsninger rundt alle skolene i kommunen</h3>



<p>Vestvågøy Høyre vil arbeide aktivt for asfaltering og reasfaltering av E10, fylkesveier og kommunale veier.</p>



<p>Vi ønsker å forbedre skiltingen i kommunen for turister og fastboende. Et prioritert arbeid for Vestvågøy Høyre i kommende periode vil være å styrke trafikksikkerheten omkring skolene i Vestvågøy.</p>



<div class="wp-block-buttons is-layout-flex wp-block-buttons-is-layout-flex">
<div class="wp-block-button"><a class="wp-block-button__link" href="https://hoyre.no/vestvagoy/politikk/">Tilbake til politikk</a></div>
</div>

<!-- This site is optimized with the Yoast SEO plugin v26.6 - https://yoast.com/wordpress/plugins/seo/ -->
<title>Samferdsel - Vestvågøy Høyre</title>
<meta name="robots" content="index, follow, max-snippet:-1, max-image-preview:large, max-video-preview:-1" />
<link rel="canonical" href="https://hoyre.no/vestvagoy/politikk/samferdsel/" />
<meta property="og:locale" content="nb_NO" />
<meta property="og:type" content="article" />
<meta property="og:title" content="Samferdsel - Vestvågøy Høyre" />
<meta property="og:url" content="https://hoyre.no/vestvagoy/politikk/samferdsel/" />
<meta property="og:site_name" content="Vestvågøy Høyre" />
<meta property="article:modified_time" content="2023-06-06T15:54:24+00:00" />
<meta property="og:image" content="https://hoyre.no/content/uploads/sites/118/2023/06/vidar-nordli-mathisen-wbRKOVVbdfY-unsplash-1024x698.jpg" />
<meta name="twitter:card" content="summary_large_image" />
<meta name="twitter:label1" content="Ansl. lesetid" />
	<meta name="twitter:data1" content="2 minutter" />
<script type="application/ld+json" class="yoast-schema-graph">{"@context":"https://schema.org","@graph":[{"@type":"WebPage","@id":"https://hoyre.no/vestvagoy/politikk/samferdsel/","url":"https://hoyre.no/vestvagoy/politikk/samferdsel/","name":"Samferdsel - Vestvågøy Høyre","isPartOf":{"@id":"https://hoyre.no/vestvagoy/#website"},"datePublished":"2023-06-05T22:18:42+00:00","dateModified":"2023-06-06T15:54:24+00:00","breadcrumb":{"@id":"https://hoyre.no/vestvagoy/politikk/samferdsel/#breadcrumb"},"inLanguage":"nb-NO","potentialAction":[{"@type":"ReadAction","target":["https://hoyre.no/vestvagoy/politikk/samferdsel/"]}]},{"@type":"BreadcrumbList","@id":"https://hoyre.no/vestvagoy/politikk/samferdsel/#breadcrumb","itemListElement":[{"@type":"ListItem","position":1,"name":"Til hoyre.no","item":"https://hoyre.no"},{"@type":"ListItem","position":2,"name":"Hjem","item":"https://hoyre.no/vestvagoy/"},{"@type":"ListItem","position":3,"name":"Politikk","item":"https://hoyre.no/vestvagoy/politikk/"},{"@type":"ListItem","position":4,"name":"Samferdsel"}]},{"@type":"WebSite","@id":"https://hoyre.no/vestvagoy/#website","url":"https://hoyre.no/vestvagoy/","name":"Vestvågøy Høyre","description":"Bare enda et Høyres nettsteder-nettsted","inLanguage":"nb-NO"}]}</script>
<!-- / Yoast SEO plugin. -->

Samferdsel - Vestvågøy Høyre

Vestvågøy Høyre

Bare enda et Høyres nettsteder-nettsted
