{"id":166,"date":"2023-06-28T22:20:27","date_gmt":"2023-06-28T20:20:27","guid":{"rendered":"https:\/\/hoyre.no\/volda\/?page_id=166"},"modified":"2023-07-03T19:04:55","modified_gmt":"2023-07-03T17:04:55","slug":"forebygging-og-tidlig-innsats","status":"publish","type":"page","link":"https:\/\/hoyre.no\/volda\/forebygging-og-tidlig-innsats\/","title":{"rendered":"F\u00f8rebygging og tidlig innsats"},"content":{"rendered":"\n<div class=\"wp-block-hoyre-hero with-image-gradient text-color-light  has-media alignfull has-background\"><div class=\"hoyre-hero has-image\"><h1 class=\"title\"><strong>F\u00f8rebygging, tidleg innsats og rask psykisk helsehjelp<\/strong><\/h1><p class=\"preamble\">F\u00f8rebygging av helsevanskar er eit satsingsomr\u00e5de for H\u00f8gre.<\/p>\t\t\t<div class=\"post-meta wp-block teft-byline-wrapper\">\n\t\t\t\t<div class=\"top\">\n\t\t\t\t\t<div class=\"signature\">\n\t\t\t\t\t\t<div class=\"teft-byline\">\n\t\t\t\t\t\t\t\t\t\t\t\t\t\t<div>\n\t\t\t\t\t\t\t\t<h3>H\u00f8yres redaksjon<\/h3>\t\t\t\t\t\t\t\t\n\t\t\t\t\t\t\t\t\t\t\t\t\t\t\t\t\t<span class=\"date\">Sist oppdatert: 3. juli 2023<\/span>\n\t\t\t\t\t\t\t\t\t\t\t\t\t\t\t\t\t\t\t\t\t\t\t\t\t<span class=\"reading-time\" itemprop=\"timeRequired\" content=\"PT1M\"><em>Ca. 1 minutter lesetid<\/em><\/span>\n\t\t\t\t\t\t\t\t\t\t\t\t\t\t\t<\/div>\n\t\t\t\t\t\t<\/div>\n\t\t\t\t\t<\/div>\n\t\t\t\t\t\t<div class=\"sharing\">\n\t\t<a class=\"share-button share-link copy-link\" data-copy=\"https:\/\/hoyre.no\/volda\/forebygging-og-tidlig-innsats\/\" target=\"_blank\"><span class=\"screen-reader-text\">Del link<\/span><\/a>\n\t\t<a class=\"share-button share-twitter\" href=\"http:\/\/twitter.com\/share?text=F\u00f8rebygging og tidlig innsats&#038;url=https:\/\/hoyre.no\/volda\/forebygging-og-tidlig-innsats\/&#038;hashtags=Hoyre\" target=\"_blank\"><span class=\"screen-reader-text\">Del p\u00e5 twitter<\/span><\/a>\n\t\t<a class=\"share-button share-facebook\" href=\"https:\/\/www.facebook.com\/sharer\/sharer.php?u=https:\/\/hoyre.no\/volda\/forebygging-og-tidlig-innsats\/\" target=\"_blank\"><span class=\"screen-reader-text\">Del p\u00e5 facebook<\/span><\/a>\n\t<\/div>\n\t\t\t\t\t<\/div>\n\t\t\t<\/div>\n\n\t\t\t<figure class=\"hoyre-image-wrapper\"><div class=\"hoyre-image\"><img loading=\"lazy\" decoding=\"async\" width=\"2500\" height=\"1406\" src=\"https:\/\/hoyre.no\/content\/uploads\/sites\/89\/2023\/07\/20230614_201538-scaled.jpg\" class=\"attachment-scaled size-scaled\" alt=\"\" style=\"object-position: 50% 50%\" srcset=\"https:\/\/hoyre.no\/content\/uploads\/sites\/89\/2023\/07\/20230614_201538-scaled.jpg 2500w, https:\/\/hoyre.no\/content\/uploads\/sites\/89\/2023\/07\/20230614_201538-300x169.jpg 300w, https:\/\/hoyre.no\/content\/uploads\/sites\/89\/2023\/07\/20230614_201538-1024x576.jpg 1024w, https:\/\/hoyre.no\/content\/uploads\/sites\/89\/2023\/07\/20230614_201538-768x432.jpg 768w, https:\/\/hoyre.no\/content\/uploads\/sites\/89\/2023\/07\/20230614_201538-1536x864.jpg 1536w, https:\/\/hoyre.no\/content\/uploads\/sites\/89\/2023\/07\/20230614_201538-2048x1152.jpg 2048w\" sizes=\"auto, (max-width: 2500px) 100vw, 2500px\" \/><\/div><\/figure><\/div><\/div>\n\n\n\n\n<figure class=\"wp-block-table alignwide\"><table><tbody><tr><td><strong>V\u00e5r plattform<\/strong><\/td><td><strong>Volda H\u00f8gre<\/strong><\/td><\/tr><tr><td>Rask innsats n\u00e5r behovet er der er avgjerande for \u00e5 unng\u00e5 langvarige verknader.\u00a0<br><br>N\u00e5r situasjonen er der i dag, s\u00e5 er tersklane for h\u00f8ge og ventetida er for lang. Du skal f\u00e5 hjelp n\u00e5r du treng det, f\u00f8r sm\u00e5 problem f\u00e5r vekse seg store.<br><br>Vi m\u00e5 satse p\u00e5 gode og lett tilgjengelige tilbod med kort ventetid, utan krav om tilvising fr\u00e5 legen.\u00a0<br>Volda H\u00f8gre vil difor ha fleire lavterskeltilbod og fleire psykologar.<br><br>For \u00e5 n\u00e5 ambisjonane m\u00e5 vi stimulere god tverrfagleg samhandling og godt samarbeid med dei andre tenesteomr\u00e5da i kommunen.<br><br>Volda kommune sin <strong>Kommunedelplan helse- og omsorg 2022-2034, <\/strong>kapittel <strong>Rus- og psykisk helseteneste<\/strong>, ligg mellom anna til grunn for arbeidet.<\/td><td>Psykiske helseproblem er aukande. Dette krev at vi f\u00e5r til eit breidt politisk forlik i kommunen om \u00e5 ha nok kapasitet og kompetanse som er n\u00e6r dei som treng det.<br><br>Vi leitar etter moglegheiter for \u00e5 frigjere ressursar slik at vi kan utvide og gjere lettare tilgjengeleg viktige tenester slik som psykologtenesta, skulehelsetenesta og PPT-tenesta.<br><br>Volda H\u00f8gre vil at kommunen skal s\u00f8ke p\u00e5 Helsedirektoratet si lavterskelordning \u201cRask psykisk helsehjelp\u201d.<br><br>Det er fleire gode milj\u00f8 og initiativ i Volda kommune som vi vil stimulere til \u00e5 halde fram, inkludert i dette ogs\u00e5 milj\u00f8arbeidarar i skulen.<br><br>Vi har sterk tru p\u00e5 tverrfagleg samarbeid og vil stimulere til dette.<br><br>Ungdata m\u00e5 gjennomf\u00f8rast planmessig. Det b\u00f8r vurderast om Volda skal verte MOT-kommune igjen.<\/td><\/tr><\/tbody><\/table><\/figure>\n\n","protected":false},"excerpt":{"rendered":"","protected":false},"author":41878,"featured_media":0,"parent":0,"menu_order":0,"comment_status":"closed","ping_status":"closed","template":"","meta":{"teft_cards_image_url":"","teft_cards_custom_pretitle":"","teft_cards_image_id":0,"teft_cards_image_focal_point_x":0,"teft_cards_image_focal_point_y":0,"teft_cards_title":"","teft_cards_excerpt":"","teft_show_chapters":false,"footnotes":""},"class_list":["post-166","page","type-page","status-publish","hentry"],"yoast_head":"<!-- This site is optimized with the Yoast SEO plugin v26.6 - https:\/\/yoast.com\/wordpress\/plugins\/seo\/ -->\n<title>F\u00f8rebygging og tidlig innsats - Volda H\u00f8gre<\/title>\n<meta name=\"robots\" content=\"index, follow, max-snippet:-1, max-image-preview:large, max-video-preview:-1\" \/>\n<link rel=\"canonical\" href=\"https:\/\/hoyre.no\/volda\/forebygging-og-tidlig-innsats\/\" \/>\n<meta property=\"og:locale\" content=\"nn_NO\" \/>\n<meta property=\"og:type\" content=\"article\" \/>\n<meta property=\"og:title\" content=\"F\u00f8rebygging og tidlig innsats - Volda H\u00f8gre\" \/>\n<meta property=\"og:url\" content=\"https:\/\/hoyre.no\/volda\/forebygging-og-tidlig-innsats\/\" \/>\n<meta property=\"og:site_name\" content=\"Volda H\u00f8gre\" \/>\n<meta property=\"article:modified_time\" content=\"2023-07-03T17:04:55+00:00\" \/>\n<meta property=\"og:image\" content=\"https:\/\/hoyre.no\/content\/uploads\/sites\/89\/2022\/11\/Hoyres-logo.png\" \/>\n\t<meta property=\"og:image:width\" content=\"1000\" \/>\n\t<meta property=\"og:image:height\" content=\"1000\" \/>\n\t<meta property=\"og:image:type\" content=\"image\/png\" \/>\n<meta name=\"twitter:card\" content=\"summary_large_image\" \/>\n<meta name=\"twitter:label1\" content=\"Est. reading time\" \/>\n\t<meta name=\"twitter:data1\" content=\"2 minutt\" \/>\n<script type=\"application\/ld+json\" class=\"yoast-schema-graph\">{\"@context\":\"https:\/\/schema.org\",\"@graph\":[{\"@type\":\"WebPage\",\"@id\":\"https:\/\/hoyre.no\/volda\/forebygging-og-tidlig-innsats\/\",\"url\":\"https:\/\/hoyre.no\/volda\/forebygging-og-tidlig-innsats\/\",\"name\":\"F\u00f8rebygging og tidlig innsats - Volda H\u00f8gre\",\"isPartOf\":{\"@id\":\"https:\/\/hoyre.no\/volda\/#website\"},\"datePublished\":\"2023-06-28T20:20:27+00:00\",\"dateModified\":\"2023-07-03T17:04:55+00:00\",\"breadcrumb\":{\"@id\":\"https:\/\/hoyre.no\/volda\/forebygging-og-tidlig-innsats\/#breadcrumb\"},\"inLanguage\":\"nn-NO\",\"potentialAction\":[{\"@type\":\"ReadAction\",\"target\":[\"https:\/\/hoyre.no\/volda\/forebygging-og-tidlig-innsats\/\"]}]},{\"@type\":\"BreadcrumbList\",\"@id\":\"https:\/\/hoyre.no\/volda\/forebygging-og-tidlig-innsats\/#breadcrumb\",\"itemListElement\":[{\"@type\":\"ListItem\",\"position\":1,\"name\":\"Til hoyre.no\",\"item\":\"https:\/\/hoyre.no\"},{\"@type\":\"ListItem\",\"position\":2,\"name\":\"Hjem\",\"item\":\"https:\/\/hoyre.no\/volda\/\"},{\"@type\":\"ListItem\",\"position\":3,\"name\":\"F\u00f8rebygging og tidlig innsats\"}]},{\"@type\":\"WebSite\",\"@id\":\"https:\/\/hoyre.no\/volda\/#website\",\"url\":\"https:\/\/hoyre.no\/volda\/\",\"name\":\"Volda H\u00f8gre\",\"description\":\"Bare enda et H\u00f8yres nettsteder-nettsted\",\"inLanguage\":\"nn-NO\"}]}<\/script>\n<!-- \/ Yoast SEO plugin. -->","yoast_head_json":{"title":"F\u00f8rebygging og tidlig innsats - Volda H\u00f8gre","robots":{"index":"index","follow":"follow","max-snippet":"max-snippet:-1","max-image-preview":"max-image-preview:large","max-video-preview":"max-video-preview:-1"},"canonical":"https:\/\/hoyre.no\/volda\/forebygging-og-tidlig-innsats\/","og_locale":"nn_NO","og_type":"article","og_title":"F\u00f8rebygging og tidlig innsats - Volda H\u00f8gre","og_url":"https:\/\/hoyre.no\/volda\/forebygging-og-tidlig-innsats\/","og_site_name":"Volda H\u00f8gre","article_modified_time":"2023-07-03T17:04:55+00:00","og_image":[{"width":1000,"height":1000,"url":"https:\/\/hoyre.no\/content\/uploads\/sites\/89\/2022\/11\/Hoyres-logo.png","type":"image\/png"}],"twitter_card":"summary_large_image","twitter_misc":{"Est. reading time":"2 minutt"},"schema":{"@context":"https:\/\/schema.org","@graph":[{"@type":"WebPage","@id":"https:\/\/hoyre.no\/volda\/forebygging-og-tidlig-innsats\/","url":"https:\/\/hoyre.no\/volda\/forebygging-og-tidlig-innsats\/","name":"F\u00f8rebygging og tidlig innsats - Volda H\u00f8gre","isPartOf":{"@id":"https:\/\/hoyre.no\/volda\/#website"},"datePublished":"2023-06-28T20:20:27+00:00","dateModified":"2023-07-03T17:04:55+00:00","breadcrumb":{"@id":"https:\/\/hoyre.no\/volda\/forebygging-og-tidlig-innsats\/#breadcrumb"},"inLanguage":"nn-NO","potentialAction":[{"@type":"ReadAction","target":["https:\/\/hoyre.no\/volda\/forebygging-og-tidlig-innsats\/"]}]},{"@type":"BreadcrumbList","@id":"https:\/\/hoyre.no\/volda\/forebygging-og-tidlig-innsats\/#breadcrumb","itemListElement":[{"@type":"ListItem","position":1,"name":"Til hoyre.no","item":"https:\/\/hoyre.no"},{"@type":"ListItem","position":2,"name":"Hjem","item":"https:\/\/hoyre.no\/volda\/"},{"@type":"ListItem","position":3,"name":"F\u00f8rebygging og tidlig innsats"}]},{"@type":"WebSite","@id":"https:\/\/hoyre.no\/volda\/#website","url":"https:\/\/hoyre.no\/volda\/","name":"Volda H\u00f8gre","description":"Bare enda et H\u00f8yres nettsteder-nettsted","inLanguage":"nn-NO"}]}},"distributor_meta":false,"distributor_terms":false,"distributor_media":false,"distributor_original_site_name":"Volda H\u00f8gre","distributor_original_site_url":"https:\/\/hoyre.no\/volda","push-errors":false,"_links":{"self":[{"href":"https:\/\/hoyre.no\/volda\/wp-json\/wp\/v2\/pages\/166","targetHints":{"allow":["GET"]}}],"collection":[{"href":"https:\/\/hoyre.no\/volda\/wp-json\/wp\/v2\/pages"}],"about":[{"href":"https:\/\/hoyre.no\/volda\/wp-json\/wp\/v2\/types\/page"}],"author":[{"embeddable":true,"href":"https:\/\/hoyre.no\/volda\/wp-json\/wp\/v2\/users\/41878"}],"replies":[{"embeddable":true,"href":"https:\/\/hoyre.no\/volda\/wp-json\/wp\/v2\/comments?post=166"}],"version-history":[{"count":2,"href":"https:\/\/hoyre.no\/volda\/wp-json\/wp\/v2\/pages\/166\/revisions"}],"predecessor-version":[{"id":202,"href":"https:\/\/hoyre.no\/volda\/wp-json\/wp\/v2\/pages\/166\/revisions\/202"}],"wp:attachment":[{"href":"https:\/\/hoyre.no\/volda\/wp-json\/wp\/v2\/media?parent=166"}],"curies":[{"name":"wp","href":"https:\/\/api.w.org\/{rel}","templated":true}]}}