{"id":203,"date":"2023-07-03T19:08:21","date_gmt":"2023-07-03T17:08:21","guid":{"rendered":"https:\/\/hoyre.no\/volda\/?page_id=203"},"modified":"2023-07-03T19:08:21","modified_gmt":"2023-07-03T17:08:21","slug":"ei-aktiv-kommune-som-spelar-pa-lag-med-deg","status":"publish","type":"page","link":"https:\/\/hoyre.no\/volda\/ei-aktiv-kommune-som-spelar-pa-lag-med-deg\/","title":{"rendered":"Ei aktiv kommune som spelar p\u00e5 lag med deg"},"content":{"rendered":"\n<div class=\"wp-block-hoyre-hero with-image-gradient text-color-light  has-media alignfull has-background\"><div class=\"hoyre-hero has-image\"><h1 class=\"title\"><strong>Ei aktiv kommune som spelar p\u00e5 lag med deg<\/strong><\/h1><p class=\"preamble\">Vi m\u00e5 alle ta ansvar for at vi har god utvikling i\u00a0 Volda kommune.<\/p>\t\t\t<div class=\"post-meta wp-block teft-byline-wrapper\">\n\t\t\t\t<div class=\"top\">\n\t\t\t\t\t<div class=\"signature\">\n\t\t\t\t\t\t<div class=\"teft-byline\">\n\t\t\t\t\t\t\t\t\t\t\t\t\t\t<div>\n\t\t\t\t\t\t\t\t<h3>H\u00f8yres redaksjon<\/h3>\t\t\t\t\t\t\t\t\n\t\t\t\t\t\t\t\t\t\t\t\t\t\t\t\t\t<span class=\"date\">Sist oppdatert: 3. juli 2023<\/span>\n\t\t\t\t\t\t\t\t\t\t\t\t\t\t\t\t\t\t\t\t\t\t\t\t\t<span class=\"reading-time\" itemprop=\"timeRequired\" content=\"PT1M\"><em>Ca. 1 minutter lesetid<\/em><\/span>\n\t\t\t\t\t\t\t\t\t\t\t\t\t\t\t<\/div>\n\t\t\t\t\t\t<\/div>\n\t\t\t\t\t<\/div>\n\t\t\t\t\t\t<div class=\"sharing\">\n\t\t<a class=\"share-button share-link copy-link\" data-copy=\"https:\/\/hoyre.no\/volda\/ei-aktiv-kommune-som-spelar-pa-lag-med-deg\/\" target=\"_blank\"><span class=\"screen-reader-text\">Del link<\/span><\/a>\n\t\t<a class=\"share-button share-twitter\" href=\"http:\/\/twitter.com\/share?text=Ei aktiv kommune som spelar p\u00e5 lag med deg&#038;url=https:\/\/hoyre.no\/volda\/ei-aktiv-kommune-som-spelar-pa-lag-med-deg\/&#038;hashtags=Hoyre\" target=\"_blank\"><span class=\"screen-reader-text\">Del p\u00e5 twitter<\/span><\/a>\n\t\t<a class=\"share-button share-facebook\" href=\"https:\/\/www.facebook.com\/sharer\/sharer.php?u=https:\/\/hoyre.no\/volda\/ei-aktiv-kommune-som-spelar-pa-lag-med-deg\/\" target=\"_blank\"><span class=\"screen-reader-text\">Del p\u00e5 facebook<\/span><\/a>\n\t<\/div>\n\t\t\t\t\t<\/div>\n\t\t\t<\/div>\n\n\t\t\t<figure class=\"hoyre-image-wrapper\"><div class=\"hoyre-image\"><img loading=\"lazy\" decoding=\"async\" width=\"2500\" height=\"1406\" src=\"https:\/\/hoyre.no\/content\/uploads\/sites\/89\/2023\/07\/20230607_182621-scaled.jpg\" class=\"attachment-scaled size-scaled\" alt=\"\" style=\"object-position: 50% 50%\" srcset=\"https:\/\/hoyre.no\/content\/uploads\/sites\/89\/2023\/07\/20230607_182621-scaled.jpg 2500w, https:\/\/hoyre.no\/content\/uploads\/sites\/89\/2023\/07\/20230607_182621-300x169.jpg 300w, https:\/\/hoyre.no\/content\/uploads\/sites\/89\/2023\/07\/20230607_182621-1024x576.jpg 1024w, https:\/\/hoyre.no\/content\/uploads\/sites\/89\/2023\/07\/20230607_182621-768x432.jpg 768w, https:\/\/hoyre.no\/content\/uploads\/sites\/89\/2023\/07\/20230607_182621-1536x864.jpg 1536w, https:\/\/hoyre.no\/content\/uploads\/sites\/89\/2023\/07\/20230607_182621-2048x1152.jpg 2048w\" sizes=\"auto, (max-width: 2500px) 100vw, 2500px\" \/><\/div><\/figure><\/div><\/div>\n\n\n\n\n<figure class=\"wp-block-table alignwide\"><table><tbody><tr><td><strong>V\u00e5r plattform<\/strong><\/td><td><strong>Volda H\u00f8gre<\/strong><\/td><\/tr><tr><td>Kommunen er ein sv\u00e6rt viktig tilretteleggar for all aktivitet i kommunen.<br><br>Volda H\u00f8gre vil at kommunen skal vere i forkant med planverk som legg til rette for samfunnsutvikling i Volda.<br><br>Volda H\u00f8gre vil at kommunen skal ha ei positiv grunnhaldning til initiativ som skapar utvikling og framgang i Volda.<br><br>Volda H\u00f8gre er s\u00e6rleg positiv til frivillige lag og organisasjonar som tek initiativ til samfunnsutviklinga i stort og sm\u00e5tt.<br><\/td><td>N\u00e5r du vender deg til kommunen med ei sak, skal du f\u00e5 svar.<br><br>Du skal kunne vente \u00e5 f\u00e5 \u201cja\u201d til svar n\u00e5r du sp\u00f8r, men det kan vere at du vil f\u00e5 \u201cnei\u201d. I s\u00e5 fall skal du f\u00e5 ei god og grei forklaring p\u00e5 kvifor du ikkje vart im\u00f8tekomen og gode r\u00e5d til kva du kan gjere annleis.<br><br>For at kommunen skal kunne spele p\u00e5 lag med deg, m\u00e5 du ha vilje til \u00e5 spele p\u00e5 lag med kommunen.<br><br>Kommunen skal vere aktiv og kan ta eigne initiativ saman med andre med sikte p\u00e5 \u00e5 skape utvikling.\u00a0<br><br>Lokaldemokrati vil vi ha, og demokrati veit vi at av og til tek litt lenger tid.<\/td><\/tr><\/tbody><\/table><\/figure>\n\n","protected":false},"excerpt":{"rendered":"","protected":false},"author":41878,"featured_media":0,"parent":0,"menu_order":0,"comment_status":"closed","ping_status":"closed","template":"","meta":{"teft_cards_image_url":"","teft_cards_custom_pretitle":"","teft_cards_image_id":0,"teft_cards_image_focal_point_x":0,"teft_cards_image_focal_point_y":0,"teft_cards_title":"","teft_cards_excerpt":"","teft_show_chapters":false,"footnotes":""},"class_list":["post-203","page","type-page","status-publish","hentry"],"yoast_head":"<!-- This site is optimized with the Yoast SEO plugin v26.6 - https:\/\/yoast.com\/wordpress\/plugins\/seo\/ -->\n<title>Ei aktiv kommune som spelar p\u00e5 lag med deg - Volda H\u00f8gre<\/title>\n<meta name=\"robots\" content=\"index, follow, max-snippet:-1, max-image-preview:large, max-video-preview:-1\" \/>\n<link rel=\"canonical\" href=\"https:\/\/hoyre.no\/volda\/ei-aktiv-kommune-som-spelar-pa-lag-med-deg\/\" \/>\n<meta property=\"og:locale\" content=\"nn_NO\" \/>\n<meta property=\"og:type\" content=\"article\" \/>\n<meta property=\"og:title\" content=\"Ei aktiv kommune som spelar p\u00e5 lag med deg - Volda H\u00f8gre\" \/>\n<meta property=\"og:url\" content=\"https:\/\/hoyre.no\/volda\/ei-aktiv-kommune-som-spelar-pa-lag-med-deg\/\" \/>\n<meta property=\"og:site_name\" content=\"Volda H\u00f8gre\" \/>\n<meta property=\"og:image\" content=\"https:\/\/hoyre.no\/content\/uploads\/sites\/89\/2022\/11\/Hoyres-logo.png\" \/>\n\t<meta property=\"og:image:width\" content=\"1000\" \/>\n\t<meta property=\"og:image:height\" content=\"1000\" \/>\n\t<meta property=\"og:image:type\" content=\"image\/png\" \/>\n<meta name=\"twitter:card\" content=\"summary_large_image\" \/>\n<meta name=\"twitter:label1\" content=\"Est. reading time\" \/>\n\t<meta name=\"twitter:data1\" content=\"2 minutt\" \/>\n<script type=\"application\/ld+json\" class=\"yoast-schema-graph\">{\"@context\":\"https:\/\/schema.org\",\"@graph\":[{\"@type\":\"WebPage\",\"@id\":\"https:\/\/hoyre.no\/volda\/ei-aktiv-kommune-som-spelar-pa-lag-med-deg\/\",\"url\":\"https:\/\/hoyre.no\/volda\/ei-aktiv-kommune-som-spelar-pa-lag-med-deg\/\",\"name\":\"Ei aktiv kommune som spelar p\u00e5 lag med deg - Volda H\u00f8gre\",\"isPartOf\":{\"@id\":\"https:\/\/hoyre.no\/volda\/#website\"},\"datePublished\":\"2023-07-03T17:08:21+00:00\",\"breadcrumb\":{\"@id\":\"https:\/\/hoyre.no\/volda\/ei-aktiv-kommune-som-spelar-pa-lag-med-deg\/#breadcrumb\"},\"inLanguage\":\"nn-NO\",\"potentialAction\":[{\"@type\":\"ReadAction\",\"target\":[\"https:\/\/hoyre.no\/volda\/ei-aktiv-kommune-som-spelar-pa-lag-med-deg\/\"]}]},{\"@type\":\"BreadcrumbList\",\"@id\":\"https:\/\/hoyre.no\/volda\/ei-aktiv-kommune-som-spelar-pa-lag-med-deg\/#breadcrumb\",\"itemListElement\":[{\"@type\":\"ListItem\",\"position\":1,\"name\":\"Til hoyre.no\",\"item\":\"https:\/\/hoyre.no\"},{\"@type\":\"ListItem\",\"position\":2,\"name\":\"Hjem\",\"item\":\"https:\/\/hoyre.no\/volda\/\"},{\"@type\":\"ListItem\",\"position\":3,\"name\":\"Ei aktiv kommune som spelar p\u00e5 lag med deg\"}]},{\"@type\":\"WebSite\",\"@id\":\"https:\/\/hoyre.no\/volda\/#website\",\"url\":\"https:\/\/hoyre.no\/volda\/\",\"name\":\"Volda H\u00f8gre\",\"description\":\"Bare enda et H\u00f8yres nettsteder-nettsted\",\"inLanguage\":\"nn-NO\"}]}<\/script>\n<!-- \/ Yoast SEO plugin. -->","yoast_head_json":{"title":"Ei aktiv kommune som spelar p\u00e5 lag med deg - Volda H\u00f8gre","robots":{"index":"index","follow":"follow","max-snippet":"max-snippet:-1","max-image-preview":"max-image-preview:large","max-video-preview":"max-video-preview:-1"},"canonical":"https:\/\/hoyre.no\/volda\/ei-aktiv-kommune-som-spelar-pa-lag-med-deg\/","og_locale":"nn_NO","og_type":"article","og_title":"Ei aktiv kommune som spelar p\u00e5 lag med deg - Volda H\u00f8gre","og_url":"https:\/\/hoyre.no\/volda\/ei-aktiv-kommune-som-spelar-pa-lag-med-deg\/","og_site_name":"Volda H\u00f8gre","og_image":[{"width":1000,"height":1000,"url":"https:\/\/hoyre.no\/content\/uploads\/sites\/89\/2022\/11\/Hoyres-logo.png","type":"image\/png"}],"twitter_card":"summary_large_image","twitter_misc":{"Est. reading time":"2 minutt"},"schema":{"@context":"https:\/\/schema.org","@graph":[{"@type":"WebPage","@id":"https:\/\/hoyre.no\/volda\/ei-aktiv-kommune-som-spelar-pa-lag-med-deg\/","url":"https:\/\/hoyre.no\/volda\/ei-aktiv-kommune-som-spelar-pa-lag-med-deg\/","name":"Ei aktiv kommune som spelar p\u00e5 lag med deg - Volda H\u00f8gre","isPartOf":{"@id":"https:\/\/hoyre.no\/volda\/#website"},"datePublished":"2023-07-03T17:08:21+00:00","breadcrumb":{"@id":"https:\/\/hoyre.no\/volda\/ei-aktiv-kommune-som-spelar-pa-lag-med-deg\/#breadcrumb"},"inLanguage":"nn-NO","potentialAction":[{"@type":"ReadAction","target":["https:\/\/hoyre.no\/volda\/ei-aktiv-kommune-som-spelar-pa-lag-med-deg\/"]}]},{"@type":"BreadcrumbList","@id":"https:\/\/hoyre.no\/volda\/ei-aktiv-kommune-som-spelar-pa-lag-med-deg\/#breadcrumb","itemListElement":[{"@type":"ListItem","position":1,"name":"Til hoyre.no","item":"https:\/\/hoyre.no"},{"@type":"ListItem","position":2,"name":"Hjem","item":"https:\/\/hoyre.no\/volda\/"},{"@type":"ListItem","position":3,"name":"Ei aktiv kommune som spelar p\u00e5 lag med deg"}]},{"@type":"WebSite","@id":"https:\/\/hoyre.no\/volda\/#website","url":"https:\/\/hoyre.no\/volda\/","name":"Volda H\u00f8gre","description":"Bare enda et H\u00f8yres nettsteder-nettsted","inLanguage":"nn-NO"}]}},"distributor_meta":false,"distributor_terms":false,"distributor_media":false,"distributor_original_site_name":"Volda H\u00f8gre","distributor_original_site_url":"https:\/\/hoyre.no\/volda","push-errors":false,"_links":{"self":[{"href":"https:\/\/hoyre.no\/volda\/wp-json\/wp\/v2\/pages\/203","targetHints":{"allow":["GET"]}}],"collection":[{"href":"https:\/\/hoyre.no\/volda\/wp-json\/wp\/v2\/pages"}],"about":[{"href":"https:\/\/hoyre.no\/volda\/wp-json\/wp\/v2\/types\/page"}],"author":[{"embeddable":true,"href":"https:\/\/hoyre.no\/volda\/wp-json\/wp\/v2\/users\/41878"}],"replies":[{"embeddable":true,"href":"https:\/\/hoyre.no\/volda\/wp-json\/wp\/v2\/comments?post=203"}],"version-history":[{"count":1,"href":"https:\/\/hoyre.no\/volda\/wp-json\/wp\/v2\/pages\/203\/revisions"}],"predecessor-version":[{"id":205,"href":"https:\/\/hoyre.no\/volda\/wp-json\/wp\/v2\/pages\/203\/revisions\/205"}],"wp:attachment":[{"href":"https:\/\/hoyre.no\/volda\/wp-json\/wp\/v2\/media?parent=203"}],"curies":[{"name":"wp","href":"https:\/\/api.w.org\/{rel}","templated":true}]}}