{"id":85,"date":"2023-08-16T13:26:16","date_gmt":"2023-08-16T11:26:16","guid":{"rendered":"https:\/\/hoyre.no\/voss\/?page_id=85"},"modified":"2025-02-18T16:31:44","modified_gmt":"2025-02-18T15:31:44","slug":"7-gode-grunnar","status":"publish","type":"page","link":"https:\/\/hoyre.no\/voss\/7-gode-grunnar\/","title":{"rendered":"7 gode grunnar"},"content":{"rendered":"\n<div class=\"wp-block-hoyre-hero with-image-gradient text-color-light  has-media alignfull has-background\"><div class=\"hoyre-hero has-image\"><h1 class=\"title\">6 gode grunnar til \u00e5 r\u00f8yste H\u00f8gre i Voss herad<\/h1><figure class=\"hoyre-image-wrapper\"><div class=\"hoyre-image\"><img loading=\"lazy\" decoding=\"async\" width=\"2500\" height=\"1406\" src=\"https:\/\/hoyre.no\/content\/uploads\/sites\/311\/2023\/07\/Voss-sauer-bilde-fra-Iril-scaled.jpg\" class=\"attachment-scaled size-scaled\" alt=\"\" style=\"object-position: 54% 55.00000000000001%\" srcset=\"https:\/\/hoyre.no\/content\/uploads\/sites\/311\/2023\/07\/Voss-sauer-bilde-fra-Iril-scaled.jpg 2500w, https:\/\/hoyre.no\/content\/uploads\/sites\/311\/2023\/07\/Voss-sauer-bilde-fra-Iril-300x169.jpg 300w, https:\/\/hoyre.no\/content\/uploads\/sites\/311\/2023\/07\/Voss-sauer-bilde-fra-Iril-1024x576.jpg 1024w, https:\/\/hoyre.no\/content\/uploads\/sites\/311\/2023\/07\/Voss-sauer-bilde-fra-Iril-768x432.jpg 768w, https:\/\/hoyre.no\/content\/uploads\/sites\/311\/2023\/07\/Voss-sauer-bilde-fra-Iril-1536x864.jpg 1536w, https:\/\/hoyre.no\/content\/uploads\/sites\/311\/2023\/07\/Voss-sauer-bilde-fra-Iril-2048x1152.jpg 2048w\" sizes=\"auto, (max-width: 2500px) 100vw, 2500px\" \/><\/div><\/figure><\/div><\/div>\n\n\n\n\n\t\t<div class=\"has-transparent-background-color is-layout-left alignwide alignwide wp-block-hoyre-media-text\">\n\t\t\t<div class=\"hoyre-media-text__media\">\n\t\t\t\t<img loading=\"lazy\" decoding=\"async\" width=\"467\" height=\"429\" src=\"https:\/\/hoyre.no\/content\/uploads\/sites\/311\/2023\/08\/Iril-juni-2023-4.jpg\" class=\"hoyre-media-text__media-image\" alt=\"\" style=\"--focal: 50% 50%;\" srcset=\"https:\/\/hoyre.no\/content\/uploads\/sites\/311\/2023\/08\/Iril-juni-2023-4.jpg 467w, https:\/\/hoyre.no\/content\/uploads\/sites\/311\/2023\/08\/Iril-juni-2023-4-300x276.jpg 300w\" sizes=\"auto, (max-width: 467px) 100vw, 467px\" \/>\n\t\t\t<\/div>\n\t\t\t<div class=\"hoyre-media-text__content\">\n\t\t\t\t<div class=\"hoyre-media-text__content-inner\">\n\t\t\t\t\t\n\t\t\t<div class=\"hoyre-media-text__title-container\">\n\t\t\t\t\n\t\t\t\t<h2 class=\"hoyre-media-text__title\">Me er best saman<\/h2>\n\t\t\t<\/div>\n\t\t\t\n\t\t\t\t\t<div class=\"hoyre-media-text__blocks\">\n<p>Me i Voss H\u00f8gre vil at alle, b\u00e5de unge og eldre, skal ha ein trygg og god kvardag, med mangfald og valmoglegheiter. H\u00f8gre st\u00e5r for trygg \u00f8konomisk styring &#8211; og me\u00a0vil st\u00f8\u00a0opp om n\u00e6ringsliv og lagsliv i heile heradet.<\/p><p>Me meiner at den viktigaste oppg\u00e5va i lokalpolitikken,\u00a0er \u00e5 leggja\u00a0best mogleg\u00a0til rette for at alle skal ha det bra. Systema\u00a0skal vera\u00a0til for menneska, ikke omvendt. Her er noko av det me vil jobba for \ud83d\udc47<\/p>\n<\/div>\n\t\t\t\t\t\n\t\t\t\t<\/div>\n\t\t\t<\/div>\n\t\t<\/div>\n\t\t\n\n\n\n\t\t<div class=\"has-pale-green-background-color is-layout-left alignwide alignwide wp-block-hoyre-media-text\">\n\t\t\t<div class=\"hoyre-media-text__media\">\n\t\t\t\t<img loading=\"lazy\" decoding=\"async\" width=\"1024\" height=\"768\" src=\"https:\/\/hoyre.no\/content\/uploads\/sites\/311\/2023\/07\/Voss-landevei-bilde-fra-Iril-1024x768.jpeg\" class=\"hoyre-media-text__media-image\" alt=\"\" style=\"--focal: 62% 60%;\" srcset=\"https:\/\/hoyre.no\/content\/uploads\/sites\/311\/2023\/07\/Voss-landevei-bilde-fra-Iril-1024x768.jpeg 1024w, https:\/\/hoyre.no\/content\/uploads\/sites\/311\/2023\/07\/Voss-landevei-bilde-fra-Iril-300x225.jpeg 300w, https:\/\/hoyre.no\/content\/uploads\/sites\/311\/2023\/07\/Voss-landevei-bilde-fra-Iril-768x576.jpeg 768w, https:\/\/hoyre.no\/content\/uploads\/sites\/311\/2023\/07\/Voss-landevei-bilde-fra-Iril-1536x1152.jpeg 1536w, https:\/\/hoyre.no\/content\/uploads\/sites\/311\/2023\/07\/Voss-landevei-bilde-fra-Iril-2048x1536.jpeg 2048w\" sizes=\"auto, (max-width: 1024px) 100vw, 1024px\" \/>\n\t\t\t<\/div>\n\t\t\t<div class=\"hoyre-media-text__content\">\n\t\t\t\t<div class=\"hoyre-media-text__content-inner\">\n\t\t\t\t\t\n\t\t\t<div class=\"hoyre-media-text__title-container\">\n\t\t\t\t\n\t\t\t\t<h2 class=\"hoyre-media-text__title\">1. Trygge og gode vegar slik at du\u00a0kjem\u00a0deg\u00a0trygt fram dit du\u00a0skal<\/h2>\n\t\t\t<\/div>\n\t\t\t\n\t\t\t\t\t<div class=\"hoyre-media-text__blocks\">\n<p><\/p>\n<\/div>\n\t\t\t\t\t\n\t\t\t\t<\/div>\n\t\t\t<\/div>\n\t\t<\/div>\n\t\t\n\n\n\t\t<div class=\"has-pale-blue-background-color is-layout-right alignwide alignwide wp-block-hoyre-media-text\">\n\t\t\t<div class=\"hoyre-media-text__media\">\n\t\t\t\t<img loading=\"lazy\" decoding=\"async\" width=\"1024\" height=\"654\" src=\"https:\/\/hoyre.no\/content\/uploads\/sites\/311\/2023\/08\/GettyImages-1152836719-1024x654.jpg\" class=\"hoyre-media-text__media-image\" alt=\"\" style=\"--focal: 50% 50%;\" srcset=\"https:\/\/hoyre.no\/content\/uploads\/sites\/311\/2023\/08\/GettyImages-1152836719-1024x654.jpg 1024w, https:\/\/hoyre.no\/content\/uploads\/sites\/311\/2023\/08\/GettyImages-1152836719-300x192.jpg 300w, https:\/\/hoyre.no\/content\/uploads\/sites\/311\/2023\/08\/GettyImages-1152836719-768x490.jpg 768w, https:\/\/hoyre.no\/content\/uploads\/sites\/311\/2023\/08\/GettyImages-1152836719-1536x981.jpg 1536w, https:\/\/hoyre.no\/content\/uploads\/sites\/311\/2023\/08\/GettyImages-1152836719-2048x1308.jpg 2048w\" sizes=\"auto, (max-width: 1024px) 100vw, 1024px\" \/>\n\t\t\t<\/div>\n\t\t\t<div class=\"hoyre-media-text__content\">\n\t\t\t\t<div class=\"hoyre-media-text__content-inner\">\n\t\t\t\t\t\n\t\t\t<div class=\"hoyre-media-text__title-container\">\n\t\t\t\t\n\t\t\t\t<h2 class=\"hoyre-media-text__title\">2. Gode omsorgstenester, slik at du\u00a0veit at du\u00a0f\u00e5r hjelp den den dagen du\u00a0treng\u00a0det<\/h2>\n\t\t\t<\/div>\n\t\t\t\n\t\t\t\t\t<div class=\"hoyre-media-text__blocks\">\n<p><\/p>\n<\/div>\n\t\t\t\t\t\n\t\t\t\t<\/div>\n\t\t\t<\/div>\n\t\t<\/div>\n\t\t\n\n\n\t\t<div class=\"has-pale-purple-background-color is-layout-left alignwide alignwide wp-block-hoyre-media-text\">\n\t\t\t<div class=\"hoyre-media-text__media\">\n\t\t\t\t<img loading=\"lazy\" decoding=\"async\" width=\"1024\" height=\"683\" src=\"https:\/\/hoyre.no\/content\/uploads\/sites\/311\/2023\/08\/GettyImages-1214950612-1024x683.jpg\" class=\"hoyre-media-text__media-image\" alt=\"\" style=\"--focal: 50% 50%;\" srcset=\"https:\/\/hoyre.no\/content\/uploads\/sites\/311\/2023\/08\/GettyImages-1214950612-1024x683.jpg 1024w, https:\/\/hoyre.no\/content\/uploads\/sites\/311\/2023\/08\/GettyImages-1214950612-300x200.jpg 300w, https:\/\/hoyre.no\/content\/uploads\/sites\/311\/2023\/08\/GettyImages-1214950612-768x512.jpg 768w, https:\/\/hoyre.no\/content\/uploads\/sites\/311\/2023\/08\/GettyImages-1214950612-1536x1024.jpg 1536w, https:\/\/hoyre.no\/content\/uploads\/sites\/311\/2023\/08\/GettyImages-1214950612-2048x1365.jpg 2048w\" sizes=\"auto, (max-width: 1024px) 100vw, 1024px\" \/>\n\t\t\t<\/div>\n\t\t\t<div class=\"hoyre-media-text__content\">\n\t\t\t\t<div class=\"hoyre-media-text__content-inner\">\n\t\t\t\t\t\n\t\t\t<div class=\"hoyre-media-text__title-container\">\n\t\t\t\t\n\t\t\t\t<h2 class=\"hoyre-media-text__title\">3. Gode skular\u00a0og barnehagar, der alle born kan oppleva\u00a0venskap, l\u00e6ring og meistring<\/h2>\n\t\t\t<\/div>\n\t\t\t\n\t\t\t\t\t<div class=\"hoyre-media-text__blocks\"><\/div>\n\t\t\t\t\t\n\t\t\t\t<\/div>\n\t\t\t<\/div>\n\t\t<\/div>\n\t\t\n\n\n\t\t<div class=\"has-lightest-blue-background-color is-layout-right alignwide alignwide wp-block-hoyre-media-text\">\n\t\t\t<div class=\"hoyre-media-text__media\">\n\t\t\t\t<img loading=\"lazy\" decoding=\"async\" width=\"1024\" height=\"498\" src=\"https:\/\/hoyre.no\/content\/uploads\/sites\/311\/2023\/07\/Voss-landbruk-bilde-fra-Iril-1024x498.jpg\" class=\"hoyre-media-text__media-image\" alt=\"\" style=\"--focal: 63% 57%;\" srcset=\"https:\/\/hoyre.no\/content\/uploads\/sites\/311\/2023\/07\/Voss-landbruk-bilde-fra-Iril-1024x498.jpg 1024w, https:\/\/hoyre.no\/content\/uploads\/sites\/311\/2023\/07\/Voss-landbruk-bilde-fra-Iril-300x146.jpg 300w, https:\/\/hoyre.no\/content\/uploads\/sites\/311\/2023\/07\/Voss-landbruk-bilde-fra-Iril-768x373.jpg 768w, https:\/\/hoyre.no\/content\/uploads\/sites\/311\/2023\/07\/Voss-landbruk-bilde-fra-Iril-1536x747.jpg 1536w, https:\/\/hoyre.no\/content\/uploads\/sites\/311\/2023\/07\/Voss-landbruk-bilde-fra-Iril-2048x996.jpg 2048w\" sizes=\"auto, (max-width: 1024px) 100vw, 1024px\" \/>\n\t\t\t<\/div>\n\t\t\t<div class=\"hoyre-media-text__content\">\n\t\t\t\t<div class=\"hoyre-media-text__content-inner\">\n\t\t\t\t\t\n\t\t\t<div class=\"hoyre-media-text__title-container\">\n\t\t\t\t\n\t\t\t\t<h2 class=\"hoyre-media-text__title\">4. Eit solid n\u00e6ringsliv, slik at alle har ein jobb \u00e5 g\u00e5 til<\/h2>\n\t\t\t<\/div>\n\t\t\t\n\t\t\t\t\t<div class=\"hoyre-media-text__blocks\"><\/div>\n\t\t\t\t\t\n\t\t\t\t<\/div>\n\t\t\t<\/div>\n\t\t<\/div>\n\t\t\n\n\n\t\t<div class=\"has-pink-background-color is-layout-left alignwide alignwide wp-block-hoyre-media-text\">\n\t\t\t<div class=\"hoyre-media-text__media\">\n\t\t\t\t<img loading=\"lazy\" decoding=\"async\" width=\"1024\" height=\"576\" src=\"https:\/\/hoyre.no\/content\/uploads\/sites\/311\/2023\/07\/Voss-jordbaerplukking-bilde-fra-Iril-1024x576.png\" class=\"hoyre-media-text__media-image\" alt=\"\" style=\"--focal: 50% 50%;\" srcset=\"https:\/\/hoyre.no\/content\/uploads\/sites\/311\/2023\/07\/Voss-jordbaerplukking-bilde-fra-Iril-1024x576.png 1024w, https:\/\/hoyre.no\/content\/uploads\/sites\/311\/2023\/07\/Voss-jordbaerplukking-bilde-fra-Iril-300x169.png 300w, https:\/\/hoyre.no\/content\/uploads\/sites\/311\/2023\/07\/Voss-jordbaerplukking-bilde-fra-Iril-768x432.png 768w, https:\/\/hoyre.no\/content\/uploads\/sites\/311\/2023\/07\/Voss-jordbaerplukking-bilde-fra-Iril-1536x863.png 1536w, https:\/\/hoyre.no\/content\/uploads\/sites\/311\/2023\/07\/Voss-jordbaerplukking-bilde-fra-Iril.png 1836w\" sizes=\"auto, (max-width: 1024px) 100vw, 1024px\" \/>\n\t\t\t<\/div>\n\t\t\t<div class=\"hoyre-media-text__content\">\n\t\t\t\t<div class=\"hoyre-media-text__content-inner\">\n\t\t\t\t\t\n\t\t\t<div class=\"hoyre-media-text__title-container\">\n\t\t\t\t\n\t\t\t\t<h2 class=\"hoyre-media-text__title\">5. Eit variert kulturliv, som kan bidra til glede, samhald og aktivitet<br><\/h2>\n\t\t\t<\/div>\n\t\t\t\n\t\t\t\t\t<div class=\"hoyre-media-text__blocks\"><\/div>\n\t\t\t\t\t\n\t\t\t\t<\/div>\n\t\t\t<\/div>\n\t\t<\/div>\n\t\t\n\n\n\t\t<div class=\"has-pale-blue-background-color is-layout-right alignwide alignwide wp-block-hoyre-media-text\">\n\t\t\t<div class=\"hoyre-media-text__media\">\n\t\t\t\t<img loading=\"lazy\" decoding=\"async\" width=\"768\" height=\"1024\" src=\"https:\/\/hoyre.no\/content\/uploads\/sites\/311\/2023\/07\/Iril-pa\u030a-Voss-768x1024.png\" class=\"hoyre-media-text__media-image\" alt=\"\" style=\"--focal: 100% 17%;\" srcset=\"https:\/\/hoyre.no\/content\/uploads\/sites\/311\/2023\/07\/Iril-pa\u030a-Voss-768x1024.png 768w, https:\/\/hoyre.no\/content\/uploads\/sites\/311\/2023\/07\/Iril-pa\u030a-Voss-225x300.png 225w, https:\/\/hoyre.no\/content\/uploads\/sites\/311\/2023\/07\/Iril-pa\u030a-Voss-1152x1536.png 1152w, https:\/\/hoyre.no\/content\/uploads\/sites\/311\/2023\/07\/Iril-pa\u030a-Voss.png 1536w\" sizes=\"auto, (max-width: 768px) 100vw, 768px\" \/>\n\t\t\t<\/div>\n\t\t\t<div class=\"hoyre-media-text__content\">\n\t\t\t\t<div class=\"hoyre-media-text__content-inner\">\n\t\t\t\t\t\n\t\t\t<div class=\"hoyre-media-text__title-container\">\n\t\t\t\t\n\t\t\t\t<h2 class=\"hoyre-media-text__title\">6. Ta vare p\u00e5 det me har rundt oss<\/h2>\n\t\t\t<\/div>\n\t\t\t\n\t\t\t\t\t<div class=\"hoyre-media-text__blocks\">\n<p>Voss har kulturhistoriske skattar, det beste drikkevatnet i landet og noko\u00a0av den flottaste naturen i verda\u00a0\u2013 det forpliktar.<\/p>\n<\/div>\n\t\t\t\t\t\n\t\t\t\t<\/div>\n\t\t\t<\/div>\n\t\t<\/div>\n\t\t\n\n\n<div class=\"wp-block-hoyre-banner alignwide undefined\"><div class=\"banner-inner\"><figure class=\"hoyre-image-wrapper\"><div class=\"hoyre-image\"><img loading=\"lazy\" decoding=\"async\" width=\"2500\" height=\"1667\" src=\"https:\/\/hoyre.no\/content\/uploads\/sites\/311\/2023\/07\/Voss-landskap-4-bilde-fra-Iril-scaled.jpg\" class=\"attachment-scaled size-scaled\" alt=\"\" style=\"object-position: 50% 50%\" srcset=\"https:\/\/hoyre.no\/content\/uploads\/sites\/311\/2023\/07\/Voss-landskap-4-bilde-fra-Iril-scaled.jpg 2500w, https:\/\/hoyre.no\/content\/uploads\/sites\/311\/2023\/07\/Voss-landskap-4-bilde-fra-Iril-300x200.jpg 300w, https:\/\/hoyre.no\/content\/uploads\/sites\/311\/2023\/07\/Voss-landskap-4-bilde-fra-Iril-1024x683.jpg 1024w, https:\/\/hoyre.no\/content\/uploads\/sites\/311\/2023\/07\/Voss-landskap-4-bilde-fra-Iril-768x512.jpg 768w, https:\/\/hoyre.no\/content\/uploads\/sites\/311\/2023\/07\/Voss-landskap-4-bilde-fra-Iril-1536x1024.jpg 1536w, https:\/\/hoyre.no\/content\/uploads\/sites\/311\/2023\/07\/Voss-landskap-4-bilde-fra-Iril-2048x1365.jpg 2048w\" sizes=\"auto, (max-width: 2500px) 100vw, 2500px\" \/><\/div><\/figure><div class=\"banner-content\"><div class=\"entry-content\">\n<h2 class=\"wp-block-heading\" id=\"h-vil-du-vite-meir\">Vil du vite meir?<\/h2>\n\n\n\n<p>Her kan du lesa heile valprogrammet v\u00e5rt for komande periode \ud83d\udc47<\/p>\n\n\n\n<div class=\"wp-block-buttons is-layout-flex wp-block-buttons-is-layout-flex\">\n<div class=\"wp-block-button\"><a class=\"wp-block-button__link wp-element-button\" href=\"https:\/\/hoyre.no\/voss\/valprogram-2023-2027\/\">trykk her for \u00e5 lesa meir<\/a><\/div>\n<\/div>\n<\/div><\/div><\/div><\/div>\n","protected":false},"excerpt":{"rendered":"","protected":false},"author":29319,"featured_media":0,"parent":0,"menu_order":0,"comment_status":"closed","ping_status":"closed","template":"","meta":{"teft_cards_image_url":"","teft_cards_custom_pretitle":"","teft_cards_image_id":0,"teft_cards_image_focal_point_x":0,"teft_cards_image_focal_point_y":0,"teft_cards_title":"","teft_cards_excerpt":"","teft_show_chapters":false,"footnotes":""},"class_list":["post-85","page","type-page","status-publish","hentry"],"yoast_head":"<!-- This site is optimized with the Yoast SEO plugin v26.6 - https:\/\/yoast.com\/wordpress\/plugins\/seo\/ -->\n<title>7 gode grunnar - Voss H\u00f8gre<\/title>\n<meta name=\"description\" content=\"6 gode grunnar til \u00e5 r\u00f8yste H\u00f8gre om du bur i Voss herad.\" \/>\n<meta name=\"robots\" content=\"index, follow, max-snippet:-1, max-image-preview:large, max-video-preview:-1\" \/>\n<link rel=\"canonical\" href=\"https:\/\/hoyre.no\/voss\/7-gode-grunnar\/\" \/>\n<meta property=\"og:locale\" content=\"nn_NO\" \/>\n<meta property=\"og:type\" content=\"article\" \/>\n<meta property=\"og:title\" content=\"7 gode grunnar - Voss H\u00f8gre\" \/>\n<meta property=\"og:description\" content=\"6 gode grunnar til \u00e5 r\u00f8yste H\u00f8gre om du bur i Voss herad.\" \/>\n<meta property=\"og:url\" content=\"https:\/\/hoyre.no\/voss\/7-gode-grunnar\/\" \/>\n<meta property=\"og:site_name\" content=\"Voss H\u00f8gre\" \/>\n<meta property=\"article:modified_time\" content=\"2025-02-18T15:31:44+00:00\" \/>\n<meta property=\"og:image\" content=\"https:\/\/hoyre.no\/content\/uploads\/sites\/311\/2022\/11\/Hoyres-logo.png\" \/>\n\t<meta property=\"og:image:width\" content=\"1000\" \/>\n\t<meta property=\"og:image:height\" content=\"1000\" \/>\n\t<meta property=\"og:image:type\" content=\"image\/png\" \/>\n<meta name=\"twitter:card\" content=\"summary_large_image\" \/>\n<meta name=\"twitter:label1\" content=\"Est. reading time\" \/>\n\t<meta name=\"twitter:data1\" content=\"1 minutt\" \/>\n<script type=\"application\/ld+json\" class=\"yoast-schema-graph\">{\"@context\":\"https:\/\/schema.org\",\"@graph\":[{\"@type\":\"WebPage\",\"@id\":\"https:\/\/hoyre.no\/voss\/7-gode-grunnar\/\",\"url\":\"https:\/\/hoyre.no\/voss\/7-gode-grunnar\/\",\"name\":\"7 gode grunnar - Voss H\u00f8gre\",\"isPartOf\":{\"@id\":\"https:\/\/hoyre.no\/voss\/#website\"},\"datePublished\":\"2023-08-16T11:26:16+00:00\",\"dateModified\":\"2025-02-18T15:31:44+00:00\",\"description\":\"6 gode grunnar til \u00e5 r\u00f8yste H\u00f8gre om du bur i Voss herad.\",\"breadcrumb\":{\"@id\":\"https:\/\/hoyre.no\/voss\/7-gode-grunnar\/#breadcrumb\"},\"inLanguage\":\"nn-NO\",\"potentialAction\":[{\"@type\":\"ReadAction\",\"target\":[\"https:\/\/hoyre.no\/voss\/7-gode-grunnar\/\"]}]},{\"@type\":\"BreadcrumbList\",\"@id\":\"https:\/\/hoyre.no\/voss\/7-gode-grunnar\/#breadcrumb\",\"itemListElement\":[{\"@type\":\"ListItem\",\"position\":1,\"name\":\"Til hoyre.no\",\"item\":\"https:\/\/hoyre.no\"},{\"@type\":\"ListItem\",\"position\":2,\"name\":\"Hjem\",\"item\":\"https:\/\/hoyre.no\/voss\/\"},{\"@type\":\"ListItem\",\"position\":3,\"name\":\"7 gode grunnar\"}]},{\"@type\":\"WebSite\",\"@id\":\"https:\/\/hoyre.no\/voss\/#website\",\"url\":\"https:\/\/hoyre.no\/voss\/\",\"name\":\"Voss H\u00f8gre\",\"description\":\"Bare enda et H\u00f8yres nettsteder-nettsted\",\"inLanguage\":\"nn-NO\"}]}<\/script>\n<!-- \/ Yoast SEO plugin. -->","yoast_head_json":{"title":"7 gode grunnar - Voss H\u00f8gre","description":"6 gode grunnar til \u00e5 r\u00f8yste H\u00f8gre om du bur i Voss herad.","robots":{"index":"index","follow":"follow","max-snippet":"max-snippet:-1","max-image-preview":"max-image-preview:large","max-video-preview":"max-video-preview:-1"},"canonical":"https:\/\/hoyre.no\/voss\/7-gode-grunnar\/","og_locale":"nn_NO","og_type":"article","og_title":"7 gode grunnar - Voss H\u00f8gre","og_description":"6 gode grunnar til \u00e5 r\u00f8yste H\u00f8gre om du bur i Voss herad.","og_url":"https:\/\/hoyre.no\/voss\/7-gode-grunnar\/","og_site_name":"Voss H\u00f8gre","article_modified_time":"2025-02-18T15:31:44+00:00","og_image":[{"width":1000,"height":1000,"url":"https:\/\/hoyre.no\/content\/uploads\/sites\/311\/2022\/11\/Hoyres-logo.png","type":"image\/png"}],"twitter_card":"summary_large_image","twitter_misc":{"Est. reading time":"1 minutt"},"schema":{"@context":"https:\/\/schema.org","@graph":[{"@type":"WebPage","@id":"https:\/\/hoyre.no\/voss\/7-gode-grunnar\/","url":"https:\/\/hoyre.no\/voss\/7-gode-grunnar\/","name":"7 gode grunnar - Voss H\u00f8gre","isPartOf":{"@id":"https:\/\/hoyre.no\/voss\/#website"},"datePublished":"2023-08-16T11:26:16+00:00","dateModified":"2025-02-18T15:31:44+00:00","description":"6 gode grunnar til \u00e5 r\u00f8yste H\u00f8gre om du bur i Voss herad.","breadcrumb":{"@id":"https:\/\/hoyre.no\/voss\/7-gode-grunnar\/#breadcrumb"},"inLanguage":"nn-NO","potentialAction":[{"@type":"ReadAction","target":["https:\/\/hoyre.no\/voss\/7-gode-grunnar\/"]}]},{"@type":"BreadcrumbList","@id":"https:\/\/hoyre.no\/voss\/7-gode-grunnar\/#breadcrumb","itemListElement":[{"@type":"ListItem","position":1,"name":"Til hoyre.no","item":"https:\/\/hoyre.no"},{"@type":"ListItem","position":2,"name":"Hjem","item":"https:\/\/hoyre.no\/voss\/"},{"@type":"ListItem","position":3,"name":"7 gode grunnar"}]},{"@type":"WebSite","@id":"https:\/\/hoyre.no\/voss\/#website","url":"https:\/\/hoyre.no\/voss\/","name":"Voss H\u00f8gre","description":"Bare enda et H\u00f8yres nettsteder-nettsted","inLanguage":"nn-NO"}]}},"distributor_meta":false,"distributor_terms":false,"distributor_media":false,"distributor_original_site_name":"Voss H\u00f8gre","distributor_original_site_url":"https:\/\/hoyre.no\/voss","push-errors":false,"_links":{"self":[{"href":"https:\/\/hoyre.no\/voss\/wp-json\/wp\/v2\/pages\/85","targetHints":{"allow":["GET"]}}],"collection":[{"href":"https:\/\/hoyre.no\/voss\/wp-json\/wp\/v2\/pages"}],"about":[{"href":"https:\/\/hoyre.no\/voss\/wp-json\/wp\/v2\/types\/page"}],"author":[{"embeddable":true,"href":"https:\/\/hoyre.no\/voss\/wp-json\/wp\/v2\/users\/29319"}],"replies":[{"embeddable":true,"href":"https:\/\/hoyre.no\/voss\/wp-json\/wp\/v2\/comments?post=85"}],"version-history":[{"count":4,"href":"https:\/\/hoyre.no\/voss\/wp-json\/wp\/v2\/pages\/85\/revisions"}],"predecessor-version":[{"id":97,"href":"https:\/\/hoyre.no\/voss\/wp-json\/wp\/v2\/pages\/85\/revisions\/97"}],"wp:attachment":[{"href":"https:\/\/hoyre.no\/voss\/wp-json\/wp\/v2\/media?parent=85"}],"curies":[{"name":"wp","href":"https:\/\/api.w.org\/{rel}","templated":true}]}}